{"id":490,"date":"2014-04-17T21:43:27","date_gmt":"2014-04-17T19:43:27","guid":{"rendered":"http:\/\/www.ana.usn.hu\/hu\/?page_id=490"},"modified":"2025-08-20T22:44:59","modified_gmt":"2025-08-20T20:44:59","slug":"oktatasi-segedanyagok","status":"publish","type":"page","link":"https:\/\/semmelweis.hu\/anatomia\/oktatas\/oktatasi-segedanyagok\/","title":{"rendered":"Oktat\u00e1si seg\u00e9danyagok"},"content":{"rendered":"<p class=\"entry-title\">Let\u00f6lthet\u0151 el\u0151ad\u00e1saink a <a href=\"https:\/\/itc.semmelweis.hu\" target=\"_blank\" rel=\"noopener noreferrer\">Moodle-ban<\/a>,\u00a0illetve a m\u00e9g r\u00e9gebbi el\u0151ad\u00e1sok <a href=\"\/anatomia\/?page_id=799\" target=\"_blank\" rel=\"noopener noreferrer\">a <strong>Tud\u00e1sb\u00e1zis oldalain<\/strong>\u00a0<\/a>\u00a0(megfelel\u0151 bel\u00e9p\u00e9s, illetve jelsz\u00f3 sz\u00fcks\u00e9ges)<\/p>\n<p><strong>Egy\u00e9b seg\u00e9dletek:<\/strong><\/p>\n<ul>\n<li><a href=\"https:\/\/semmelweis.hu\/anatomia\/files\/2017\/09\/a_legfontosabb_anatomiai_fogalmak.pdf\"><strong>A legfontosabb anat\u00f3miai fogalmak<\/strong><\/a> (pdf) (latin-magyar sz\u00f3szedet, Dr. Hajdu)<\/li>\n<li><strong><a href=\"https:\/\/semmelweis.hu\/anatomia\/files\/2017\/09\/hf-mozgasr.pdf\" target=\"_blank\" rel=\"noopener noreferrer\">\u00cdz\u00fcletek \u00e9s a r\u00e1juk hat\u00f3 izmok (pdf)<\/a><\/strong> (Dr. Hajdu)<\/li>\n<li><b style=\"color: #555555\"><a href=\"https:\/\/semmelweis.hu\/anatomia\/files\/2014\/04\/koponya.pdf\" target=\"_blank\" rel=\"noopener noreferrer\">A koponya csatorn\u00e1i<\/a>\u00a0<\/b><span style=\"color: #555555\">(pdf file, 270 kB)<\/span><b style=\"color: #555555\"> <\/b><span style=\"color: #555555\">a ny\u00edl\u00e1sok tartalm\u00e1val, t\u00e1bl\u00e1zatban (dr. Altdorfer K.).<\/span><\/li>\n<li><a href=\"https:\/\/semmelweis.hu\/anatomia\/files\/2019\/08\/A-koponya-csatorn\u00e1i-Dr.-Finta.pdf\">A koponya csatorn\u00e1i (Dr. Finta) (pdf)<\/a><\/li>\n<li>Dr. Hanics: <a href=\"https:\/\/semmelweis.hu\/anatomia\/files\/2016\/08\/hj-dorsregiok.pdf\">Dorsalis regi\u00f3k<\/a> (pdf)<\/li>\n<li>Dr. Hanics: <a href=\"https:\/\/semmelweis.hu\/anatomia\/files\/2023\/04\/hj-agyideg.pdf\" target=\"_blank\" rel=\"noopener\">Az agyidegek kil\u00e9p\u00e9se<\/a> (porus cerebralis, duralis et cranialis)<\/li>\n<li>Dr. Hanics: <a href=\"https:\/\/semmelweis.hu\/anatomia\/files\/2023\/04\/hj-cisterna.pdf\" target=\"_blank\" rel=\"noopener\">Agyi cistern\u00e1k<\/a><\/li>\n<\/ul>\n<ul>\n<li><a href=\"https:\/\/semmelweis.hu\/anatomia\/files\/2019\/01\/np-ventlat.jpg\" target=\"_blank\" rel=\"noopener noreferrer\">Agy: az oldalkamra falai<\/a> (absztrakt \u00e1bra N\u00e9meth P. kor\u00e1bbi demonstr\u00e1tort\u00f3l) &#8211;<span style=\"color: #ff6600\"><strong><a href=\"https:\/\/semmelweis.hu\/anatomia\/files\/2020\/04\/nemethp_oldalkamrafalai.jpg\" target=\"_blank\" rel=\"noopener noreferrer\"> \u00faj v\u00e1ltozat (2020)<\/a><\/strong><\/span><\/li>\n<li><a href=\"https:\/\/semmelweis.hu\/anatomia\/files\/2018\/11\/np-agyidegek.jpg\" target=\"_blank\" rel=\"noopener noreferrer\">Agyidegek \u00e1grendszere<\/a> (Dr. N\u00e9meth P.) &#8211; <a href=\"https:\/\/semmelweis.hu\/anatomia\/files\/2018\/12\/np-agyidegek03.jpg\" target=\"_blank\" rel=\"noopener noreferrer\"><span style=\"color: #ff6600\">\u00faj(rasz\u00ednezett) v\u00e1ltozat<\/span><\/a> (Szab\u00f3 Zsombor \u00c1OK II.)<\/li>\n<li><a href=\"https:\/\/semmelweis.hu\/anatomia\/files\/2018\/10\/ak-agyidegmagok-.pdf\" target=\"_blank\" rel=\"noopener noreferrer\">Agyidegmagok funkcion\u00e1lis csoportos\u00edt\u00e1sa<\/a> (Dr. R\u00e9thelyi, Dr. Altdorfer)<\/li>\n<li><strong><a href=\"https:\/\/semmelweis.hu\/anatomia\/files\/2019\/10\/brainstem-engl.doc\" target=\"_blank\" rel=\"noopener noreferrer\">Agyt\u00f6rzsi keresztmetszetek<\/a><\/strong> (angol feliratok)<\/li>\n<li><a href=\"https:\/\/semmelweis.hu\/anatomia\/2015\/09\/21\/agytorzsi-keresztmetszetek\/\">Agyt\u00f6rzsi keresztmetszetek<\/a><\/li>\n<\/ul>\n<p>&nbsp;<\/p>\n<hr \/>\n<p><!-- r\u00e9gi link: http:\/\/preparatum.sote.hu\/ --><br \/>\n<span style=\"font-size: 8pt\"><a href=\"https:\/\/semmelweis.hu\/wp-content\/blogs.dir\/19\/preparatum\/\" target=\"_blank\" rel=\"noopener noreferrer\"><strong>Prepar\u00e1tumok<\/strong><\/a> (bel\u00e9p\u00e9shez jelsz\u00f3 sz\u00fcks\u00e9ges):<br \/>\n<\/span><span style=\"font-size: 8pt\">Boncmesterek sz\u00e1m\u00e1ra&#8230;\u00a0 A bemutatott k\u00e9sz\u00edtm\u00e9nyek prepar\u00e1torunk, Pankovics Viktor munk\u00e1i.<\/span><\/p>\n<p>&nbsp;<\/p>\n<p>&nbsp;<\/p>\n<div align=\"center\">\u00a0<\/div>\n","protected":false},"excerpt":{"rendered":"<p>Let\u00f6lthet\u0151 el\u0151ad\u00e1saink a <a href=\"https:\/\/itc.semmelweis.hu\" target=\"_blank\" rel=\"noopener noreferrer\">Moodle-ban<\/a> ,\u00a0illetve a m\u00e9g r\u00e9gebbi el\u0151ad\u00e1sok <a href=\"\/anatomia\/?page_id=799\" target=\"_blank\" rel=\"noopener noreferrer\">a Tud\u00e1sb\u00e1zis oldalain\u00a0<\/a> \u00a0(megfelel\u0151 bel\u00e9p\u00e9s, illetve jelsz\u00f3 sz\u00fcks\u00e9ges) Egy\u00e9b seg\u00e9dletek: <a href=\"https:\/\/semmelweis.hu\/anatomia\/files\/2017\/09\/a_legfontosabb_anatomiai_fogalmak.pdf\">A legfontosabb anat\u00f3miai fogalmak<\/a> (pdf) (latin-magyar sz\u00f3szedet, Dr. Hajdu) <a href=\"https:\/\/semmelweis.hu\/anatomia\/files\/2017\/09\/hf-mozgasr.pdf\" target=\"_blank\" rel=\"noopener noreferrer\">\u00cdz\u00fcletek \u00e9s a r\u00e1juk hat\u00f3 izmok (pdf)<\/a> (Dr. Hajdu) <a href=\"https:\/\/semmelweis.hu\/anatomia\/files\/2014\/04\/koponya.pdf\" target=\"_blank\" rel=\"noopener noreferrer\">A koponya csatorn\u00e1i<\/a> \u00a0(pdf file, 270 kB) a ny\u00edl\u00e1sok tartalm\u00e1val, t\u00e1bl\u00e1zatban (dr. Altdorfer K.). <a href=\"https:\/\/semmelweis.hu\/anatomia\/files\/2019\/08\/A-koponya-csatorn\u00e1i-Dr.-Finta.pdf\">A koponya csatorn\u00e1i (Dr. Finta) (pdf)<\/a> Dr. Hanics: <a href=\"https:\/\/semmelweis.hu\/anatomia\/files\/2016\/08\/hj-dorsregiok.pdf\">Dorsalis regi\u00f3k<\/a> (pdf) Dr. Hanics: <a href=\"https:\/\/semmelweis.hu\/anatomia\/files\/2023\/04\/hj-agyideg.pdf\" target=\"_blank\" rel=\"noopener\">Az agyidegek kil\u00e9p\u00e9se<\/a> (porus cerebralis, duralis et cranialis) Dr. Hanics: <a href=\"https:\/\/semmelweis.hu\/anatomia\/files\/2023\/04\/hj-cisterna.pdf\" target=\"_blank\" rel=\"noopener\">Agyi cistern\u00e1k<\/a> <a href=\"https:\/\/semmelweis.hu\/anatomia\/files\/2019\/01\/np-ventlat.jpg\" target=\"_blank\" rel=\"noopener noreferrer\">Agy: az oldalkamra falai<\/a> (absztrakt \u00e1bra N\u00e9meth P. kor\u00e1bbi demonstr\u00e1tort\u00f3l) &#8211; <a href=\"https:\/\/semmelweis.hu\/anatomia\/files\/2020\/04\/nemethp_oldalkamrafalai.jpg\" target=\"_blank\" rel=\"noopener noreferrer\"> \u00faj v\u00e1ltozat (2020)<\/a> <a href=\"https:\/\/semmelweis.hu\/anatomia\/files\/2018\/11\/np-agyidegek.jpg\" target=\"_blank\" rel=\"noopener noreferrer\">Agyidegek \u00e1grendszere<\/a> (Dr. N\u00e9meth P.) &hellip;<\/p>\n","protected":false},"author":12,"featured_media":0,"parent":53,"menu_order":11,"comment_status":"closed","ping_status":"closed","template":"","meta":{"_acf_changed":false,"footnotes":""},"categories":[],"tags":[],"class_list":["post-490","page","type-page","status-publish","hentry"],"acf":[],"_links":{"self":[{"href":"https:\/\/semmelweis.hu\/anatomia\/wp-json\/wp\/v2\/pages\/490","targetHints":{"allow":["GET"]}}],"collection":[{"href":"https:\/\/semmelweis.hu\/anatomia\/wp-json\/wp\/v2\/pages"}],"about":[{"href":"https:\/\/semmelweis.hu\/anatomia\/wp-json\/wp\/v2\/types\/page"}],"author":[{"embeddable":true,"href":"https:\/\/semmelweis.hu\/anatomia\/wp-json\/wp\/v2\/users\/12"}],"replies":[{"embeddable":true,"href":"https:\/\/semmelweis.hu\/anatomia\/wp-json\/wp\/v2\/comments?post=490"}],"version-history":[{"count":12,"href":"https:\/\/semmelweis.hu\/anatomia\/wp-json\/wp\/v2\/pages\/490\/revisions"}],"predecessor-version":[{"id":32614,"href":"https:\/\/semmelweis.hu\/anatomia\/wp-json\/wp\/v2\/pages\/490\/revisions\/32614"}],"up":[{"embeddable":true,"href":"https:\/\/semmelweis.hu\/anatomia\/wp-json\/wp\/v2\/pages\/53"}],"wp:attachment":[{"href":"https:\/\/semmelweis.hu\/anatomia\/wp-json\/wp\/v2\/media?parent=490"}],"wp:term":[{"taxonomy":"category","embeddable":true,"href":"https:\/\/semmelweis.hu\/anatomia\/wp-json\/wp\/v2\/categories?post=490"},{"taxonomy":"post_tag","embeddable":true,"href":"https:\/\/semmelweis.hu\/anatomia\/wp-json\/wp\/v2\/tags?post=490"}],"curies":[{"name":"wp","href":"https:\/\/api.w.org\/{rel}","templated":true}]}}