{"id":3125,"date":"2014-06-09T22:49:48","date_gmt":"2014-06-09T20:49:48","guid":{"rendered":"http:\/\/www.ana.usn.hu\/de\/?page_id=338"},"modified":"2021-01-16T20:39:45","modified_gmt":"2021-01-16T19:39:45","slug":"dissektion-zimmer","status":"publish","type":"page","link":"https:\/\/semmelweis.hu\/anatomia\/de\/unterricht\/dissektion-zimmer\/","title":{"rendered":"Seziersaal"},"content":{"rendered":"<p>Die alten Seziers\u00e4le befinden sich im Erdgeschoss (Garderobe: 1. Stock!):<\/p>\n<p><a href=\"https:\/\/semmelweis.hu\/anatomia\/files\/2014\/06\/fszbonct.jpg\"><img loading=\"lazy\" decoding=\"async\" class=\"aligncenter size-full wp-image-9634\" src=\"https:\/\/semmelweis.hu\/anatomia\/files\/2014\/06\/fszbonct.jpg\" alt=\"fszbonct\" width=\"300\" height=\"200\" \/><\/a><\/p>\n<p>&nbsp;<\/p>\n<p>Die neuen Seziers\u00e4le sind im Dachgeschoss (3. Stock). Garderobe: 3. Stock<\/p>\n[slb_exclude]<div data-carousel-extra='{\"blog_id\":19,\"permalink\":\"https:\\\/\\\/semmelweis.hu\\\/anatomia\\\/de\\\/unterricht\\\/dissektion-zimmer\\\/\"}' class=\"tiled-gallery type-rectangular\" data-original-width=\"753\"><div class=\"gallery-row\" style=\"width: 748px; height: 461px;\"><div class=\"gallery-group images-1\" style=\"width: 446px; height: 465px;\"><div class=\"tiled-gallery-item tiled-gallery-item-large\"><a href=\"https:\/\/semmelweis.hu\/anatomia\/de\/unterricht\/dissektion-zimmer\/olympus-digital-camera-356\/\"><img loading=\"lazy\" decoding=\"async\" data-attachment-id=\"5300\" data-orig-file=\"https:\/\/semmelweis.hu\/anatomia\/files\/2015\/02\/padlas5p92100071.jpg\" data-orig-size=\"850,887\" data-comments-opened=\"1\" data-image-meta=\"{&quot;aperture&quot;:&quot;0&quot;,&quot;credit&quot;:&quot;&quot;,&quot;camera&quot;:&quot;&quot;,&quot;caption&quot;:&quot;&quot;,&quot;created_timestamp&quot;:&quot;0&quot;,&quot;copyright&quot;:&quot;&quot;,&quot;focal_length&quot;:&quot;0&quot;,&quot;iso&quot;:&quot;0&quot;,&quot;shutter_speed&quot;:&quot;0&quot;,&quot;title&quot;:&quot;OLYMPUS DIGITAL CAMERA&quot;,&quot;orientation&quot;:&quot;0&quot;}\" data-image-title=\"OLYMPUS DIGITAL CAMERA\" data-image-description=\"\" data-medium-file=\"https:\/\/semmelweis.hu\/anatomia\/files\/2015\/02\/padlas5p92100071-287x300.jpg\" data-large-file=\"https:\/\/semmelweis.hu\/anatomia\/files\/2015\/02\/padlas5p92100071.jpg\" src=\"https:\/\/semmelweis.hu\/anatomia\/files\/2015\/02\/padlas5p92100071-442x461.jpg\" width=\"442\" height=\"461\" align=\"left\" title=\"\" \/><\/a><\/div><\/div><div class=\"gallery-group images-2\" style=\"width: 302px; height: 465px;\"><div class=\"tiled-gallery-item tiled-gallery-item-large\"><a href=\"https:\/\/semmelweis.hu\/anatomia\/de\/unterricht\/dissektion-zimmer\/olympus-digital-camera-357\/\"><img loading=\"lazy\" decoding=\"async\" data-attachment-id=\"5301\" data-orig-file=\"https:\/\/semmelweis.hu\/anatomia\/files\/2015\/02\/padlas5p92100091.jpg\" data-orig-size=\"850,638\" data-comments-opened=\"1\" data-image-meta=\"{&quot;aperture&quot;:&quot;0&quot;,&quot;credit&quot;:&quot;&quot;,&quot;camera&quot;:&quot;&quot;,&quot;caption&quot;:&quot;&quot;,&quot;created_timestamp&quot;:&quot;0&quot;,&quot;copyright&quot;:&quot;&quot;,&quot;focal_length&quot;:&quot;0&quot;,&quot;iso&quot;:&quot;0&quot;,&quot;shutter_speed&quot;:&quot;0&quot;,&quot;title&quot;:&quot;OLYMPUS DIGITAL CAMERA&quot;,&quot;orientation&quot;:&quot;0&quot;}\" data-image-title=\"OLYMPUS DIGITAL CAMERA\" data-image-description=\"\" data-medium-file=\"https:\/\/semmelweis.hu\/anatomia\/files\/2015\/02\/padlas5p92100091-300x225.jpg\" data-large-file=\"https:\/\/semmelweis.hu\/anatomia\/files\/2015\/02\/padlas5p92100091.jpg\" src=\"https:\/\/semmelweis.hu\/anatomia\/files\/2015\/02\/padlas5p92100091-298x224.jpg\" width=\"298\" height=\"224\" align=\"left\" title=\"\" \/><\/a><\/div><div class=\"tiled-gallery-item tiled-gallery-item-large\"><a href=\"https:\/\/semmelweis.hu\/anatomia\/de\/unterricht\/dissektion-zimmer\/olympus-digital-camera-364\/\"><img loading=\"lazy\" decoding=\"async\" data-attachment-id=\"5308\" data-orig-file=\"https:\/\/semmelweis.hu\/anatomia\/files\/2015\/02\/padlas5p92100341.jpg\" data-orig-size=\"850,665\" data-comments-opened=\"1\" data-image-meta=\"{&quot;aperture&quot;:&quot;0&quot;,&quot;credit&quot;:&quot;&quot;,&quot;camera&quot;:&quot;&quot;,&quot;caption&quot;:&quot;&quot;,&quot;created_timestamp&quot;:&quot;0&quot;,&quot;copyright&quot;:&quot;&quot;,&quot;focal_length&quot;:&quot;0&quot;,&quot;iso&quot;:&quot;0&quot;,&quot;shutter_speed&quot;:&quot;0&quot;,&quot;title&quot;:&quot;OLYMPUS DIGITAL CAMERA&quot;,&quot;orientation&quot;:&quot;0&quot;}\" data-image-title=\"OLYMPUS DIGITAL CAMERA\" data-image-description=\"\" data-medium-file=\"https:\/\/semmelweis.hu\/anatomia\/files\/2015\/02\/padlas5p92100341-300x235.jpg\" data-large-file=\"https:\/\/semmelweis.hu\/anatomia\/files\/2015\/02\/padlas5p92100341.jpg\" src=\"https:\/\/semmelweis.hu\/anatomia\/files\/2015\/02\/padlas5p92100341-298x233.jpg\" width=\"298\" height=\"233\" align=\"left\" title=\"\" \/><\/a><\/div><\/div><\/div><div class=\"gallery-row\" style=\"width: 748px; height: 393px;\"><div class=\"gallery-group images-2\" style=\"width: 263px; height: 397px;\"><div class=\"tiled-gallery-item tiled-gallery-item-large\"><a href=\"https:\/\/semmelweis.hu\/anatomia\/de\/unterricht\/dissektion-zimmer\/olympus-digital-camera-349\/\"><img loading=\"lazy\" decoding=\"async\" data-attachment-id=\"5293\" data-orig-file=\"https:\/\/semmelweis.hu\/anatomia\/files\/2015\/02\/padlas5p91509521.jpg\" data-orig-size=\"850,661\" data-comments-opened=\"1\" data-image-meta=\"{&quot;aperture&quot;:&quot;0&quot;,&quot;credit&quot;:&quot;&quot;,&quot;camera&quot;:&quot;&quot;,&quot;caption&quot;:&quot;&quot;,&quot;created_timestamp&quot;:&quot;0&quot;,&quot;copyright&quot;:&quot;&quot;,&quot;focal_length&quot;:&quot;0&quot;,&quot;iso&quot;:&quot;0&quot;,&quot;shutter_speed&quot;:&quot;0&quot;,&quot;title&quot;:&quot;OLYMPUS DIGITAL CAMERA&quot;,&quot;orientation&quot;:&quot;0&quot;}\" data-image-title=\"OLYMPUS DIGITAL CAMERA\" data-image-description=\"\" data-medium-file=\"https:\/\/semmelweis.hu\/anatomia\/files\/2015\/02\/padlas5p91509521-300x233.jpg\" data-large-file=\"https:\/\/semmelweis.hu\/anatomia\/files\/2015\/02\/padlas5p91509521.jpg\" src=\"https:\/\/semmelweis.hu\/anatomia\/files\/2015\/02\/padlas5p91509521-259x202.jpg\" width=\"259\" height=\"202\" align=\"left\" title=\"\" \/><\/a><\/div><div class=\"tiled-gallery-item tiled-gallery-item-large\"><a href=\"https:\/\/semmelweis.hu\/anatomia\/de\/unterricht\/dissektion-zimmer\/olympus-digital-camera-355\/\"><img loading=\"lazy\" decoding=\"async\" data-attachment-id=\"5299\" data-orig-file=\"https:\/\/semmelweis.hu\/anatomia\/files\/2015\/02\/padlas5p92100051.jpg\" data-orig-size=\"850,615\" data-comments-opened=\"1\" data-image-meta=\"{&quot;aperture&quot;:&quot;0&quot;,&quot;credit&quot;:&quot;&quot;,&quot;camera&quot;:&quot;&quot;,&quot;caption&quot;:&quot;&quot;,&quot;created_timestamp&quot;:&quot;0&quot;,&quot;copyright&quot;:&quot;&quot;,&quot;focal_length&quot;:&quot;0&quot;,&quot;iso&quot;:&quot;0&quot;,&quot;shutter_speed&quot;:&quot;0&quot;,&quot;title&quot;:&quot;OLYMPUS DIGITAL CAMERA&quot;,&quot;orientation&quot;:&quot;0&quot;}\" data-image-title=\"OLYMPUS DIGITAL CAMERA\" data-image-description=\"\" data-medium-file=\"https:\/\/semmelweis.hu\/anatomia\/files\/2015\/02\/padlas5p92100051-300x217.jpg\" data-large-file=\"https:\/\/semmelweis.hu\/anatomia\/files\/2015\/02\/padlas5p92100051.jpg\" src=\"https:\/\/semmelweis.hu\/anatomia\/files\/2015\/02\/padlas5p92100051-259x187.jpg\" width=\"259\" height=\"187\" align=\"left\" title=\"\" \/><\/a><\/div><\/div><div class=\"gallery-group images-1\" style=\"width: 485px; height: 397px;\"><div class=\"tiled-gallery-item tiled-gallery-item-large\"><a href=\"https:\/\/semmelweis.hu\/anatomia\/de\/unterricht\/dissektion-zimmer\/olympus-digital-camera-352\/\"><img loading=\"lazy\" decoding=\"async\" data-attachment-id=\"5296\" data-orig-file=\"https:\/\/semmelweis.hu\/anatomia\/files\/2015\/02\/padlas5p91809941.jpg\" data-orig-size=\"850,695\" data-comments-opened=\"1\" data-image-meta=\"{&quot;aperture&quot;:&quot;0&quot;,&quot;credit&quot;:&quot;&quot;,&quot;camera&quot;:&quot;&quot;,&quot;caption&quot;:&quot;&quot;,&quot;created_timestamp&quot;:&quot;0&quot;,&quot;copyright&quot;:&quot;&quot;,&quot;focal_length&quot;:&quot;0&quot;,&quot;iso&quot;:&quot;0&quot;,&quot;shutter_speed&quot;:&quot;0&quot;,&quot;title&quot;:&quot;OLYMPUS DIGITAL CAMERA&quot;,&quot;orientation&quot;:&quot;0&quot;}\" data-image-title=\"OLYMPUS DIGITAL CAMERA\" data-image-description=\"\" data-medium-file=\"https:\/\/semmelweis.hu\/anatomia\/files\/2015\/02\/padlas5p91809941-300x245.jpg\" data-large-file=\"https:\/\/semmelweis.hu\/anatomia\/files\/2015\/02\/padlas5p91809941.jpg\" src=\"https:\/\/semmelweis.hu\/anatomia\/files\/2015\/02\/padlas5p91809941-481x393.jpg\" width=\"481\" height=\"393\" align=\"left\" title=\"\" \/><\/a><\/div><\/div><\/div><div class=\"gallery-row\" style=\"width: 748px; height: 628px;\"><div class=\"gallery-group images-1\" style=\"width: 493px; height: 632px;\"><div class=\"tiled-gallery-item tiled-gallery-item-large\"><a href=\"https:\/\/semmelweis.hu\/anatomia\/de\/unterricht\/dissektion-zimmer\/olympus-digital-camera-362\/\"><img loading=\"lazy\" decoding=\"async\" data-attachment-id=\"5306\" data-orig-file=\"https:\/\/semmelweis.hu\/anatomia\/files\/2015\/02\/padlas5p92100241.jpg\" data-orig-size=\"850,1091\" data-comments-opened=\"1\" data-image-meta=\"{&quot;aperture&quot;:&quot;0&quot;,&quot;credit&quot;:&quot;&quot;,&quot;camera&quot;:&quot;&quot;,&quot;caption&quot;:&quot;&quot;,&quot;created_timestamp&quot;:&quot;0&quot;,&quot;copyright&quot;:&quot;&quot;,&quot;focal_length&quot;:&quot;0&quot;,&quot;iso&quot;:&quot;0&quot;,&quot;shutter_speed&quot;:&quot;0&quot;,&quot;title&quot;:&quot;OLYMPUS DIGITAL CAMERA&quot;,&quot;orientation&quot;:&quot;0&quot;}\" data-image-title=\"OLYMPUS DIGITAL CAMERA\" data-image-description=\"\" data-medium-file=\"https:\/\/semmelweis.hu\/anatomia\/files\/2015\/02\/padlas5p92100241-234x300.jpg\" data-large-file=\"https:\/\/semmelweis.hu\/anatomia\/files\/2015\/02\/padlas5p92100241-798x1024.jpg\" src=\"https:\/\/semmelweis.hu\/anatomia\/files\/2015\/02\/padlas5p92100241-489x628.jpg\" width=\"489\" height=\"628\" align=\"left\" title=\"\" \/><\/a><\/div><\/div><div class=\"gallery-group images-3\" style=\"width: 255px; height: 632px;\"><div class=\"tiled-gallery-item tiled-gallery-item-large\"><a href=\"https:\/\/semmelweis.hu\/anatomia\/de\/unterricht\/dissektion-zimmer\/olympus-digital-camera-366\/\"><img loading=\"lazy\" decoding=\"async\" data-attachment-id=\"5310\" data-orig-file=\"https:\/\/semmelweis.hu\/anatomia\/files\/2015\/02\/padlas5ujboncterem1.jpg\" data-orig-size=\"850,623\" data-comments-opened=\"1\" data-image-meta=\"{&quot;aperture&quot;:&quot;0&quot;,&quot;credit&quot;:&quot;&quot;,&quot;camera&quot;:&quot;&quot;,&quot;caption&quot;:&quot;&quot;,&quot;created_timestamp&quot;:&quot;0&quot;,&quot;copyright&quot;:&quot;&quot;,&quot;focal_length&quot;:&quot;0&quot;,&quot;iso&quot;:&quot;0&quot;,&quot;shutter_speed&quot;:&quot;0&quot;,&quot;title&quot;:&quot;OLYMPUS DIGITAL CAMERA&quot;,&quot;orientation&quot;:&quot;0&quot;}\" data-image-title=\"OLYMPUS DIGITAL CAMERA\" data-image-description=\"\" data-medium-file=\"https:\/\/semmelweis.hu\/anatomia\/files\/2015\/02\/padlas5ujboncterem1-300x220.jpg\" data-large-file=\"https:\/\/semmelweis.hu\/anatomia\/files\/2015\/02\/padlas5ujboncterem1.jpg\" src=\"https:\/\/semmelweis.hu\/anatomia\/files\/2015\/02\/padlas5ujboncterem1-251x184.jpg\" width=\"251\" height=\"184\" align=\"left\" title=\"\" \/><\/a><\/div><div class=\"tiled-gallery-item tiled-gallery-item-large\"><a href=\"https:\/\/semmelweis.hu\/anatomia\/de\/unterricht\/dissektion-zimmer\/olympus-digital-camera-363\/\"><img loading=\"lazy\" decoding=\"async\" data-attachment-id=\"5307\" data-orig-file=\"https:\/\/semmelweis.hu\/anatomia\/files\/2015\/02\/padlas5p92100321.jpg\" data-orig-size=\"850,690\" data-comments-opened=\"1\" data-image-meta=\"{&quot;aperture&quot;:&quot;0&quot;,&quot;credit&quot;:&quot;&quot;,&quot;camera&quot;:&quot;&quot;,&quot;caption&quot;:&quot;&quot;,&quot;created_timestamp&quot;:&quot;0&quot;,&quot;copyright&quot;:&quot;&quot;,&quot;focal_length&quot;:&quot;0&quot;,&quot;iso&quot;:&quot;0&quot;,&quot;shutter_speed&quot;:&quot;0&quot;,&quot;title&quot;:&quot;OLYMPUS DIGITAL CAMERA&quot;,&quot;orientation&quot;:&quot;0&quot;}\" data-image-title=\"OLYMPUS DIGITAL CAMERA\" data-image-description=\"\" data-medium-file=\"https:\/\/semmelweis.hu\/anatomia\/files\/2015\/02\/padlas5p92100321-300x244.jpg\" data-large-file=\"https:\/\/semmelweis.hu\/anatomia\/files\/2015\/02\/padlas5p92100321.jpg\" src=\"https:\/\/semmelweis.hu\/anatomia\/files\/2015\/02\/padlas5p92100321-251x204.jpg\" width=\"251\" height=\"204\" align=\"left\" title=\"\" \/><\/a><\/div><div class=\"tiled-gallery-item tiled-gallery-item-large\"><a href=\"https:\/\/semmelweis.hu\/anatomia\/de\/unterricht\/dissektion-zimmer\/olympus-digital-camera-358\/\"><img loading=\"lazy\" decoding=\"async\" data-attachment-id=\"5302\" data-orig-file=\"https:\/\/semmelweis.hu\/anatomia\/files\/2015\/02\/padlas5p92100121.jpg\" data-orig-size=\"850,785\" data-comments-opened=\"1\" data-image-meta=\"{&quot;aperture&quot;:&quot;0&quot;,&quot;credit&quot;:&quot;&quot;,&quot;camera&quot;:&quot;&quot;,&quot;caption&quot;:&quot;&quot;,&quot;created_timestamp&quot;:&quot;0&quot;,&quot;copyright&quot;:&quot;&quot;,&quot;focal_length&quot;:&quot;0&quot;,&quot;iso&quot;:&quot;0&quot;,&quot;shutter_speed&quot;:&quot;0&quot;,&quot;title&quot;:&quot;OLYMPUS DIGITAL CAMERA&quot;,&quot;orientation&quot;:&quot;0&quot;}\" data-image-title=\"OLYMPUS DIGITAL CAMERA\" data-image-description=\"\" data-medium-file=\"https:\/\/semmelweis.hu\/anatomia\/files\/2015\/02\/padlas5p92100121-300x277.jpg\" data-large-file=\"https:\/\/semmelweis.hu\/anatomia\/files\/2015\/02\/padlas5p92100121.jpg\" src=\"https:\/\/semmelweis.hu\/anatomia\/files\/2015\/02\/padlas5p92100121-251x232.jpg\" width=\"251\" height=\"232\" align=\"left\" title=\"\" \/><\/a><\/div><\/div><\/div><div class=\"gallery-row\" style=\"width: 748px; height: 301px;\"><div class=\"gallery-group images-1\" style=\"width: 395px; height: 305px;\"><div class=\"tiled-gallery-item tiled-gallery-item-large\"><a href=\"https:\/\/semmelweis.hu\/anatomia\/de\/unterricht\/dissektion-zimmer\/padlas5dsc00176-3\/\"><img loading=\"lazy\" decoding=\"async\" data-attachment-id=\"5289\" data-orig-file=\"https:\/\/semmelweis.hu\/anatomia\/files\/2015\/02\/padlas5dsc001761.jpg\" data-orig-size=\"850,654\" data-comments-opened=\"1\" data-image-meta=\"{&quot;aperture&quot;:&quot;0&quot;,&quot;credit&quot;:&quot;&quot;,&quot;camera&quot;:&quot;&quot;,&quot;caption&quot;:&quot;&quot;,&quot;created_timestamp&quot;:&quot;0&quot;,&quot;copyright&quot;:&quot;&quot;,&quot;focal_length&quot;:&quot;0&quot;,&quot;iso&quot;:&quot;0&quot;,&quot;shutter_speed&quot;:&quot;0&quot;,&quot;title&quot;:&quot;&quot;,&quot;orientation&quot;:&quot;0&quot;}\" data-image-title=\"padlas5dsc00176\" data-image-description=\"\" data-medium-file=\"https:\/\/semmelweis.hu\/anatomia\/files\/2015\/02\/padlas5dsc001761-300x231.jpg\" data-large-file=\"https:\/\/semmelweis.hu\/anatomia\/files\/2015\/02\/padlas5dsc001761.jpg\" src=\"https:\/\/semmelweis.hu\/anatomia\/files\/2015\/02\/padlas5dsc001761-391x301.jpg\" width=\"391\" height=\"301\" align=\"left\" title=\"\" \/><\/a><\/div><\/div><div class=\"gallery-group images-1\" style=\"width: 353px; height: 305px;\"><div class=\"tiled-gallery-item tiled-gallery-item-large\"><a href=\"https:\/\/semmelweis.hu\/anatomia\/de\/unterricht\/dissektion-zimmer\/padlas5dsc00173-3\/\"><img loading=\"lazy\" decoding=\"async\" data-attachment-id=\"5287\" data-orig-file=\"https:\/\/semmelweis.hu\/anatomia\/files\/2015\/02\/padlas5dsc001731.jpg\" data-orig-size=\"850,734\" data-comments-opened=\"1\" data-image-meta=\"{&quot;aperture&quot;:&quot;0&quot;,&quot;credit&quot;:&quot;&quot;,&quot;camera&quot;:&quot;&quot;,&quot;caption&quot;:&quot;&quot;,&quot;created_timestamp&quot;:&quot;0&quot;,&quot;copyright&quot;:&quot;&quot;,&quot;focal_length&quot;:&quot;0&quot;,&quot;iso&quot;:&quot;0&quot;,&quot;shutter_speed&quot;:&quot;0&quot;,&quot;title&quot;:&quot;&quot;,&quot;orientation&quot;:&quot;0&quot;}\" data-image-title=\"padlas5dsc00173\" data-image-description=\"\" data-medium-file=\"https:\/\/semmelweis.hu\/anatomia\/files\/2015\/02\/padlas5dsc001731-300x259.jpg\" data-large-file=\"https:\/\/semmelweis.hu\/anatomia\/files\/2015\/02\/padlas5dsc001731.jpg\" src=\"https:\/\/semmelweis.hu\/anatomia\/files\/2015\/02\/padlas5dsc001731-349x301.jpg\" width=\"349\" height=\"301\" align=\"left\" title=\"\" \/><\/a><\/div><\/div><\/div><div class=\"gallery-row\" style=\"width: 748px; height: 475px;\"><div class=\"gallery-group images-1\" style=\"width: 748px; height: 479px;\"><div class=\"tiled-gallery-item tiled-gallery-item-large\"><a href=\"https:\/\/semmelweis.hu\/anatomia\/de\/unterricht\/dissektion-zimmer\/gyak-2014a\/\"><img loading=\"lazy\" decoding=\"async\" data-attachment-id=\"7009\" data-orig-file=\"https:\/\/semmelweis.hu\/anatomia\/files\/2014\/06\/gyak-2014a.jpg\" data-orig-size=\"822,525\" data-comments-opened=\"0\" data-image-meta=\"{&quot;aperture&quot;:&quot;5.6&quot;,&quot;credit&quot;:&quot;&quot;,&quot;camera&quot;:&quot;Canon EOS 550D&quot;,&quot;caption&quot;:&quot;&quot;,&quot;created_timestamp&quot;:&quot;1417787508&quot;,&quot;copyright&quot;:&quot;&quot;,&quot;focal_length&quot;:&quot;24&quot;,&quot;iso&quot;:&quot;400&quot;,&quot;shutter_speed&quot;:&quot;0.01&quot;,&quot;title&quot;:&quot;&quot;,&quot;orientation&quot;:&quot;1&quot;}\" data-image-title=\"gyak-2014a\" data-image-description=\"\" data-medium-file=\"https:\/\/semmelweis.hu\/anatomia\/files\/2014\/06\/gyak-2014a-300x192.jpg\" data-large-file=\"https:\/\/semmelweis.hu\/anatomia\/files\/2014\/06\/gyak-2014a.jpg\" src=\"https:\/\/semmelweis.hu\/anatomia\/files\/2014\/06\/gyak-2014a-744x475.jpg\" width=\"744\" height=\"475\" align=\"left\" title=\"\" \/><\/a><\/div><\/div><\/div><\/div>[\/slb_exclude]\n<p style=\"text-align: left\" align=\"center\"><strong>Die Garderobenschr\u00e4nke:<\/strong><\/p>\n<figure id=\"attachment_5295\" aria-describedby=\"caption-attachment-5295\" style=\"width: 300px\" class=\"wp-caption aligncenter\"><a href=\"https:\/\/semmelweis.hu\/anatomia\/files\/2015\/02\/padlas5p91809931.jpg\"><img loading=\"lazy\" decoding=\"async\" class=\"wp-image-5295 size-medium\" src=\"https:\/\/semmelweis.hu\/anatomia\/files\/2015\/02\/padlas5p91809931-300x270.jpg\" alt=\"OLYMPUS DIGITAL CAMERA\" width=\"300\" height=\"270\" srcset=\"https:\/\/semmelweis.hu\/anatomia\/files\/2015\/02\/padlas5p91809931-300x270.jpg 300w, https:\/\/semmelweis.hu\/anatomia\/files\/2015\/02\/padlas5p91809931-333x300.jpg 333w, https:\/\/semmelweis.hu\/anatomia\/files\/2015\/02\/padlas5p91809931.jpg 850w\" sizes=\"auto, (max-width: 300px) 100vw, 300px\" \/><\/a><figcaption id=\"caption-attachment-5295\" class=\"wp-caption-text\">Die Garderobenschr\u00e4nke<\/figcaption><\/figure>\n<figure id=\"attachment_8680\" aria-describedby=\"caption-attachment-8680\" style=\"width: 300px\" class=\"wp-caption aligncenter\"><a href=\"https:\/\/semmelweis.hu\/anatomia\/files\/2015\/08\/dsc01101.jpg\"><img loading=\"lazy\" decoding=\"async\" class=\"wp-image-8680 size-medium\" src=\"https:\/\/semmelweis.hu\/anatomia\/files\/2015\/08\/dsc01101-300x225.jpg\" alt=\"dsc01101\" width=\"300\" height=\"225\" srcset=\"https:\/\/semmelweis.hu\/anatomia\/files\/2015\/08\/dsc01101-300x225.jpg 300w, https:\/\/semmelweis.hu\/anatomia\/files\/2015\/08\/dsc01101-400x300.jpg 400w, https:\/\/semmelweis.hu\/anatomia\/files\/2015\/08\/dsc01101.jpg 800w\" sizes=\"auto, (max-width: 300px) 100vw, 300px\" \/><\/a><figcaption id=\"caption-attachment-8680\" class=\"wp-caption-text\">Die Garderobenschr\u00e4nke stehen Ihnen nur in der Praktikumszeit des Pr\u00e4parierkurses zur Verf\u00fcgung. Nach der Unterrichtszeit werden die Vorh\u00e4ngeschl\u00f6sser abges\u00e4gt.<\/figcaption><\/figure>\n","protected":false},"excerpt":{"rendered":"<p>Die alten Seziers\u00e4le befinden sich im Erdgeschoss (Garderobe: 1. Stock!):<br \/>\n<a href=\"https:\/\/semmelweis.hu\/anatomia\/files\/2014\/06\/fszbonct.jpg\"><\/a><br \/>\n&nbsp;<br \/>\nDie neuen Seziers\u00e4le sind im Dachgeschoss (3. Stock). Garderobe: 3. Stock<br \/>\nDie Garderobenschr\u00e4nke:<\/p>\n","protected":false},"author":349,"featured_media":0,"parent":14,"menu_order":6,"comment_status":"closed","ping_status":"closed","template":"","meta":{"_acf_changed":false,"footnotes":""},"categories":[],"tags":[],"class_list":["post-3125","page","type-page","status-publish","hentry"],"acf":[],"_links":{"self":[{"href":"https:\/\/semmelweis.hu\/anatomia\/wp-json\/wp\/v2\/pages\/3125","targetHints":{"allow":["GET"]}}],"collection":[{"href":"https:\/\/semmelweis.hu\/anatomia\/wp-json\/wp\/v2\/pages"}],"about":[{"href":"https:\/\/semmelweis.hu\/anatomia\/wp-json\/wp\/v2\/types\/page"}],"author":[{"embeddable":true,"href":"https:\/\/semmelweis.hu\/anatomia\/wp-json\/wp\/v2\/users\/349"}],"replies":[{"embeddable":true,"href":"https:\/\/semmelweis.hu\/anatomia\/wp-json\/wp\/v2\/comments?post=3125"}],"version-history":[{"count":11,"href":"https:\/\/semmelweis.hu\/anatomia\/wp-json\/wp\/v2\/pages\/3125\/revisions"}],"predecessor-version":[{"id":28164,"href":"https:\/\/semmelweis.hu\/anatomia\/wp-json\/wp\/v2\/pages\/3125\/revisions\/28164"}],"up":[{"embeddable":true,"href":"https:\/\/semmelweis.hu\/anatomia\/wp-json\/wp\/v2\/pages\/14"}],"wp:attachment":[{"href":"https:\/\/semmelweis.hu\/anatomia\/wp-json\/wp\/v2\/media?parent=3125"}],"wp:term":[{"taxonomy":"category","embeddable":true,"href":"https:\/\/semmelweis.hu\/anatomia\/wp-json\/wp\/v2\/categories?post=3125"},{"taxonomy":"post_tag","embeddable":true,"href":"https:\/\/semmelweis.hu\/anatomia\/wp-json\/wp\/v2\/tags?post=3125"}],"curies":[{"name":"wp","href":"https:\/\/api.w.org\/{rel}","templated":true}]}}