{"id":3109,"date":"2014-04-17T11:19:02","date_gmt":"2014-04-17T11:19:02","guid":{"rendered":"http:\/\/www.ana.usn.hu\/de\/?page_id=10"},"modified":"2025-06-03T09:39:13","modified_gmt":"2025-06-03T07:39:13","slug":"anatomisches-museum","status":"publish","type":"page","link":"https:\/\/semmelweis.hu\/anatomia\/de\/anatomisches-museum\/","title":{"rendered":"Anatomisches Museum"},"content":{"rendered":"<table style=\"width: 100%;border-collapse: collapse;border-style: solid;border-color: #a10e0e;background-color: #cf4e4e\">\n<tbody>\n<tr>\n<td style=\"width: 100%;text-align: center\">Das Anatomische Museum ist im Jahr 2025 wegen Renovierung geschlossen.<\/td>\n<\/tr>\n<\/tbody>\n<\/table>\n<p>&nbsp;<\/p>\n<p style=\"text-align: center\"><strong><span style=\"color: #ff0000\">Information f\u00fcr Studenten<\/span><\/strong><\/p>\n<p style=\"text-align: center\"><strong><span style=\"color: #ff0000\">Information f\u00fcr andere\u00a0G\u00e4ste<\/span><\/strong><\/p>\n<hr \/>\n<p>Das Anatomische Museum ist die eigene Pr\u00e4paratensammlung des Anatomischen, Histologischen und Embryologischen Institutes, welches sich in dem 1896-98. erbauten Geb\u00e4ude befindet. Das Museum wird regelm\u00e4\u00dfig sowohl von den Studenten der Uni, als auch von fremden Besuchern aufgesucht. Die Ausstellung besteht u.a. aus Pr\u00e4paraten, welche l\u00e4ngere Zeit vor der Geburt des Geb\u00e4udes entstanden sind, so zum Bespiel die Venenpr\u00e4parate von J\u00f3zsef Lenhoss\u00e9k, zahlreiche Missgeburten oder eben einige Exemplare unserer Sch\u00e4delsammlung. Jahrzehnte lang waren hier der Sch\u00e4del des gef\u00fcrchteten Strauchdiebes S\u00e1ndor R\u00f3zsa, sowie das au\u00dferordentlich detaillierte Wachsmodell \u00fcber das lymphatische System eines weiblichen K\u00f6rpers, welches das Geschenk von Josef II. war, aufbewahrt. Die letzteren Kunstwerke sind auch heutzutage als Sammlungsst\u00fccke anderer Museen in Budapest sichtbar.<\/p>\n<p>\u201cWissenschaftshistorische Seltenheiten sind die Pr\u00e4parate \u00fcber die Venengeflechte des Beckens von J\u00f3zsef Lenhoss\u00e9k, sowie das Pr\u00e4parat des Zentralnervensystems von Le\u00f3 Davida. Weitgehend geh\u00f6ren schon die Herzkorrosionspr\u00e4parate auch von unserem ehemaligen Kollegen, Ferenc K\u00e1d\u00e1r zur Geschichte des Institutes.\u201d (Beschreibung von Dr. Ferenc Hajdu aus dem zentenarischen Jahrbuches des Anatomischen Geb\u00e4udes)<\/p>\n<hr \/>\n<p style=\"text-align: center\"><span style=\"font-family: Verdana;font-size: small\">Das 100 Jahre alte Museum unseres Institutes ist ein ausgesprochenes <strong>Lernmuseum<\/strong>: unsere Studenten k\u00f6nnen Pr\u00e4parate (Knochen, Organpr\u00e4parate) da studieren und sich auf ihre Pr\u00fcfungen vorbereiten.<\/span><\/p>\n<p>&nbsp;<\/p>\n<figure id=\"attachment_9429\" aria-describedby=\"caption-attachment-9429\" style=\"width: 529px\" class=\"wp-caption aligncenter\"><a href=\"https:\/\/semmelweis.hu\/anatomia\/files\/2014\/04\/K\u00e9p-013.jpg\"><img loading=\"lazy\" decoding=\"async\" class=\"wp-image-9429\" src=\"https:\/\/semmelweis.hu\/anatomia\/files\/2014\/04\/K\u00e9p-013-1024x698.jpg\" alt=\"Knochenlehre im Museum\" width=\"529\" height=\"361\" srcset=\"https:\/\/semmelweis.hu\/anatomia\/files\/2014\/04\/K\u00e9p-013.jpg 1024w, https:\/\/semmelweis.hu\/anatomia\/files\/2014\/04\/K\u00e9p-013-300x204.jpg 300w, https:\/\/semmelweis.hu\/anatomia\/files\/2014\/04\/K\u00e9p-013-440x300.jpg 440w, https:\/\/semmelweis.hu\/anatomia\/files\/2014\/04\/K\u00e9p-013-175x120.jpg 175w\" sizes=\"auto, (max-width: 529px) 100vw, 529px\" \/><\/a><figcaption id=\"caption-attachment-9429\" class=\"wp-caption-text\">Knochenlehre im Museum<\/figcaption><\/figure>\n<hr \/>\n<p>&nbsp;<\/p>\n","protected":false},"excerpt":{"rendered":"<p>Das Anatomische Museum ist im Jahr 2025 wegen Renovierung geschlossen. &nbsp; Information f\u00fcr Studenten Information f\u00fcr andere\u00a0G\u00e4ste Das Anatomische Museum ist die eigene Pr\u00e4paratensammlung des Anatomischen, Histologischen und Embryologischen Institutes, welches sich in dem 1896-98. erbauten Geb\u00e4ude befindet. Das Museum wird regelm\u00e4\u00dfig sowohl von den Studenten der Uni, als auch von fremden Besuchern aufgesucht. Die &hellip;<\/p>\n","protected":false},"author":349,"featured_media":812,"parent":0,"menu_order":16,"comment_status":"closed","ping_status":"closed","template":"","meta":{"_acf_changed":false,"footnotes":""},"categories":[],"tags":[],"class_list":["post-3109","page","type-page","status-publish","has-post-thumbnail","hentry"],"acf":[],"_links":{"self":[{"href":"https:\/\/semmelweis.hu\/anatomia\/wp-json\/wp\/v2\/pages\/3109","targetHints":{"allow":["GET"]}}],"collection":[{"href":"https:\/\/semmelweis.hu\/anatomia\/wp-json\/wp\/v2\/pages"}],"about":[{"href":"https:\/\/semmelweis.hu\/anatomia\/wp-json\/wp\/v2\/types\/page"}],"author":[{"embeddable":true,"href":"https:\/\/semmelweis.hu\/anatomia\/wp-json\/wp\/v2\/users\/349"}],"replies":[{"embeddable":true,"href":"https:\/\/semmelweis.hu\/anatomia\/wp-json\/wp\/v2\/comments?post=3109"}],"version-history":[{"count":11,"href":"https:\/\/semmelweis.hu\/anatomia\/wp-json\/wp\/v2\/pages\/3109\/revisions"}],"predecessor-version":[{"id":32813,"href":"https:\/\/semmelweis.hu\/anatomia\/wp-json\/wp\/v2\/pages\/3109\/revisions\/32813"}],"wp:featuredmedia":[{"embeddable":true,"href":"https:\/\/semmelweis.hu\/anatomia\/wp-json\/wp\/v2\/media\/812"}],"wp:attachment":[{"href":"https:\/\/semmelweis.hu\/anatomia\/wp-json\/wp\/v2\/media?parent=3109"}],"wp:term":[{"taxonomy":"category","embeddable":true,"href":"https:\/\/semmelweis.hu\/anatomia\/wp-json\/wp\/v2\/categories?post=3109"},{"taxonomy":"post_tag","embeddable":true,"href":"https:\/\/semmelweis.hu\/anatomia\/wp-json\/wp\/v2\/tags?post=3109"}],"curies":[{"name":"wp","href":"https:\/\/api.w.org\/{rel}","templated":true}]}}