{"id":2633,"date":"2014-11-25T12:05:47","date_gmt":"2014-11-25T10:05:47","guid":{"rendered":"http:\/\/www.ana.usn.hu\/hu\/?page_id=2633"},"modified":"2021-02-09T18:20:15","modified_gmt":"2021-02-09T17:20:15","slug":"dr-szekely-andrea-dorottya","status":"publish","type":"page","link":"https:\/\/semmelweis.hu\/anatomia\/szemelyes-oldalak-personal-pages\/dr-szekely-andrea-dorottya\/","title":{"rendered":"Sz\u00e9kely Andrea Dorottya Dr."},"content":{"rendered":"<p>Dr. Sz\u00e9kely Andrea Dorottya<\/p>\n<p>habilit\u00e1lt egyetemi docens<a href=\"https:\/\/semmelweis.hu\/anatomia\/files\/2014\/11\/szekelyandrea.jpg\"><img loading=\"lazy\" decoding=\"async\" class=\"wp-image-9621 size-medium alignright\" src=\"https:\/\/semmelweis.hu\/anatomia\/files\/2014\/11\/szekelyandrea-200x300.jpg\" alt=\"szekelyandrea\" width=\"200\" height=\"300\" srcset=\"https:\/\/semmelweis.hu\/anatomia\/files\/2014\/11\/szekelyandrea-200x300.jpg 200w, https:\/\/semmelweis.hu\/anatomia\/files\/2014\/11\/szekelyandrea.jpg 639w\" sizes=\"auto, (max-width: 200px) 100vw, 200px\" \/><\/a><\/p>\n<p>angol tanulm\u00e1nyi felel\u0151s<\/p>\n<p>tel.: +361 4591000 (mell\u00e9k: 53601)<\/p>\n<p>e-mail: <a href=\"mailto:szekely.andrea@med-semmelweis-univ.hu\">szekely.andrea@med-semmelweis-univ.hu<\/a><\/p>\n<p>&nbsp;<\/p>\n<div id=\"__if72ru4sdfsdfrkjahiuyi_once\"><\/div>\n<p>&nbsp;<\/p>\n<div class=\"responsive-tabs\">\n<h2 class=\"tabtitle\">HUNGARIAN<\/h2>\n<div class=\"tabcontent\">\n\n<p><strong>\u00d6sszehasonl\u00edt\u00f3 Neurohisztol\u00f3giai \u00e9s Neurocitok\u00e9miai Laborat\u00f3rium<\/strong><\/p>\n<p>&nbsp;<\/p>\n<p><strong>Oktat\u00f3i tev\u00e9kenys\u00e9g <\/strong><\/p>\n<p>Rendszeresen tartok tantermi el\u0151ad\u00e1sokat, valamint bonctermi \u00e9s sz\u00f6vettani gyakorlatokat orvos- \u00e9s fogorvostanhallgat\u00f3k sz\u00e1m\u00e1ra magyar, n\u00e9met \u00e9s angol nyelven.<\/p>\n<ol start=\"2010\">\n<li>\u00f3ta az angol \u00e9vfolyamok tanulm\u00e1nyi felel\u0151se vagyok, 2014. \u00f3ta a K\u00fclf\u00f6ldi Hallgat\u00f3k Titk\u00e1rs\u00e1g\u00e1n az angol nyelv\u0171 k\u00e9pz\u00e9s\u00e9rt felel\u0151s programbizotts\u00e1g tagja vagyok. <a href=\"https:\/\/semmelweis.hu\/english\/education\/english-language-program\/leaders-of-the-english-language-program\/\">https:\/\/semmelweis.hu\/english\/education\/english-language-program\/leaders-of-the-english-language-program\/<\/a><\/li>\n<\/ol>\n<p>&nbsp;<\/p>\n<p><strong>2016<\/strong>\u00a0\u00a0\u00a0\u00a0\u00a0\u00a0\u00a0\u00a0\u00a0\u00a0\u00a0\u00a0\u00a0\u00a0\u00a0 <strong>Egyetemi habilit\u00e1ci\u00f3<\/strong> (Szent Istv\u00e1n Egyetem)<\/p>\n<p><strong>2014<\/strong>\u00a0\u00a0\u00a0\u00a0\u00a0\u00a0\u00a0\u00a0\u00a0\u00a0\u00a0\u00a0\u00a0\u00a0\u00a0 Angol Nyelv\u0171 K\u00e9pz\u00e9s (SE KHT),\u00a0 Programbizotts\u00e1g tagja<\/p>\n<p><strong>2013<\/strong>\u00a0\u00a0\u00a0\u00a0\u00a0\u00a0\u00a0\u00a0\u00a0\u00a0\u00a0\u00a0\u00a0\u00a0\u00a0 <strong>Visiting Professor<\/strong>, Department of Anatomy, American University of the Caribbean, Saint Martin<\/p>\n<p><strong>2012<\/strong>\u00a0\u00a0\u00a0\u00a0\u00a0\u00a0\u00a0\u00a0\u00a0\u00a0\u00a0\u00a0\u00a0\u00a0\u00a0 <strong>Visiting Professor<\/strong>, Department of Anatomy and Cell Biology, University of Western Ontario, London, ON, Canada<\/p>\n<p><strong>2010<\/strong>\u00a0\u00a0\u00a0\u00a0\u00a0\u00a0\u00a0\u00a0\u00a0\u00a0\u00a0\u00a0\u00a0\u00a0\u00a0 <strong>Vend\u00e9gkutat\u00f3<\/strong>, University of London (Kingston), School of Life Sciences, London, UK<\/p>\n<p><strong>2010 \u00f3ta<\/strong>\u00a0\u00a0\u00a0\u00a0\u00a0\u00a0\u00a0\u00a0 Angol nyelv\u0171 kurzusok tanulm\u00e1nyi felel\u0151se,<\/p>\n<p><strong>2007 \u00f3ta\u00a0\u00a0\u00a0\u00a0\u00a0\u00a0\u00a0\u00a0 Egyetemi docens<\/strong> a Semmelweis Egyetem Anat\u00f3miai Int\u00e9zet\u00e9ben. <a href=\"https:\/\/semmelweis.hu\/anatomia\/2007\/07\/30\/dr-szekely-andrea-dorottya-kinevezese\/\">https:\/\/semmelweis.hu\/anatomia\/2007\/07\/30\/dr-szekely-andrea-dorottya-kinevezese\/<\/a><\/p>\n<p><strong>1999 -2007<\/strong>\u00a0\u00a0\u00a0\u00a0 <strong>Egyetemi adjunktus<\/strong> a Semmelweis Egyetem Anat\u00f3miai Int\u00e9zet\u00e9ben.<\/p>\n<p><strong>1998\u00a0\u00a0\u00a0 <\/strong>\u00a0\u00a0\u00a0\u00a0\u00a0\u00a0\u00a0\u00a0\u00a0\u00a0\u00a0 &#8222;Fogorvosi Anat\u00f3mia&#8221; speci\u00e1lkoll\u00e9gium egyik szervez\u0151je.<\/p>\n<p><strong>1994 \u00f3ta<\/strong>\u00a0\u00a0\u00a0\u00a0\u00a0\u00a0\u00a0\u00a0 Az ELTE \u00d6sszehasonl\u00edt\u00f3 \u00c1llattani Int\u00e9zet\u00e9ben meghirdetett neurobiol\u00f3giai speci\u00e1l koll\u00e9giumon\/PhD-kurzuson megh\u00edvott el\u0151ad\u00f3<\/p>\n<p><strong>1992-1994<\/strong>\u00a0\u00a0\u00a0\u00a0\u00a0 Royal Society Post-Doctoral Research Fellowship<\/p>\n<p>Oxfordi Egyetem, Zool\u00f3giai \u00e9s Gy\u00f3gyszertani Tansz\u00e9kek<\/p>\n<p><strong>1992-1999<\/strong>\u00a0\u00a0\u00a0\u00a0\u00a0 <strong>Egyetemi tan\u00e1rseg\u00e9d<\/strong> a SOTE I. sz. Anat\u00f3miai Int\u00e9zet\u00e9ben.<\/p>\n<p><strong>1987-1992<\/strong>\u00a0\u00a0\u00a0\u00a0\u00a0 <strong>Egyetemi orvosgyakornok<\/strong> a SOTE I. sz. Anat\u00f3miai Int\u00e9zet\u00e9ben<\/p>\n<p>&nbsp;<\/p>\n<p>&nbsp;<\/p>\n\n<\/div><h2 class=\"tabtitle\">ENGLISH<\/h2>\n<div class=\"tabcontent\">\n\n<p>&nbsp;<\/p>\n<p><a href=\"https:\/\/semmelweis.hu\/anatomia\/files\/2018\/10\/angol-hallgat\u00f3kkal.jpg\"><img loading=\"lazy\" decoding=\"async\" class=\"aligncenter wp-image-20270 size-full\" src=\"https:\/\/semmelweis.hu\/anatomia\/files\/2018\/10\/angol-hallgat\u00f3kkal.jpg\" alt=\"\" width=\"960\" height=\"665\" srcset=\"https:\/\/semmelweis.hu\/anatomia\/files\/2018\/10\/angol-hallgat\u00f3kkal.jpg 960w, https:\/\/semmelweis.hu\/anatomia\/files\/2018\/10\/angol-hallgat\u00f3kkal-300x208.jpg 300w, https:\/\/semmelweis.hu\/anatomia\/files\/2018\/10\/angol-hallgat\u00f3kkal-768x532.jpg 768w, https:\/\/semmelweis.hu\/anatomia\/files\/2018\/10\/angol-hallgat\u00f3kkal-433x300.jpg 433w, https:\/\/semmelweis.hu\/anatomia\/files\/2018\/10\/angol-hallgat\u00f3kkal-175x120.jpg 175w\" sizes=\"auto, (max-width: 960px) 100vw, 960px\" \/><\/a><\/p>\n<p>&nbsp;<\/p>\n\n<\/div><h2 class=\"tabtitle\">PUBLICATIONS<\/h2>\n<div class=\"tabcontent\">\n\n<p><a href=\"https:\/\/vm.mtmt.hu\/\/search\/slist.php?nwi=1&amp;inited=1&amp;ty_on=1&amp;url_on=1&amp;cite_type=2&amp;orderby=3D1a&amp;location=mtmt&amp;stn=1&amp;AuthorID=10011917\"><strong>K\u00f6zlem\u00e9nyek (MTMT)<\/strong><\/a><\/p>\n<p><a href=\"https:\/\/vm.mtmt.hu\/search\/tmtosztaly.php?lang=0&amp;vanlink=1&amp;ponton=&amp;AuthorID=10011917&amp;pub=1\">Scientometriai adatok 1<\/a><\/p>\n<p><a href=\"https:\/\/vm.mtmt.hu\/search\/tmtosztaly.php?lang=0&amp;vanlink=1&amp;ponton=&amp;AuthorID=10011917&amp;oszt=08&amp;pub=1\">Scientometriai adatok 2<\/a><\/p>\n<p><a href=\"https:\/\/semmelweis.hu\/anatomia\/files\/2018\/10\/Dr-Sz\u00e9kely-Andrea-Dorottya-magyar-CV.pdf\" target=\"_blank\" rel=\"noopener noreferrer\"><strong>Tudom\u00e1nyos \u00f6n\u00e9letrajz<\/strong><\/a><\/p>\n<p><a href=\"https:\/\/semmelweis.hu\/anatomia\/files\/2018\/10\/t\u00e9zisf\u00fczet-habil-Sz\u00e9kely-Andrea.pdf\" target=\"_blank\" rel=\"noopener noreferrer\">Habilit\u00e1ci\u00f3s t\u00e9zisf\u00fczet<\/a><\/p>\n<p>&nbsp;<\/p>\n<p>&nbsp;<\/p>\n<\/div><\/div>\n","protected":false},"excerpt":{"rendered":"<p>Dr. Sz\u00e9kely Andrea Dorottya habilit\u00e1lt egyetemi docens <a href=\"https:\/\/semmelweis.hu\/anatomia\/files\/2014\/11\/szekelyandrea.jpg\"><\/a> angol tanulm\u00e1nyi felel\u0151s tel.: +361 4591000 (mell\u00e9k: 53601) e-mail: <a href=\"mailto:szekely.andrea@med-semmelweis-univ.hu\">szekely.andrea@med-semmelweis-univ.hu<\/a> &nbsp; &nbsp; \u00d6sszehasonl\u00edt\u00f3 Neurohisztol\u00f3giai \u00e9s Neurocitok\u00e9miai Laborat\u00f3rium &nbsp; Oktat\u00f3i tev\u00e9kenys\u00e9g Rendszeresen tartok tantermi el\u0151ad\u00e1sokat, valamint bonctermi \u00e9s sz\u00f6vettani gyakorlatokat orvos- \u00e9s fogorvostanhallgat\u00f3k sz\u00e1m\u00e1ra magyar, n\u00e9met \u00e9s angol nyelven. \u00f3ta az angol \u00e9vfolyamok tanulm\u00e1nyi felel\u0151se vagyok, 2014. \u00f3ta a K\u00fclf\u00f6ldi &hellip;<\/p>\n","protected":false},"author":349,"featured_media":0,"parent":19145,"menu_order":0,"comment_status":"closed","ping_status":"closed","template":"","meta":{"_acf_changed":false,"footnotes":""},"categories":[],"tags":[],"class_list":["post-2633","page","type-page","status-publish","hentry"],"acf":[],"_links":{"self":[{"href":"https:\/\/semmelweis.hu\/anatomia\/wp-json\/wp\/v2\/pages\/2633","targetHints":{"allow":["GET"]}}],"collection":[{"href":"https:\/\/semmelweis.hu\/anatomia\/wp-json\/wp\/v2\/pages"}],"about":[{"href":"https:\/\/semmelweis.hu\/anatomia\/wp-json\/wp\/v2\/types\/page"}],"author":[{"embeddable":true,"href":"https:\/\/semmelweis.hu\/anatomia\/wp-json\/wp\/v2\/users\/349"}],"replies":[{"embeddable":true,"href":"https:\/\/semmelweis.hu\/anatomia\/wp-json\/wp\/v2\/comments?post=2633"}],"version-history":[{"count":11,"href":"https:\/\/semmelweis.hu\/anatomia\/wp-json\/wp\/v2\/pages\/2633\/revisions"}],"predecessor-version":[{"id":28325,"href":"https:\/\/semmelweis.hu\/anatomia\/wp-json\/wp\/v2\/pages\/2633\/revisions\/28325"}],"up":[{"embeddable":true,"href":"https:\/\/semmelweis.hu\/anatomia\/wp-json\/wp\/v2\/pages\/19145"}],"wp:attachment":[{"href":"https:\/\/semmelweis.hu\/anatomia\/wp-json\/wp\/v2\/media?parent=2633"}],"wp:term":[{"taxonomy":"category","embeddable":true,"href":"https:\/\/semmelweis.hu\/anatomia\/wp-json\/wp\/v2\/categories?post=2633"},{"taxonomy":"post_tag","embeddable":true,"href":"https:\/\/semmelweis.hu\/anatomia\/wp-json\/wp\/v2\/tags?post=2633"}],"curies":[{"name":"wp","href":"https:\/\/api.w.org\/{rel}","templated":true}]}}

Székely Andrea Dorottya Dr.

<p>Dr. Székely Andrea Dorottya</p>
<p>habilitált egyetemi docens<a href="https://semmelweis.hu/anatomia/files/2014/11/szekelyandrea.jpg"><img loading="lazy" decoding="async" class="wp-image-9621 size-medium alignright" src="https://semmelweis.hu/anatomia/files/2014/11/szekelyandrea-200x300.jpg" alt="szekelyandrea" width="200" height="300" srcset="https://semmelweis.hu/anatomia/files/2014/11/szekelyandrea-200x300.jpg 200w, https://semmelweis.hu/anatomia/files/2014/11/szekelyandrea.jpg 639w" sizes="auto, (max-width: 200px) 100vw, 200px" /></a></p>
<p>angol tanulmányi felelős</p>
<p>tel.: +361 4591000 (mellék: 53601)</p>
<p>e-mail: <a href="mailto:szekely.andrea@med-semmelweis-univ.hu">szekely.andrea@med-semmelweis-univ.hu</a></p>
<p>&nbsp;</p>
<div id="__if72ru4sdfsdfrkjahiuyi_once"></div>
<p>&nbsp;</p>
<div class="responsive-tabs">
<h2 class="tabtitle">HUNGARIAN</h2>
<div class="tabcontent">

<p><strong>Összehasonlító Neurohisztológiai és Neurocitokémiai Laboratórium</strong></p>
<p>&nbsp;</p>
<p><strong>Oktatói tevékenység </strong></p>
<p>Rendszeresen tartok tantermi előadásokat, valamint bonctermi és szövettani gyakorlatokat orvos- és fogorvostanhallgatók számára magyar, német és angol nyelven.</p>
<ol start="2010">
<li>óta az angol évfolyamok tanulmányi felelőse vagyok, 2014. óta a Külföldi Hallgatók Titkárságán az angol nyelvű képzésért felelős programbizottság tagja vagyok. <a href="https://semmelweis.hu/english/education/english-language-program/leaders-of-the-english-language-program/">https://semmelweis.hu/english/education/english-language-program/leaders-of-the-english-language-program/</a></li>
</ol>
<p>&nbsp;</p>
<p><strong>2016</strong>                <strong>Egyetemi habilitáció</strong> (Szent István Egyetem)</p>
<p><strong>2014</strong>                Angol Nyelvű Képzés (SE KHT),  Programbizottság tagja</p>
<p><strong>2013</strong>                <strong>Visiting Professor</strong>, Department of Anatomy, American University of the Caribbean, Saint Martin</p>
<p><strong>2012</strong>                <strong>Visiting Professor</strong>, Department of Anatomy and Cell Biology, University of Western Ontario, London, ON, Canada</p>
<p><strong>2010</strong>                <strong>Vendégkutató</strong>, University of London (Kingston), School of Life Sciences, London, UK</p>
<p><strong>2010 óta</strong>         Angol nyelvű kurzusok tanulmányi felelőse,</p>
<p><strong>2007 óta         Egyetemi docens</strong> a Semmelweis Egyetem Anatómiai Intézetében. <a href="https://semmelweis.hu/anatomia/2007/07/30/dr-szekely-andrea-dorottya-kinevezese/">https://semmelweis.hu/anatomia/2007/07/30/dr-szekely-andrea-dorottya-kinevezese/</a></p>
<p><strong>1999 -2007</strong>     <strong>Egyetemi adjunktus</strong> a Semmelweis Egyetem Anatómiai Intézetében.</p>
<p><strong>1998    </strong>            &#8222;Fogorvosi Anatómia&#8221; speciálkollégium egyik szervezője.</p>
<p><strong>1994 óta</strong>         Az ELTE Összehasonlító Állattani Intézetében meghirdetett neurobiológiai speciál kollégiumon/PhD-kurzuson meghívott előadó</p>
<p><strong>1992-1994</strong>      Royal Society Post-Doctoral Research Fellowship</p>
<p>Oxfordi Egyetem, Zoológiai és Gyógyszertani Tanszékek</p>
<p><strong>1992-1999</strong>      <strong>Egyetemi tanársegéd</strong> a SOTE I. sz. Anatómiai Intézetében.</p>
<p><strong>1987-1992</strong>      <strong>Egyetemi orvosgyakornok</strong> a SOTE I. sz. Anatómiai Intézetében</p>
<p>&nbsp;</p>
<p>&nbsp;</p>

</div><h2 class="tabtitle">ENGLISH</h2>
<div class="tabcontent">

<p>&nbsp;</p>
<p><a href="https://semmelweis.hu/anatomia/files/2018/10/angol-hallgatókkal.jpg"><img loading="lazy" decoding="async" class="aligncenter wp-image-20270 size-full" src="https://semmelweis.hu/anatomia/files/2018/10/angol-hallgatókkal.jpg" alt="" width="960" height="665" srcset="https://semmelweis.hu/anatomia/files/2018/10/angol-hallgatókkal.jpg 960w, https://semmelweis.hu/anatomia/files/2018/10/angol-hallgatókkal-300x208.jpg 300w, https://semmelweis.hu/anatomia/files/2018/10/angol-hallgatókkal-768x532.jpg 768w, https://semmelweis.hu/anatomia/files/2018/10/angol-hallgatókkal-433x300.jpg 433w, https://semmelweis.hu/anatomia/files/2018/10/angol-hallgatókkal-175x120.jpg 175w" sizes="auto, (max-width: 960px) 100vw, 960px" /></a></p>
<p>&nbsp;</p>

</div><h2 class="tabtitle">PUBLICATIONS</h2>
<div class="tabcontent">

<p><a href="https://vm.mtmt.hu//search/slist.php?nwi=1&amp;inited=1&amp;ty_on=1&amp;url_on=1&amp;cite_type=2&amp;orderby=3D1a&amp;location=mtmt&amp;stn=1&amp;AuthorID=10011917"><strong>Közlemények (MTMT)</strong></a></p>
<p><a href="https://vm.mtmt.hu/search/tmtosztaly.php?lang=0&amp;vanlink=1&amp;ponton=&amp;AuthorID=10011917&amp;pub=1">Scientometriai adatok 1</a></p>
<p><a href="https://vm.mtmt.hu/search/tmtosztaly.php?lang=0&amp;vanlink=1&amp;ponton=&amp;AuthorID=10011917&amp;oszt=08&amp;pub=1">Scientometriai adatok 2</a></p>
<p><a href="https://semmelweis.hu/anatomia/files/2018/10/Dr-Székely-Andrea-Dorottya-magyar-CV.pdf" target="_blank" rel="noopener noreferrer"><strong>Tudományos önéletrajz</strong></a></p>
<p><a href="https://semmelweis.hu/anatomia/files/2018/10/tézisfüzet-habil-Székely-Andrea.pdf" target="_blank" rel="noopener noreferrer">Habilitációs tézisfüzet</a></p>
<p>&nbsp;</p>
<p>&nbsp;</p>
</div></div>

<p>Dr. Székely Andrea Dorottya habilitált egyetemi docens <a href="https://semmelweis.hu/anatomia/files/2014/11/szekelyandrea.jpg"></a> angol tanulmányi felelős tel.: +361 4591000 (mellék: 53601) e-mail: <a href="mailto:szekely.andrea@med-semmelweis-univ.hu">szekely.andrea@med-semmelweis-univ.hu</a> &nbsp; &nbsp; Összehasonlító Neurohisztológiai és Neurocitokémiai Laboratórium &nbsp; Oktatói tevékenység Rendszeresen tartok tantermi előadásokat, valamint bonctermi és szövettani gyakorlatokat orvos- és fogorvostanhallgatók számára magyar, német és angol nyelven. óta az angol évfolyamok tanulmányi felelőse vagyok, 2014. óta a Külföldi &hellip;</p>
