{"id":2475,"date":"2014-07-02T13:35:10","date_gmt":"2014-07-02T11:35:10","guid":{"rendered":"http:\/\/www.ana.usn.hu\/hu\/?page_id=2475"},"modified":"2023-08-21T07:29:18","modified_gmt":"2023-08-21T05:29:18","slug":"dr-alpar-alan","status":"publish","type":"page","link":"https:\/\/semmelweis.hu\/anatomia\/szemelyes-oldalak-personal-pages\/dr-alpar-alan\/","title":{"rendered":"Alp\u00e1r Al\u00e1n Dr."},"content":{"rendered":"<h3><strong>igazgat\u00f3 \/ chairman \/ Institutsdirektor<\/strong><\/h3>\n<h3>egyetemi tan\u00e1r, az MTA doktora<\/h3>\n<div class=\"responsive-tabs\">\n<h2 class=\"tabtitle\">HUNGARIAN<\/h2>\n<div class=\"tabcontent\">\n\n<p>&nbsp;<\/p>\n<p>&nbsp;<\/p>\n<figure id=\"attachment_19883\" aria-describedby=\"caption-attachment-19883\" style=\"width: 200px\" class=\"wp-caption alignright\"><a href=\"https:\/\/semmelweis.hu\/anatomia\/files\/2018\/10\/Alp\u00e1r_honlapra.jpg\"><img loading=\"lazy\" decoding=\"async\" class=\"wp-image-19883 size-medium\" src=\"https:\/\/semmelweis.hu\/anatomia\/files\/2018\/10\/Alp\u00e1r_honlapra-200x300.jpg\" alt=\"\" width=\"200\" height=\"300\" srcset=\"https:\/\/semmelweis.hu\/anatomia\/files\/2018\/10\/Alp\u00e1r_honlapra-200x300.jpg 200w, https:\/\/semmelweis.hu\/anatomia\/files\/2018\/10\/Alp\u00e1r_honlapra.jpg 500w\" sizes=\"auto, (max-width: 200px) 100vw, 200px\" \/><\/a><figcaption id=\"caption-attachment-19883\" class=\"wp-caption-text\">Dr. Alp\u00e1r Al\u00e1n<\/figcaption><\/figure>\n<p>&nbsp;<\/p>\n<p>&nbsp;<\/p>\n<ul>\n<li>Telefon: +36-1-459-1500\/53609<\/li>\n<li>E-mail: <span style=\"font-family: Verdana;font-size: small\"><a href=\"mailto:alpar.alan@semmelweis.hu\">alpar.alan@semmelweis.hu<\/a><\/span><\/li>\n<li><a href=\"https:\/\/semmelweis.hu\/anatomia\/files\/2018\/10\/Alp\u00e1r-Al\u00e1n_Szakmai-\u00f6n\u00e9letrajz_20180913.pdf\" target=\"_blank\" rel=\"noopener noreferrer\">Curriculum Vitae<\/a><\/li>\n<li><a href=\"\/anatomia\/?page_id=1299\">K\u00eds\u00e9rletes neuroanat\u00f3miai \u00e9s fejl\u0151d\u00e9sbiol\u00f3giai csoport<\/a><span style=\"color: #ff0000\"><br \/>\n<\/span><\/li>\n<\/ul>\n<p>&nbsp;<\/p>\n<p>&nbsp;<\/p>\n<p>&nbsp;<\/p>\n<p>&nbsp;<\/p>\n<ul>\n<li>A Nemzeti Agykutat\u00e1si Program Szimpozium keret\u00e9ben Dr. Alp\u00e1r Al\u00e1n is besz\u00e1molt laborat\u00f3rium\u00e1nak munk\u00e1j\u00e1r\u00f3l \u2013 <a href=\"https:\/\/semmelweis.hu\/hirek\/2014\/10\/12\/a-se-kilepett-az-elefantcsonttoronybol-nemzeti-agykutatasi-program-szimpozium\/\">az egyetemi honlap cikke<\/a><\/li>\n<li>2016: <a href=\"https:\/\/semmelweis.hu\/anatomia\/2016\/03\/25\/dr-alpar-alan-mta-doktori-vedese\/\">MTA doktori v\u00e9d\u00e9s<\/a><\/li>\n<li><a href=\"https:\/\/semmelweis.hu\/anatomia\/2018\/09\/13\/tartos-stresszhatasert-felelos-uj-agyi-folyamatot-azonositottak-az-intezet-kutatoi-a-nap-kereteben\/\" target=\"_blank\" rel=\"noopener noreferrer\">A k\u00e9sleltetett stresszreakci\u00f3\u00e9rt \u00e9s a stressz hosszabb t\u00e1v\u00fa hat\u00e1sai\u00e9rt felel\u0151s \u00faj agyi folyamatot azonos\u00edtottak int\u00e9zet\u00fcnk munkat\u00e1rsai<\/a><\/li>\n<\/ul>\n<div id=\"__zsc_once\">\u00a0<\/div>\n<div>\u00a0<\/div>\n\n<\/div><h2 class=\"tabtitle\">ENGLISH<\/h2>\n<div class=\"tabcontent\">\n\n<div>\u00a0<\/div>\n<div>\u00a0<\/div>\n\n<\/div><h2 class=\"tabtitle\">DEUTSCH<\/h2>\n<div class=\"tabcontent\">\n\n<div>\u00a0<\/div>\n<div>\u00a0<\/div>\n<\/div><\/div>\n<div id=\"__hggasdgjhsagd_once\">\u00a0<\/div>\n","protected":false},"excerpt":{"rendered":"<p>igazgat\u00f3 \/ chairman \/ Institutsdirektor<br \/>\negyetemi tan\u00e1r, az MTA doktora<\/p>\n<p>&nbsp;<br \/>\n&nbsp;<br \/>\n&nbsp;<br \/>\n&nbsp;<\/p>\n<p>Telefon: +36-1-459-1500\/53609<br \/>\nE-mail: <a href=\"mailto:alpar.alan@semmelweis.hu\">alpar.alan@semmelweis.hu<\/a><br \/>\n<a href=\"https:\/\/semmelweis.hu\/anatomia\/files\/2018\/10\/Alp\u00e1r-Al\u00e1n_Szakmai-\u00f6n\u00e9letrajz_20180913.pdf\" target=\"_blank\" rel=\"noopener noreferrer\">Curriculum Vitae<\/a><br \/>\n<a href=\"\/anatomia\/?page_id=1299\">K\u00eds\u00e9rletes neuroanat\u00f3miai \u00e9s fejl\u0151d\u00e9sbiol\u00f3giai csoport<\/a><\/p>\n<p>&nbsp;<br \/>\n&nbsp;<br \/>\n&nbsp;<br \/>\n&nbsp;<\/p>\n<p>A Nemzeti Agykutat\u00e1si Program Szimpozium keret\u00e9ben Dr. Alp\u00e1r Al\u00e1n is besz\u00e1molt laborat\u00f3rium\u00e1nak munk\u00e1j\u00e1r\u00f3l \u2013 <a href=\"https:\/\/semmelweis.hu\/hirek\/2014\/10\/12\/a-se-kilepett-az-elefantcsonttoronybol-nemzeti-agykutatasi-program-szimpozium\/\">az egyetemi honlap cikke<\/a><br \/>\n2016: <a href=\"https:\/\/semmelweis.hu\/anatomia\/2016\/03\/25\/dr-alpar-alan-mta-doktori-vedese\/\">MTA doktori v\u00e9d\u00e9s<\/a><br \/>\n<a href=\"https:\/\/semmelweis.hu\/anatomia\/2018\/09\/13\/tartos-stresszhatasert-felelos-uj-agyi-folyamatot-azonositottak-az-intezet-kutatoi-a-nap-kereteben\/\" target=\"_blank\" rel=\"noopener noreferrer\">A k\u00e9sleltetett stresszreakci\u00f3\u00e9rt \u00e9s a stressz hosszabb t\u00e1v\u00fa hat\u00e1sai\u00e9rt felel\u0151s \u00faj agyi folyamatot azonos\u00edtottak int\u00e9zet\u00fcnk munkat\u00e1rsai<\/a><\/p>\n<p>\u00a0<br \/>\n\u00a0<\/p>\n<p>\u00a0<br \/>\n\u00a0<\/p>\n<p>\u00a0<br \/>\n\u00a0<\/p>\n<p>\u00a0<\/p>\n","protected":false},"author":12,"featured_media":0,"parent":19145,"menu_order":0,"comment_status":"closed","ping_status":"closed","template":"","meta":{"_acf_changed":false,"footnotes":""},"categories":[],"tags":[],"class_list":["post-2475","page","type-page","status-publish","hentry"],"acf":[],"_links":{"self":[{"href":"https:\/\/semmelweis.hu\/anatomia\/wp-json\/wp\/v2\/pages\/2475","targetHints":{"allow":["GET"]}}],"collection":[{"href":"https:\/\/semmelweis.hu\/anatomia\/wp-json\/wp\/v2\/pages"}],"about":[{"href":"https:\/\/semmelweis.hu\/anatomia\/wp-json\/wp\/v2\/types\/page"}],"author":[{"embeddable":true,"href":"https:\/\/semmelweis.hu\/anatomia\/wp-json\/wp\/v2\/users\/12"}],"replies":[{"embeddable":true,"href":"https:\/\/semmelweis.hu\/anatomia\/wp-json\/wp\/v2\/comments?post=2475"}],"version-history":[{"count":10,"href":"https:\/\/semmelweis.hu\/anatomia\/wp-json\/wp\/v2\/pages\/2475\/revisions"}],"predecessor-version":[{"id":31363,"href":"https:\/\/semmelweis.hu\/anatomia\/wp-json\/wp\/v2\/pages\/2475\/revisions\/31363"}],"up":[{"embeddable":true,"href":"https:\/\/semmelweis.hu\/anatomia\/wp-json\/wp\/v2\/pages\/19145"}],"wp:attachment":[{"href":"https:\/\/semmelweis.hu\/anatomia\/wp-json\/wp\/v2\/media?parent=2475"}],"wp:term":[{"taxonomy":"category","embeddable":true,"href":"https:\/\/semmelweis.hu\/anatomia\/wp-json\/wp\/v2\/categories?post=2475"},{"taxonomy":"post_tag","embeddable":true,"href":"https:\/\/semmelweis.hu\/anatomia\/wp-json\/wp\/v2\/tags?post=2475"}],"curies":[{"name":"wp","href":"https:\/\/api.w.org\/{rel}","templated":true}]}}