{"id":2302,"date":"2014-06-28T21:57:55","date_gmt":"2014-06-28T19:57:55","guid":{"rendered":"http:\/\/www.ana.usn.hu\/hu\/?page_id=2302"},"modified":"2020-04-06T17:31:55","modified_gmt":"2020-04-06T15:31:55","slug":"dr-feher-erzsebet","status":"publish","type":"page","link":"https:\/\/semmelweis.hu\/anatomia\/szemelyes-oldalak-personal-pages\/dr-feher-erzsebet\/","title":{"rendered":"Feh\u00e9r Erzs\u00e9bet Dr."},"content":{"rendered":"<p>egyetemi tan\u00e1r, Professor Emerita<img loading=\"lazy\" decoding=\"async\" class=\"size-thumbnail wp-image-11374 alignright\" src=\"https:\/\/semmelweis.hu\/anatomia\/files\/2014\/06\/Erzsi2-013--150x150.jpg\" alt=\"Erzsi2 013-\" width=\"150\" height=\"150\" srcset=\"https:\/\/semmelweis.hu\/anatomia\/files\/2014\/06\/Erzsi2-013--150x150.jpg 150w, https:\/\/semmelweis.hu\/anatomia\/files\/2014\/06\/Erzsi2-013--144x144.jpg 144w, https:\/\/semmelweis.hu\/anatomia\/files\/2014\/06\/Erzsi2-013--90x90.jpg 90w\" sizes=\"auto, (max-width: 150px) 100vw, 150px\" \/><\/p>\n<p>Semmelweis Egyetem Anat\u00f3miai, Sz\u00f6vet- \u00e9s Fejl\u0151d\u00e9stani Int\u00e9zet<br \/>\n<a href=\"\/anatomia\/?page_id=1268\">Vegetat\u00edv beidegz\u00e9s laborat\u00f3rium<\/a> vezet\u0151je<\/p>\n<p>Tudom\u00e1nyos fokozat: az orvostudom\u00e1ny doktora<br \/>\nTel. (bels\u0151 mell\u00e9k): 459-1500 \/ 53683, 53646<br \/>\nE-mail: <a href=\"mailto:feher.erzsebet@med.semmelweis-univ.hu\">feher.erzsebet@med.semmelweis-univ.hu<\/a><\/p>\n<p><a href=\"https:\/\/semmelweis.hu\/anatomia\/2018\/05\/10\/dr-feher-erzsebet-arkovy-dij\/\">\u00c1rk\u00f6vi Eml\u00e9k\u00e9rme (2018)<\/a><\/p>\n<h3 class=\"entry-title\"><a href=\"https:\/\/semmelweis.hu\/anatomia\/2014\/10\/11\/aranydiploma-2014\/\" rel=\"bookmark\">Aranydiploma 2014<\/a><\/h3>\n<p><strong>&#8222;Professor Emerita&#8221; c\u00edm adom\u00e1nyoz\u00e1sa<\/strong><br \/>\n2013. j\u00fanius 28-\u00e1n, az egyetemi Semmelweis-nap d\u00edsz\u00fcnneps\u00e9g\u00e9n Dr. Feh\u00e9r Erzs\u00e9bet Professor Emerita c\u00edmet kapott. <a href=\"https:\/\/semmelweis.hu\/hirek\/2013\/06\/28\/dr-szel-agoston-a-semmelweis-nap-egyfajta-szamvetes-is\/20130628-img_9166-se-nap-net-web\/\">Fot\u00f3 az \u00e1tad\u00e1sr\u00f3l itt<\/a>.<\/p>\n<ul>\n<li>\n<p class=\"entry-title\"><a href=\"http:\/\/www.akademiai.com\/content\/3352810663097756\/fulltext.pdf\">Nem kell &#8222;a birtokl\u00e1s, a l\u00e1tv\u00e1nyos siker \u00e9s a f\u00e9ny\u0171z\u00e9s&#8221; <\/a><a href=\"http:\/\/www.akademiai.com\/content\/3352810663097756\/fulltext.pdf\">&#8211; interj\u00fa dr. Feh\u00e9r Erzs\u00e9bettel<\/a> (Orvosi Hetilap, 2007, pdf)<\/p>\n<\/li>\n<li>\n<p class=\"entry-title\"><a href=\"\/anatomia\/?page_id=2308\">Publik\u00e1ci\u00f3k list\u00e1ja<\/a> (2018-ig)<\/p>\n<\/li>\n<\/ul>\n<p><a href=\"https:\/\/semmelweis.hu\/anatomia\/2011\/03\/11\/dr-feher-erzsebet-kituntetese\/\"><b>Magyar K\u00f6zt\u00e1rsas\u00e1gi \u00c9rdemrend Lovagkeresztje<\/b><\/a> (2011)<\/p>\n<figure id=\"attachment_2330\" aria-describedby=\"caption-attachment-2330\" style=\"width: 600px\" class=\"wp-caption aligncenter\"><a href=\"https:\/\/semmelweis.hu\/anatomia\/files\/2014\/06\/fe-vi.jpg\"><img loading=\"lazy\" decoding=\"async\" class=\"wp-image-2330 size-full\" src=\"https:\/\/semmelweis.hu\/anatomia\/files\/2014\/06\/fe-vi.jpg\" alt=\"fe-vi\" width=\"600\" height=\"487\" srcset=\"https:\/\/semmelweis.hu\/anatomia\/files\/2014\/06\/fe-vi.jpg 600w, https:\/\/semmelweis.hu\/anatomia\/files\/2014\/06\/fe-vi-300x243.jpg 300w, https:\/\/semmelweis.hu\/anatomia\/files\/2014\/06\/fe-vi-369x300.jpg 369w\" sizes=\"auto, (max-width: 600px) 100vw, 600px\" \/><\/a><figcaption id=\"caption-attachment-2330\" class=\"wp-caption-text\">Szigorlat (FOK, 2012)<\/figcaption><\/figure>\n<p>&nbsp;<\/p>\n<div id=\"__if72ru4sdfsdfruh7fewui_once\">\u00a0<\/div>\n<div id=\"__zsc_once\">\u00a0<\/div>\n<div id=\"__hggasdgjhsagd_once\">\u00a0<\/div>\n","protected":false},"excerpt":{"rendered":"<p>egyetemi tan\u00e1r, Professor Emerita Semmelweis Egyetem Anat\u00f3miai, Sz\u00f6vet- \u00e9s Fejl\u0151d\u00e9stani Int\u00e9zet <a href=\"\/anatomia\/?page_id=1268\">Vegetat\u00edv beidegz\u00e9s laborat\u00f3rium<\/a> vezet\u0151je Tudom\u00e1nyos fokozat: az orvostudom\u00e1ny doktora Tel. (bels\u0151 mell\u00e9k): 459-1500 \/ 53683, 53646 E-mail: <a href=\"mailto:feher.erzsebet@med.semmelweis-univ.hu\">feher.erzsebet@med.semmelweis-univ.hu<\/a> <a href=\"https:\/\/semmelweis.hu\/anatomia\/2018\/05\/10\/dr-feher-erzsebet-arkovy-dij\/\">\u00c1rk\u00f6vi Eml\u00e9k\u00e9rme (2018)<\/a> <a href=\"https:\/\/semmelweis.hu\/anatomia\/2014\/10\/11\/aranydiploma-2014\/\" rel=\"bookmark\">Aranydiploma 2014<\/a> &#8222;Professor Emerita&#8221; c\u00edm adom\u00e1nyoz\u00e1sa 2013. j\u00fanius 28-\u00e1n, az egyetemi Semmelweis-nap d\u00edsz\u00fcnneps\u00e9g\u00e9n Dr. Feh\u00e9r Erzs\u00e9bet Professor Emerita c\u00edmet kapott. <a href=\"https:\/\/semmelweis.hu\/hirek\/2013\/06\/28\/dr-szel-agoston-a-semmelweis-nap-egyfajta-szamvetes-is\/20130628-img_9166-se-nap-net-web\/\">Fot\u00f3 az \u00e1tad\u00e1sr\u00f3l itt<\/a> . <a href=\"http:\/\/www.akademiai.com\/content\/3352810663097756\/fulltext.pdf\">Nem kell &#8222;a birtokl\u00e1s, a l\u00e1tv\u00e1nyos siker \u00e9s a f\u00e9ny\u0171z\u00e9s&#8221; <\/a> <a href=\"http:\/\/www.akademiai.com\/content\/3352810663097756\/fulltext.pdf\">&#8211; interj\u00fa dr. Feh\u00e9r Erzs\u00e9bettel<\/a> (Orvosi Hetilap, 2007, pdf) <a href=\"\/anatomia\/?page_id=2308\">Publik\u00e1ci\u00f3k list\u00e1ja<\/a> (2018-ig) <a href=\"https:\/\/semmelweis.hu\/anatomia\/2011\/03\/11\/dr-feher-erzsebet-kituntetese\/\">Magyar K\u00f6zt\u00e1rsas\u00e1gi \u00c9rdemrend Lovagkeresztje<\/a> (2011) &nbsp; \u00a0 \u00a0 &hellip;<\/p>\n","protected":false},"author":12,"featured_media":0,"parent":19145,"menu_order":0,"comment_status":"closed","ping_status":"closed","template":"","meta":{"_acf_changed":false,"footnotes":""},"categories":[],"tags":[],"class_list":["post-2302","page","type-page","status-publish","hentry"],"acf":[],"_links":{"self":[{"href":"https:\/\/semmelweis.hu\/anatomia\/wp-json\/wp\/v2\/pages\/2302","targetHints":{"allow":["GET"]}}],"collection":[{"href":"https:\/\/semmelweis.hu\/anatomia\/wp-json\/wp\/v2\/pages"}],"about":[{"href":"https:\/\/semmelweis.hu\/anatomia\/wp-json\/wp\/v2\/types\/page"}],"author":[{"embeddable":true,"href":"https:\/\/semmelweis.hu\/anatomia\/wp-json\/wp\/v2\/users\/12"}],"replies":[{"embeddable":true,"href":"https:\/\/semmelweis.hu\/anatomia\/wp-json\/wp\/v2\/comments?post=2302"}],"version-history":[{"count":10,"href":"https:\/\/semmelweis.hu\/anatomia\/wp-json\/wp\/v2\/pages\/2302\/revisions"}],"predecessor-version":[{"id":23271,"href":"https:\/\/semmelweis.hu\/anatomia\/wp-json\/wp\/v2\/pages\/2302\/revisions\/23271"}],"up":[{"embeddable":true,"href":"https:\/\/semmelweis.hu\/anatomia\/wp-json\/wp\/v2\/pages\/19145"}],"wp:attachment":[{"href":"https:\/\/semmelweis.hu\/anatomia\/wp-json\/wp\/v2\/media?parent=2302"}],"wp:term":[{"taxonomy":"category","embeddable":true,"href":"https:\/\/semmelweis.hu\/anatomia\/wp-json\/wp\/v2\/categories?post=2302"},{"taxonomy":"post_tag","embeddable":true,"href":"https:\/\/semmelweis.hu\/anatomia\/wp-json\/wp\/v2\/tags?post=2302"}],"curies":[{"name":"wp","href":"https:\/\/api.w.org\/{rel}","templated":true}]}}