{"id":2,"date":"2017-08-03T13:57:11","date_gmt":"2017-08-03T11:57:11","guid":{"rendered":"http:\/\/www.ana.usn.hu\/?page_id=2"},"modified":"2021-02-19T12:43:48","modified_gmt":"2021-02-19T11:43:48","slug":"department","status":"publish","type":"page","link":"https:\/\/semmelweis.hu\/anatomia\/en\/department\/","title":{"rendered":"Department"},"content":{"rendered":"<p>The one hundred years old anatomy building accommodated two institutions right from the beginning. Although the names of the institutions were frequently changed, the meaning\u00a0of their existence persisted unbroken throughout a whole century &#8211; to teach students hungry for knowledge and to conduct research to enable researchers to learn more and more about the structure of the human body. The following pages shall present the history of what is presently known as the Department of Anatomy, Histology and Embryology and the life and work of the people working in the institute.<\/p>\n<p><a href=\"https:\/\/semmelweis.hu\/anatomia\/files\/2012\/11\/epul1.jpg\"><img loading=\"lazy\" decoding=\"async\" class=\"aligncenter wp-image-82\" title=\"Anatomy Building\" src=\"https:\/\/semmelweis.hu\/anatomia\/files\/2012\/11\/epul11.jpg\" alt=\"\" width=\"480\" height=\"317\" srcset=\"https:\/\/semmelweis.hu\/anatomia\/files\/2012\/11\/epul11.jpg 800w, https:\/\/semmelweis.hu\/anatomia\/files\/2012\/11\/epul11-300x198.jpg 300w, https:\/\/semmelweis.hu\/anatomia\/files\/2012\/11\/epul11-453x300.jpg 453w\" sizes=\"auto, (max-width: 480px) 100vw, 480px\" \/><\/a><\/p>\n<p style=\"text-align: center;\"><strong>THE HISTORY OF THE ANATOMY BUILDING AND DEPARTMENTS OF THE SEMMELWEIS MEDICAL UNIVERSITY\u00a0<\/strong><\/p>\n<p style=\"text-align: center;\">by\u00a0<em>J\u00e1nos Szent\u00e1gothai\u00a0<\/em>(around 1966)<\/p>\n<p>The Department of Anatomy is the only department of the Faculty of Medical Sciences which was established in Nagyszombat in 1769 which has maintained its legal continuity ever since its foundation. The other subjects have been understandably transformed during the two hundred years of the development of medical sciences.<\/p>\n<p>Vencel Trnka was the first professorof anatomy in the period between 1770 and 1790. During the first decade and a half of the faculty this subject could hardly be taught through presentations and practical training. The situation improved somewhat only after 1784 when the faculty &#8211; then already transferred to Pest &#8211; was accommodated in the Jesuit monastery on the corner of Hatvani utca (today: Kossuth Lajos utca) and \u00dajvil\u00e1g utca. A \u0091theatrum anatomicum\u0092 served as the venue for the teaching of anatomy in this building (a lecture hall that was also used for the presentations of dissection), along with two working rooms and two \u0091maceration rooms\u0092. The anatomical and surgical wax model series donated to the university by Joseph II was set up in four other rooms.<\/p>\n<p>Unfortunately, later, when scientific interest and teaching practices turned away from this form of presentation, the models created by Fontana in Florence either got lost or were damaged for lack of proper maintenance and supervision. Finally &#8211; during the siege of Budapest in the winter of 1944-1945 the majority of them were destroyed. The few wax models that have survived history &#8211; fortunately, they include the one showing the lymphatic system of the female body, which is the most highly valued one of the models from the aspect of science and artistic value &#8211; are now displayed in the Museum of the History of Medicine in the house where Ign\u00e1c Semmelweis was born (Budapest, I. Apr\u00f3d u. 1\/3.).<\/p>\n<p>Anatomy was taught between 1790 and 1858 by J\u00e1nos Szening (1790-1806), S\u00e1muel R\u00e1cz (1806-1807), Ign\u00e1c St\u00e1hly (1808-1834) and M\u00e1rton Csausz (1834-1858) still under the rudimentary conditions in the building on Hatvani utca. The appointment of J\u00f3zsef Lenhoss\u00e9k head of the department in 1859 brought about a fundamental change in the teaching and scientific activities of anatomy. J\u00f3zsef Lenhoss\u00e9k (1818-1888) was the second member of the \u0093Lenhoss\u00e9k dynasty\u0094 that gave three major physicians to the medical sciences of Hungary. The son of Ign\u00e1c Mih\u00e1ly Lenhoss\u00e9k &#8211; the \u0093protomedicus\u0094 of Hungary and an excellent teacher of \u0093biology-higher anatomy\u0094, pathology and pharmacology (between 1808 and 1821) learned anatomy abroad &#8211; primarily in Vienna &#8211; along with Hyrtl who was also of Hungarian origin. Having returned to Hungary first he became teacher of anatomy at Kolozsv\u00e1r and then came to Budapest in 1859. He modernised the teaching and research of anatomy in the spirit of progress of his day. He laid down the foundations of the highly valuable museum of the Anatomy department of Budapest. A number of his preparations now of high value showing the vascular system and the central nervous system are still held by the museum.<\/p>\n<p>The first up-to-date department of anatomy was established based on the designs prepared by J\u00f3zsef Lenhoss\u00e9k in 1878 within the internal clinical block at \u00dcll\u0151i \u00fat 26. This building was, however, used for the teaching of anatomy only for a period of twenty years because the increasing number of students and the development of scientific and teaching requirements simply outgrew the limits of the building. The Anatomy Building at \u00dcll\u0151i \u00fat 26 was then transformed and it is still incorporates the First Department of Pathology. The <strong>present anatomy building<\/strong> was constructed (between 1897 and 1898) based primarilyon the designs by G\u00e9za Mihalkovics at T\u0171zolt\u00f3 u. 58. That building was perhaps the world\u0092s most up-to-date anatomy department of the day.<\/p>\n<p><img loading=\"lazy\" decoding=\"async\" class=\"wp-image-7007 size-large aligncenter\" src=\"https:\/\/semmelweis.hu\/anatomia\/files\/2014\/04\/lepcsohaz-1024x683.jpg\" alt=\"lepcsohaz\" width=\"640\" height=\"427\" srcset=\"https:\/\/semmelweis.hu\/anatomia\/files\/2014\/04\/lepcsohaz.jpg 1024w, https:\/\/semmelweis.hu\/anatomia\/files\/2014\/04\/lepcsohaz-300x200.jpg 300w, https:\/\/semmelweis.hu\/anatomia\/files\/2014\/04\/lepcsohaz-450x300.jpg 450w\" sizes=\"auto, (max-width: 640px) 100vw, 640px\" \/><\/p>\n<p>After more than 70 years with little internal transformation, through the now really necessary reconstruction primarily of the sanitary engineering facilities, the building will be highly suitable for meeting the current requirements for decades to come.<\/p>\n<p>Still during the life of <strong>J\u00f3zsef Lenhoss\u00e9k<\/strong> the department was divided in 1882 into two anatomy institutions. (First and Second) The Second Department was directed first by G\u00e9za Mihalkovics, and then after the death of J\u00f3zsef Lenhoss\u00e9k he was transferred to the First Departrment while the Second Department was directed by Lajos Thanhoffer. G\u00e9za Mihalkovics was an expert of embryology of international recognition while Lajos Thanhoffer was an excellent histologist. Unfortunately Mihalkovics died at an early age in 1899 and Thanhoffer retied in 1908. Mih\u00e1ly Lenhoss\u00e9k (1863-1937) the last and at the same time the most excellent member of the Lenhoss\u00e9k dynasty, was the successor of G\u00e9za Mihalkovics, while at the Second Department Thanhoffer was succeeded by K\u00e1lm\u00e1n Tellyesniczky, an expert of cytology and artistic anatomy. Mih\u00e1ly Lenhoss\u00e9k earned lasting renown all over the world as a researcher of the fine structure of the nervous system. K\u00e1lm\u00e1n Tellyesniczky and Mih\u00e1ly Lenhoss\u00e9k retired in 1930 and 1934, respectively.<\/p>\n<p>In the years 1933 and 1934 the both departments established originally to provide training of the whole of the discipline of anatomy were transformed as a result of which first Department was turned into a department of anatomy and regional anatomy under the direction of <strong>Ferenc Kiss<\/strong>, while Second Department was converted into a department of biology, histology and embryology under the direction of Tivadar Huzella. This organisational set-up was maintained up to 1966.In 1950 Imre T\u00f6r\u0151 became the head of the department teaching medical biology, histology and embryology, while Ferencz Kiss, who retired in 1961, was succeeded by <strong>J\u00e1nos Szent\u00e1gothai<\/strong> who was appointed in 1963 to become the director of the Department of Anatomy. The education reform and the permanently large number of students necessitated the restoration of the two parallel anatomy departments of the building. The original Second Department is now teaching medical biology as well under the direction of Imre T\u00f6r\u0151 on a temporary basis but this important basic discipline of medicine will be accommodated in a separate building after the construction of the theoretical block of the Semmelweis University at Nagyv\u00e1rad t\u00e9r. Besides the teaching of anatomy for half of the students of the medical faculty, first Department also carries out the tasks of teaching anatomy for dental students under direction by a professor appointed for these tasks. Both departments of the anatomy building &#8211; of course after the alterations in line with up-to-date scientific requirements &#8211; have been maintaining their original scientific traditions in their research efforts. Under the heading of Imre T\u00f6r\u0151, member of the Hungarian Academy of Sciences, the Second Department is an important centre for the research of cytology, the lymphatic organs and other cellular protection mechanisms of the human body. First Department (headed by J\u00e1nos Szent\u00e1gothai) has been continuing the scientific traditions of J\u00f3zsef and Mih\u00e1ly Lenhoss\u00e9k, it is one of the bases of Hungarian brain research. The research activities of both departments are supported by the Department of Biology of the Hungarian Academy of Sciences.<\/p>\n<div align=\"center\">\n<table border=\"1\" cellspacing=\"7\" cellpadding=\"0\">\n<tbody>\n<tr>\n<td style=\"text-align: left;\"><strong>The heads of the Department of Anatomy, Histology and Emrbryology Through its Course of History:<\/strong><\/td>\n<\/tr>\n<\/tbody>\n<\/table>\n<\/div>\n<div align=\"center\">\n<table border=\"1\" cellspacing=\"4\" cellpadding=\"0\">\n<tbody>\n<tr>\n<td style=\"text-align: center;\">1770-1784<\/td>\n<td style=\"text-align: center;\">Trnka Vencel<\/td>\n<\/tr>\n<tr>\n<td style=\"text-align: center;\">1784-1791<\/td>\n<td style=\"text-align: center;\">Hauptmann K\u00e1roly<\/td>\n<\/tr>\n<tr>\n<td style=\"text-align: center;\">1791-1805<\/td>\n<td style=\"text-align: center;\">Szennig J\u00e1nos<\/td>\n<\/tr>\n<tr>\n<td style=\"text-align: center;\">1805-1807<\/td>\n<td style=\"text-align: center;\">R\u00e1cz S\u00e1muel<\/td>\n<\/tr>\n<tr>\n<td style=\"text-align: center;\">1807-1819<\/td>\n<td style=\"text-align: center;\">St\u00e1hly Ign\u00e1c<\/td>\n<\/tr>\n<tr>\n<td style=\"text-align: center;\">1819-1823<\/td>\n<td style=\"text-align: center;\">B\u00f6hm K\u00e1roly, Kieninger Boldizs\u00e1r<\/td>\n<\/tr>\n<tr>\n<td style=\"text-align: center;\">1823-1826<\/td>\n<td style=\"text-align: center;\">St\u00e1hly Ign\u00e1c<\/td>\n<\/tr>\n<tr>\n<td style=\"text-align: center;\">1827-1858<\/td>\n<td style=\"text-align: center;\">Csausz M\u00e1rton<\/td>\n<\/tr>\n<tr>\n<td style=\"text-align: center;\">1858-1859<\/td>\n<td style=\"text-align: center;\">Ar\u00e1nyi Lajos<\/td>\n<\/tr>\n<tr>\n<td style=\"text-align: center;\">1859-1888<\/td>\n<td style=\"text-align: center;\">Lenhoss\u00e9k J\u00f3zsef<\/td>\n<\/tr>\n<tr>\n<td style=\"text-align: center;\">1888-1889<\/td>\n<td style=\"text-align: center;\">Lenhoss\u00e9k Mih\u00e1ly<\/td>\n<\/tr>\n<tr>\n<td style=\"text-align: center;\">1890-1899<\/td>\n<td style=\"text-align: center;\">Mih\u00e1lkovics G\u00e9za<\/td>\n<\/tr>\n<tr>\n<td style=\"text-align: center;\">1900-1934<\/td>\n<td style=\"text-align: center;\">Lenhoss\u00e9k Mih\u00e1ly<\/td>\n<\/tr>\n<tr>\n<td style=\"text-align: center;\">1935-1961<\/td>\n<td style=\"text-align: center;\">Kiss Ferenc<\/td>\n<\/tr>\n<tr>\n<td style=\"text-align: center;\">1961-1963<\/td>\n<td style=\"text-align: center;\">Don\u00e1th Tibor<\/td>\n<\/tr>\n<tr>\n<td style=\"text-align: center;\">1963-1977<\/td>\n<td style=\"text-align: center;\">Szent\u00e1gothai J\u00e1nos<\/td>\n<\/tr>\n<tr>\n<td style=\"text-align: center;\">1978-1994<\/td>\n<td style=\"text-align: center;\"><a href=\"https:\/\/semmelweis.hu\/anatomia\/teaching-staff\/dr-tombol-terez\/\">T\u00f6mb\u00f6l Ter\u00e9z<\/a><\/td>\n<\/tr>\n<tr>\n<td style=\"text-align: center;\">1994-2004<\/td>\n<td style=\"text-align: center;\"><a href=\"https:\/\/semmelweis.hu\/anatomia\/prof-dr-miklos-rethelyi\/\">R\u00e9thelyi Mikl\u00f3s<\/a><\/td>\n<\/tr>\n<tr>\n<td style=\"text-align: center;\">2004-2014<\/td>\n<td style=\"text-align: center;\"><a href=\"https:\/\/semmelweis.hu\/anatomia\/teaching-staff\/50-2\/\">Csillag Andr\u00e1s<\/a><\/td>\n<\/tr>\n<tr>\n<td style=\"text-align: center;\">2014-2015<\/td>\n<td style=\"text-align: center;\"><a href=\"https:\/\/semmelweis.hu\/anatomia\/teaching-staff\/dr-gerber-gabor\/\">Gerber G\u00e1bor<\/a><\/td>\n<\/tr>\n<tr>\n<td style=\"text-align: center;\">2016-<\/td>\n<td style=\"text-align: center;\"><a href=\"https:\/\/semmelweis.hu\/anatomia\/munkatarsak-elerhetosegei\/szel-agoston-dr\/\">Sz\u00e9l \u00c1goston<\/a><\/td>\n<\/tr>\n<\/tbody>\n<\/table>\n<\/div>\n<p>&nbsp;<\/p>\n","protected":false},"excerpt":{"rendered":"<p>Our department teaches the structure of the human body in the common discipline of anatomy, histology and embryology. Students acquire knowledge in gross anatomy by dissecting the human body, and understand contexture between structure and function by the simultaneous support of their growing embryological and histological skills. Numerous courses for both undergraduate and graduate students help those who intend to gain specific knowledge in their specific field of interest. The 130 years old venue, including a recently regenerated garden, offers a valuable and continuously renewing infrastructure and atmosphere for teaching and science alike.<\/p>\n","protected":false},"author":349,"featured_media":28459,"parent":0,"menu_order":9,"comment_status":"closed","ping_status":"closed","template":"","meta":{"_acf_changed":false,"footnotes":""},"categories":[],"tags":[],"class_list":["post-2","page","type-page","status-publish","has-post-thumbnail","hentry"],"acf":[],"_links":{"self":[{"href":"https:\/\/semmelweis.hu\/anatomia\/wp-json\/wp\/v2\/pages\/2","targetHints":{"allow":["GET"]}}],"collection":[{"href":"https:\/\/semmelweis.hu\/anatomia\/wp-json\/wp\/v2\/pages"}],"about":[{"href":"https:\/\/semmelweis.hu\/anatomia\/wp-json\/wp\/v2\/types\/page"}],"author":[{"embeddable":true,"href":"https:\/\/semmelweis.hu\/anatomia\/wp-json\/wp\/v2\/users\/349"}],"replies":[{"embeddable":true,"href":"https:\/\/semmelweis.hu\/anatomia\/wp-json\/wp\/v2\/comments?post=2"}],"version-history":[{"count":11,"href":"https:\/\/semmelweis.hu\/anatomia\/wp-json\/wp\/v2\/pages\/2\/revisions"}],"predecessor-version":[{"id":28461,"href":"https:\/\/semmelweis.hu\/anatomia\/wp-json\/wp\/v2\/pages\/2\/revisions\/28461"}],"wp:featuredmedia":[{"embeddable":true,"href":"https:\/\/semmelweis.hu\/anatomia\/wp-json\/wp\/v2\/media\/28459"}],"wp:attachment":[{"href":"https:\/\/semmelweis.hu\/anatomia\/wp-json\/wp\/v2\/media?parent=2"}],"wp:term":[{"taxonomy":"category","embeddable":true,"href":"https:\/\/semmelweis.hu\/anatomia\/wp-json\/wp\/v2\/categories?post=2"},{"taxonomy":"post_tag","embeddable":true,"href":"https:\/\/semmelweis.hu\/anatomia\/wp-json\/wp\/v2\/tags?post=2"}],"curies":[{"name":"wp","href":"https:\/\/api.w.org\/{rel}","templated":true}]}}