{"id":16801,"date":"2018-04-19T16:44:39","date_gmt":"2018-04-19T14:44:39","guid":{"rendered":"http:\/\/semmelweis.hu\/anatomia\/?page_id=16801"},"modified":"2024-04-24T10:00:41","modified_gmt":"2024-04-24T08:00:41","slug":"retina-laboratorium","status":"publish","type":"page","link":"https:\/\/semmelweis.hu\/anatomia\/kutatas\/laborok-kutatocsoportok\/retina-laboratorium\/","title":{"rendered":"Retina Laborat\u00f3rium"},"content":{"rendered":"<h4><strong>Vezet\u0151:<\/strong><\/h4>\n<p>Dr. Szab\u00f3 Arnold tan\u00e1rseg\u00e9d<\/p>\n<h4><strong>Munkat\u00e1rsak:<\/strong><\/h4>\n<ul>\n<li>Ifj. Kilin Ferenc (technikus),<\/li>\n<li>Kov\u00e1csn\u00e9 Dobozi \u00c9va (szakasszisztens),<\/li>\n<li>Magda D\u00e1niel (tansz\u00e9ki m\u00e9rn\u00f6k)\u00a0<\/li>\n<\/ul>\n<h4><strong>Kutat\u00e1si profil:<\/strong><\/h4>\n<p>hum\u00e1n retina morfol\u00f3giai \u00e9s funkcion\u00e1lis karakteriz\u00e1l\u00e1sa, in vitro 3D hum\u00e1n retinamodellek kidolgoz\u00e1sa, a hum\u00e1n retina regenerat\u00edv kapacit\u00e1sa, makro- \u00e9s mikroglia vizsg\u00e1lata fiziol\u00f3gi\u00e1s \u00e9s patol\u00f3gi\u00e1s folyamatokban, diabetesz, degenerat\u00edv retinabetegs\u00e9gek anat\u00f3miai alapjai<\/p>\n<h4><strong>M\u00f3dszerek:<\/strong><\/h4>\n<p>immunhisztok\u00e9mia (f\u00e9ny-, konfok\u00e1lis l\u00e9zer szkenning- \u00e9s elektronmikroszk\u00f3pia), in vivo eml\u0151s betegs\u00e9gmodellek, ex vivo post mortem hum\u00e1n retina, in vitro organotipikus eml\u0151s \u00e9s hum\u00e1n retina t\u00fal\u00e9ltet\u00e9s, in vitro g\u00e9nexpresszi\u00f3 szab\u00e1lyoz\u00e1s v\u00edrus vektorokkal, feh\u00e9rje anal\u00edzis<\/p>\n<h4><strong>Kollabor\u00e1ci\u00f3k:<\/strong><\/h4>\n<ol>\n<li>Semmelweis Egyetem Szem\u00e9szeti Klinika<\/li>\n<li>Bionikai Innov\u00e1ci\u00f3s K\u00f6zpont<\/li>\n<li>Friedrich Miescher Institute B\u00e1zel, Sv\u00e1jc<\/li>\n<li>Institute of Molecular and Clinical Ophthalmology Basel, Sv\u00e1jc<\/li>\n<li>Bascom Palmer Eye Institute, Miami, FL, USA<\/li>\n<\/ol>\n","protected":false},"excerpt":{"rendered":"<p>Vezet\u0151: Dr. Szab\u00f3 Arnold tan\u00e1rseg\u00e9d Munkat\u00e1rsak: Ifj. Kilin Ferenc (technikus), Kov\u00e1csn\u00e9 Dobozi \u00c9va (szakasszisztens), Magda D\u00e1niel (tansz\u00e9ki m\u00e9rn\u00f6k)\u00a0 Kutat\u00e1si profil: hum\u00e1n retina morfol\u00f3giai \u00e9s funkcion\u00e1lis karakteriz\u00e1l\u00e1sa, in vitro 3D hum\u00e1n retinamodellek kidolgoz\u00e1sa, a hum\u00e1n retina regenerat\u00edv kapacit\u00e1sa, makro- \u00e9s mikroglia vizsg\u00e1lata fiziol\u00f3gi\u00e1s \u00e9s patol\u00f3gi\u00e1s folyamatokban, diabetesz, degenerat\u00edv retinabetegs\u00e9gek anat\u00f3miai alapjai M\u00f3dszerek: immunhisztok\u00e9mia (f\u00e9ny-, konfok\u00e1lis l\u00e9zer &hellip;<\/p>\n","protected":false},"author":101246,"featured_media":0,"parent":471,"menu_order":0,"comment_status":"closed","ping_status":"closed","template":"","meta":{"_acf_changed":false,"footnotes":""},"categories":[],"tags":[],"class_list":["post-16801","page","type-page","status-publish","hentry"],"acf":[],"_links":{"self":[{"href":"https:\/\/semmelweis.hu\/anatomia\/wp-json\/wp\/v2\/pages\/16801","targetHints":{"allow":["GET"]}}],"collection":[{"href":"https:\/\/semmelweis.hu\/anatomia\/wp-json\/wp\/v2\/pages"}],"about":[{"href":"https:\/\/semmelweis.hu\/anatomia\/wp-json\/wp\/v2\/types\/page"}],"author":[{"embeddable":true,"href":"https:\/\/semmelweis.hu\/anatomia\/wp-json\/wp\/v2\/users\/101246"}],"replies":[{"embeddable":true,"href":"https:\/\/semmelweis.hu\/anatomia\/wp-json\/wp\/v2\/comments?post=16801"}],"version-history":[{"count":10,"href":"https:\/\/semmelweis.hu\/anatomia\/wp-json\/wp\/v2\/pages\/16801\/revisions"}],"predecessor-version":[{"id":31989,"href":"https:\/\/semmelweis.hu\/anatomia\/wp-json\/wp\/v2\/pages\/16801\/revisions\/31989"}],"up":[{"embeddable":true,"href":"https:\/\/semmelweis.hu\/anatomia\/wp-json\/wp\/v2\/pages\/471"}],"wp:attachment":[{"href":"https:\/\/semmelweis.hu\/anatomia\/wp-json\/wp\/v2\/media?parent=16801"}],"wp:term":[{"taxonomy":"category","embeddable":true,"href":"https:\/\/semmelweis.hu\/anatomia\/wp-json\/wp\/v2\/categories?post=16801"},{"taxonomy":"post_tag","embeddable":true,"href":"https:\/\/semmelweis.hu\/anatomia\/wp-json\/wp\/v2\/tags?post=16801"}],"curies":[{"name":"wp","href":"https:\/\/api.w.org\/{rel}","templated":true}]}}