{"id":15626,"date":"2018-01-25T16:38:45","date_gmt":"2018-01-25T15:38:45","guid":{"rendered":"http:\/\/semmelweis.hu\/anatomia\/?page_id=15626"},"modified":"2021-01-20T14:14:19","modified_gmt":"2021-01-20T13:14:19","slug":"klinikai-anatomiai-kutatolaboratorium","status":"publish","type":"page","link":"https:\/\/semmelweis.hu\/anatomia\/kutatas\/laborok-kutatocsoportok\/klinikai-anatomiai-kutatolaboratorium\/","title":{"rendered":"Klinikai Anat\u00f3miai Kutat\u00f3laborat\u00f3rium"},"content":{"rendered":"<p><strong>Vezet\u0151:<\/strong><\/p>\n<ul>\n<li>Dr. Nemesk\u00e9ri \u00c1gnes, egyetemi docens<\/li>\n<\/ul>\n<p><strong>Munkat\u00e1rsak:<\/strong><\/p>\n<p>&nbsp;<\/p>\n<p>&nbsp;<\/p>\n<p><strong>Kutat\u00e1si profil:<\/strong><\/p>\n<p>&nbsp;<\/p>\n<p><strong>M\u00f3dszerek:<\/strong><\/p>\n<p>&nbsp;<\/p>\n<p><strong>Kollabor\u00e1ci\u00f3k:<\/strong><\/p>\n<p>&nbsp;<\/p>\n","protected":false},"excerpt":{"rendered":"<p>Vezet\u0151:<\/p>\n<p>Dr. Nemesk\u00e9ri \u00c1gnes, egyetemi docens<\/p>\n<p>Munkat\u00e1rsak:<br \/>\n&nbsp;<br \/>\n&nbsp;<br \/>\nKutat\u00e1si profil:<br \/>\n&nbsp;<br \/>\nM\u00f3dszerek:<br \/>\n&nbsp;<br \/>\nKollabor\u00e1ci\u00f3k:<br \/>\n&nbsp;<\/p>\n","protected":false},"author":101248,"featured_media":0,"parent":471,"menu_order":0,"comment_status":"closed","ping_status":"closed","template":"","meta":{"_acf_changed":false,"footnotes":""},"categories":[],"tags":[],"class_list":["post-15626","page","type-page","status-publish","hentry"],"acf":[],"_links":{"self":[{"href":"https:\/\/semmelweis.hu\/anatomia\/wp-json\/wp\/v2\/pages\/15626","targetHints":{"allow":["GET"]}}],"collection":[{"href":"https:\/\/semmelweis.hu\/anatomia\/wp-json\/wp\/v2\/pages"}],"about":[{"href":"https:\/\/semmelweis.hu\/anatomia\/wp-json\/wp\/v2\/types\/page"}],"author":[{"embeddable":true,"href":"https:\/\/semmelweis.hu\/anatomia\/wp-json\/wp\/v2\/users\/101248"}],"replies":[{"embeddable":true,"href":"https:\/\/semmelweis.hu\/anatomia\/wp-json\/wp\/v2\/comments?post=15626"}],"version-history":[{"count":2,"href":"https:\/\/semmelweis.hu\/anatomia\/wp-json\/wp\/v2\/pages\/15626\/revisions"}],"predecessor-version":[{"id":28180,"href":"https:\/\/semmelweis.hu\/anatomia\/wp-json\/wp\/v2\/pages\/15626\/revisions\/28180"}],"up":[{"embeddable":true,"href":"https:\/\/semmelweis.hu\/anatomia\/wp-json\/wp\/v2\/pages\/471"}],"wp:attachment":[{"href":"https:\/\/semmelweis.hu\/anatomia\/wp-json\/wp\/v2\/media?parent=15626"}],"wp:term":[{"taxonomy":"category","embeddable":true,"href":"https:\/\/semmelweis.hu\/anatomia\/wp-json\/wp\/v2\/categories?post=15626"},{"taxonomy":"post_tag","embeddable":true,"href":"https:\/\/semmelweis.hu\/anatomia\/wp-json\/wp\/v2\/tags?post=15626"}],"curies":[{"name":"wp","href":"https:\/\/api.w.org\/{rel}","templated":true}]}}