{"id":13739,"date":"2017-10-10T15:17:04","date_gmt":"2017-10-10T13:17:04","guid":{"rendered":"http:\/\/semmelweis.hu\/anatomia\/?page_id=13739"},"modified":"2021-02-19T15:25:56","modified_gmt":"2021-02-19T14:25:56","slug":"munkaallomasok-mikroszkopok","status":"publish","type":"page","link":"https:\/\/semmelweis.hu\/anatomia\/kutatas\/munkaallomasok-mikroszkopok\/","title":{"rendered":"Munka\u00e1llom\u00e1sok, mikroszk\u00f3pok"},"content":{"rendered":"<ul style=\"list-style-type: square;\">\n<li>Konfok\u00e1lis mikroszk\u00f3p<\/li>\n<li>Elektronmikroszk\u00f3pok<\/li>\n<li>PCR laborat\u00f3rium<\/li>\n<li>Izot\u00f3p laborat\u00f3rium<\/li>\n<\/ul>\n","protected":false},"excerpt":{"rendered":"<p>Konfok\u00e1lis mikroszk\u00f3p<br \/>\nElektronmikroszk\u00f3pok<br \/>\nPCR laborat\u00f3rium<br \/>\nIzot\u00f3p laborat\u00f3rium<\/p>\n","protected":false},"author":101248,"featured_media":0,"parent":1250,"menu_order":1,"comment_status":"closed","ping_status":"closed","template":"","meta":{"_acf_changed":false,"footnotes":""},"categories":[],"tags":[],"class_list":["post-13739","page","type-page","status-publish","hentry"],"acf":[],"_links":{"self":[{"href":"https:\/\/semmelweis.hu\/anatomia\/wp-json\/wp\/v2\/pages\/13739","targetHints":{"allow":["GET"]}}],"collection":[{"href":"https:\/\/semmelweis.hu\/anatomia\/wp-json\/wp\/v2\/pages"}],"about":[{"href":"https:\/\/semmelweis.hu\/anatomia\/wp-json\/wp\/v2\/types\/page"}],"author":[{"embeddable":true,"href":"https:\/\/semmelweis.hu\/anatomia\/wp-json\/wp\/v2\/users\/101248"}],"replies":[{"embeddable":true,"href":"https:\/\/semmelweis.hu\/anatomia\/wp-json\/wp\/v2\/comments?post=13739"}],"version-history":[{"count":2,"href":"https:\/\/semmelweis.hu\/anatomia\/wp-json\/wp\/v2\/pages\/13739\/revisions"}],"predecessor-version":[{"id":28496,"href":"https:\/\/semmelweis.hu\/anatomia\/wp-json\/wp\/v2\/pages\/13739\/revisions\/28496"}],"up":[{"embeddable":true,"href":"https:\/\/semmelweis.hu\/anatomia\/wp-json\/wp\/v2\/pages\/1250"}],"wp:attachment":[{"href":"https:\/\/semmelweis.hu\/anatomia\/wp-json\/wp\/v2\/media?parent=13739"}],"wp:term":[{"taxonomy":"category","embeddable":true,"href":"https:\/\/semmelweis.hu\/anatomia\/wp-json\/wp\/v2\/categories?post=13739"},{"taxonomy":"post_tag","embeddable":true,"href":"https:\/\/semmelweis.hu\/anatomia\/wp-json\/wp\/v2\/tags?post=13739"}],"curies":[{"name":"wp","href":"https:\/\/api.w.org\/{rel}","templated":true}]}}