{"id":12725,"date":"2017-08-03T14:48:48","date_gmt":"2017-08-03T12:48:48","guid":{"rendered":"http:\/\/semmelweis.hu\/anatomia\/?page_id=12725"},"modified":"2025-05-22T11:38:57","modified_gmt":"2025-05-22T09:38:57","slug":"apathy-istvan-alapitvany","status":"publish","type":"page","link":"https:\/\/semmelweis.hu\/anatomia\/az-intezet-alapitvanyai\/apathy-istvan-alapitvany\/","title":{"rendered":"Ap\u00e1thy Istv\u00e1n Alap\u00edtv\u00e1ny \u00e9s p\u00e1ly\u00e1zat"},"content":{"rendered":"<p>Az Alap\u00edtv\u00e1ny, mint k\u00f6zhaszn\u00fa szervezet a gyakorlati anat\u00f3mia, sz\u00f6vettan \u00e9s fejl\u0151d\u00e9sbiol\u00f3gia oktat\u00e1s\u00e1nak fejleszt\u00e9s\u00e9t t\u0171zi ki c\u00e9lul a gradu\u00e1lis \u00e9s posztgradu\u00e1lis orvosegyetemi k\u00e9pz\u00e9sben.\u00a0Az alap\u00edtv\u00e1nyi tev\u00e9kenys\u00e9g gyakorl\u00e1s\u00e1val Ap\u00e1thy Istv\u00e1nnak, a nemzetk\u00f6zi h\u00edr\u0171 magyar tud\u00f3snak k\u00edv\u00e1nunk eml\u00e9ket \u00e1ll\u00edtani, \u00e9s sz\u00e1nd\u00e9kunk, hogy az alap\u00edtv\u00e1nyi c\u00e9lok az \u0151 szakmai hagyat\u00e9k\u00e1nak szellem\u00e9ben val\u00f3suljanak meg.<\/p>\n<h4 style=\"text-align: center\">Az Ap\u00e1thy Istv\u00e1n Alap\u00edtv\u00e1ny ad\u00f3sz\u00e1ma:\u00a0<strong>18230831-1-43<\/strong><\/h4>\n<h4 style=\"text-align: center\">K\u00f6sz\u00f6nj\u00fck tev\u00e9kenys\u00e9g\u00fcnk t\u00e1mogat\u00e1s\u00e1t!<\/h4>\n<p><span style=\"font-size: 18pt\"><strong>Az Alap\u00edtv\u00e1ny el\u00e9rhet\u0151s\u00e9ge:<\/strong><\/span><\/p>\n<p style=\"text-align: left;padding-left: 320px\"><a href=\"https:\/\/semmelweis.hu\/telefonkonyv\/?emp_id=81\">Dr. Nemesk\u00e9ri \u00c1gnes<\/a><br \/>\nkurat\u00f3rumi eln\u00f6k<\/p>\n<p>&nbsp;<\/p>\n<p>&nbsp;<\/p>\n<p style=\"text-align: left\"><strong>Az Ap\u00e1thy Alap\u00edtv\u00e1ny p\u00e1ly\u00e1zata<\/strong> (prepar\u00e1tumk\u00e9sz\u00edt\u00e9s)<\/p>\n<p>Ap\u00e1thy Istv\u00e1n Alap\u00edtv\u00e1ny prepar\u00e1tumk\u00e9sz\u00edt\u0151 verseny <a href=\"https:\/\/semmelweis.hu\/anatomia\/2017\/03\/03\/apathy-verseny-2017-2\/\" target=\"_blank\" rel=\"noopener noreferrer\"><strong>eredm\u00e9nye, k\u00e9pekkel (2017)<\/strong><\/a><\/p>\n<p><strong>K\u00f6zhaszn\u00fas\u00e1gi besz\u00e1mol\u00f3k (pdf):<\/strong><\/p>\n<p>&nbsp;<\/p>\n<p>&nbsp;<\/p>\n<ul style=\"list-style-type: square\">\n<li><a href=\"https:\/\/semmelweis.hu\/anatomia\/files\/2025\/05\/OBHGEPI-PK-1042.pdf\" target=\"_blank\" rel=\"noopener\">2024<\/a><\/li>\n<li><a href=\"https:\/\/semmelweis.hu\/anatomia\/files\/2025\/05\/OBHGEPI_PK_942.pdf\" target=\"_blank\" rel=\"noopener\">2023<\/a><\/li>\n<li><a href=\"https:\/\/semmelweis.hu\/anatomia\/files\/2023\/02\/OBHGEPI_PK_842-beszamolo.pdf\" target=\"_blank\" rel=\"noopener\">2022<\/a><\/li>\n<li><a href=\"https:\/\/semmelweis.hu\/anatomia\/files\/2023\/02\/OBHGEPI_PK_742.pdf\" target=\"_blank\" rel=\"noopener\">2021<\/a><\/li>\n<li><a href=\"https:\/\/semmelweis.hu\/anatomia\/files\/2021\/05\/OBHGEPI_PK_642.pdf\" target=\"_blank\" rel=\"noopener noreferrer\">2020<\/a><\/li>\n<li><a href=\"https:\/\/semmelweis.hu\/anatomia\/files\/2021\/05\/PK542.pdf\" target=\"_blank\" rel=\"noopener noreferrer\">2019<\/a><\/li>\n<li><a href=\"https:\/\/semmelweis.hu\/anatomia\/files\/2021\/05\/OBHGEPI_PK_442_Ap\u00e1thy_Istv\u00e1n_Alap\u00edtv\u00e1ny_4163549377613.pdf\" target=\"_blank\" rel=\"noopener noreferrer\">2018<\/a><\/li>\n<li><a href=\"https:\/\/semmelweis.hu\/anatomia\/files\/2018\/06\/PK-342-al\u00e1\u00edrt072.pdf\" target=\"_blank\" rel=\"noopener noreferrer\">2017<\/a><\/li>\n<li><a href=\"https:\/\/semmelweis.hu\/anatomia\/files\/2018\/06\/PK-242-2016..pdf\" target=\"_blank\" rel=\"noopener noreferrer\">2016<\/a><\/li>\n<li><a href=\"https:\/\/semmelweis.hu\/anatomia\/files\/2018\/06\/Kieg\u00e9sz\u00edt\u0151-mell\u00e9klet-2015jav.pdf\" target=\"_blank\" rel=\"noopener noreferrer\">2015<\/a><\/li>\n<li><a href=\"https:\/\/semmelweis.hu\/anatomia\/files\/2018\/06\/PK-142-Besz\u00e1mol\u00f3k\u00f6zh.mell\u00e9klet.pdf\" target=\"_blank\" rel=\"noopener noreferrer\">2014<\/a><\/li>\n<li><a href=\"https:\/\/semmelweis.hu\/anatomia\/files\/2018\/06\/Kieg\u00e9sz\u00edtett-civilm\u00e9rleg.pdf\" target=\"_blank\" rel=\"noopener noreferrer\">2013<\/a><\/li>\n<li><a href=\"https:\/\/semmelweis.hu\/anatomia\/files\/2018\/06\/K\u00f6zhaszn\u00fas\u00e1gi-jelent\u00e9s.pdf\" target=\"_blank\" rel=\"noopener noreferrer\">2012<\/a><\/li>\n<li><a href=\"https:\/\/semmelweis.hu\/anatomia\/files\/2018\/06\/K\u00f6zhasz.-jelent\u00e9s-2011_1.pdf\" target=\"_blank\" rel=\"noopener noreferrer\">2011<\/a><\/li>\n<li><a href=\"https:\/\/semmelweis.hu\/anatomia\/files\/2018\/06\/K\u00f6zhasz.-jelent\u00e9s-2010.pdf\" target=\"_blank\" rel=\"noopener noreferrer\">2010<\/a><\/li>\n<li><a href=\"https:\/\/semmelweis.hu\/anatomia\/files\/2018\/06\/K\u00c2zhasz.-jelent\u0119s-2009.pdf\" target=\"_blank\" rel=\"noopener noreferrer\">2009<\/a><\/li>\n<\/ul>\n","protected":false},"excerpt":{"rendered":"<p>Az Alap\u00edtv\u00e1ny, mint k\u00f6zhaszn\u00fa szervezet a gyakorlati anat\u00f3mia, sz\u00f6vettan \u00e9s fejl\u0151d\u00e9sbiol\u00f3gia oktat\u00e1s\u00e1nak fejleszt\u00e9s\u00e9t t\u0171zi ki c\u00e9lul a gradu\u00e1lis \u00e9s posztgradu\u00e1lis orvosegyetemi k\u00e9pz\u00e9sben.\u00a0Az alap\u00edtv\u00e1nyi tev\u00e9kenys\u00e9g gyakorl\u00e1s\u00e1val Ap\u00e1thy Istv\u00e1nnak, a nemzetk\u00f6zi h\u00edr\u0171 magyar tud\u00f3snak k\u00edv\u00e1nunk eml\u00e9ket \u00e1ll\u00edtani, \u00e9s sz\u00e1nd\u00e9kunk, hogy az alap\u00edtv\u00e1nyi c\u00e9lok az \u0151 szakmai hagyat\u00e9k\u00e1nak szellem\u00e9ben val\u00f3suljanak meg. Az Ap\u00e1thy Istv\u00e1n Alap\u00edtv\u00e1ny ad\u00f3sz\u00e1ma:\u00a018230831-1-43 K\u00f6sz\u00f6nj\u00fck tev\u00e9kenys\u00e9g\u00fcnk &hellip;<\/p>\n","protected":false},"author":12,"featured_media":0,"parent":12723,"menu_order":0,"comment_status":"closed","ping_status":"closed","template":"","meta":{"_acf_changed":false,"footnotes":""},"categories":[],"tags":[],"class_list":["post-12725","page","type-page","status-publish","hentry"],"acf":[],"_links":{"self":[{"href":"https:\/\/semmelweis.hu\/anatomia\/wp-json\/wp\/v2\/pages\/12725","targetHints":{"allow":["GET"]}}],"collection":[{"href":"https:\/\/semmelweis.hu\/anatomia\/wp-json\/wp\/v2\/pages"}],"about":[{"href":"https:\/\/semmelweis.hu\/anatomia\/wp-json\/wp\/v2\/types\/page"}],"author":[{"embeddable":true,"href":"https:\/\/semmelweis.hu\/anatomia\/wp-json\/wp\/v2\/users\/12"}],"replies":[{"embeddable":true,"href":"https:\/\/semmelweis.hu\/anatomia\/wp-json\/wp\/v2\/comments?post=12725"}],"version-history":[{"count":11,"href":"https:\/\/semmelweis.hu\/anatomia\/wp-json\/wp\/v2\/pages\/12725\/revisions"}],"predecessor-version":[{"id":32783,"href":"https:\/\/semmelweis.hu\/anatomia\/wp-json\/wp\/v2\/pages\/12725\/revisions\/32783"}],"up":[{"embeddable":true,"href":"https:\/\/semmelweis.hu\/anatomia\/wp-json\/wp\/v2\/pages\/12723"}],"wp:attachment":[{"href":"https:\/\/semmelweis.hu\/anatomia\/wp-json\/wp\/v2\/media?parent=12725"}],"wp:term":[{"taxonomy":"category","embeddable":true,"href":"https:\/\/semmelweis.hu\/anatomia\/wp-json\/wp\/v2\/categories?post=12725"},{"taxonomy":"post_tag","embeddable":true,"href":"https:\/\/semmelweis.hu\/anatomia\/wp-json\/wp\/v2\/tags?post=12725"}],"curies":[{"name":"wp","href":"https:\/\/api.w.org\/{rel}","templated":true}]}}