{"id":291,"date":"2020-12-09T10:21:20","date_gmt":"2020-12-09T09:21:20","guid":{"rendered":"https:\/\/semmelweis.hu\/amresu\/?page_id=291"},"modified":"2021-10-14T14:31:31","modified_gmt":"2021-10-14T12:31:31","slug":"primjena","status":"publish","type":"page","link":"https:\/\/semmelweis.hu\/amresu\/hr\/opis-projekta\/primjena\/","title":{"rendered":"Primjena"},"content":{"rendered":"<p style=\"text-align: justify\">Struktura radnih paketa AmReSu-a slijedi koncept razvoja strate\u0161ke vizije vezano uz problem rezistencije i odvija se kroz tri paralelna pravca, uz aktivnosti usmjerene na podr\u0161ku projektu, kao \u0161to su eti\u010dki zahtjevi (WP1), op\u0107e upravljanje projektom kroz WP2 te mjere komunikacije i diseminacije kroz WP5 i WP6 radi postizanja boljeg u\u010dinka. WP2 (upravljanje konzorcijem) obuhva\u0107a upravlja\u010dke odgovornosti koje su potrebne za koordinaciju rada projektnih partnera, kao i za ostvarivanje svih administrativnih zadataka vezanih za provedbu ugovora o dodjeli bespovratnih sredstava. WP5 (diseminacija, komunikacija) stavlja zna\u010dajan naglasak na razvoj komunikacijskih strategija u smislu podizanja svijesti i prijenosa informacija kako bi se do\u0161lo do relevantnih udruga i zainteresiranih strana. Op\u0107e informacije o projektu \u0107e tako\u0111e biti predstavljene \u0161iroj javnosti, kao i publikacije proiza\u0161le iz projekta objavljene u otvorenom pristupu.<\/p>\n<p style=\"text-align: justify\">Elementi koordinacije i podr\u0161ke osigurat \u0107e pravilno izvr\u0161avanje strate\u0161ke vizije pitanje rezistencije kroz AmReSu. Stoga \u0107e se i djelovanje twinning grupa odvijati paralelno, iako \u0107e biti specijalizirane za odre\u0111enu poddomenu. WP3 (aktivnosti twinning grupe vezane uz antimikrobnu rezistenciju kod humanog doma\u0107ina &#8211; rezistom), WP4 (aktivnosti twinning grupe vezane uz antimikrobnu rezistenciju na razini bakterijskog soja) \u0107e procijeniti i pobolj\u0161ati potencijal istra\u017eivanja u odre\u0111ene poddomeni pomo\u0107u mentorstva, edukacija i ljetnih \u0161kola. Za WP3 odabrat \u0107e se deset najzna\u010dajnijih bakterijskih uzro\u010dnika s liste prioritetnih patogena Svjetske zdrastvene organizacije, a za edukaciju \u0107e se koristiti 10 sojeva svakog uzro\u010dnika, osim P. aeruginosa, koja je obuhva\u0107ena radnim paketom 4. Za metagenomiku fokus \u0107e biti na respiratornim uzorcima, budu\u0107i da je poznato da ve\u0107ina navedenih patogena izaziva te\u0161ke respiratorne bolesti. Grupa od 30-50 uzoraka respiratornih infekcija (poput ETA), koji su ve\u0107 pohranjeni u biobanci UAntwerpen, bit \u0107e nasumi\u010dno odabrani. Kako bi se pripremili na samoodr\u017eivost, partneri \u0107e se u WP6 (Procjena u\u010dinka i odr\u017eivost) usredoto\u010diti na pitanja upravljanja i dijeljenja intelektualnog vlasni\u0161tva, kao i na ja\u010danje umre\u017eavanja s predstavnicima industrije i drugim dionicima, uklju\u010duju\u0107i donositelje politika.<\/p>\n<p>Projekt \u0107e se izvr\u0161avati u skladu sa sljede\u0107im:<\/p>\n<table style=\"height: 318px;width: 100%;border-collapse: collapse\">\n<tbody>\n<tr style=\"height: 30px;background-color: #000099\">\n<td style=\"height: 57px;text-align: center\"><span style=\"color: #ffffff\"><strong>Radni paket <br \/>\nbroj<\/strong><\/span><\/td>\n<td style=\"height: 57px;text-align: center\"><span style=\"color: #ffffff\"><strong>Naziv radnog paketa<\/strong><\/span><\/td>\n<td style=\"height: 57px;text-align: center\"><span style=\"color: #ffffff\"><strong>Glavni nositelj<\/strong><\/span><\/td>\n<td style=\"height: 57px;text-align: center\"><span style=\"color: #ffffff\"><strong>Po\u010detak (mjesec) <\/strong><\/span><\/td>\n<td style=\"height: 57px;text-align: center\"><span style=\"color: #ffffff\"><strong>Zavr\u0161etak (mjesec)<\/strong><\/span><\/td>\n<\/tr>\n<tr style=\"height: 30px\">\n<td style=\"height: 30px\"><strong>WP1<\/strong><\/td>\n<td style=\"height: 30px\">Eti\u010dka odobrenja<\/td>\n<td style=\"height: 30px\">SU<\/td>\n<td style=\"height: 30px\">1<\/td>\n<td style=\"height: 30px\">36<\/td>\n<\/tr>\n<tr style=\"height: 30px\">\n<td style=\"height: 30px\"><strong>WP2<\/strong><\/td>\n<td style=\"height: 30px\">Upravljanje konzorcijem<\/td>\n<td style=\"height: 30px\">SU<\/td>\n<td style=\"height: 30px\">1<\/td>\n<td style=\"height: 30px\">36<\/td>\n<\/tr>\n<tr style=\"height: 84px\">\n<td style=\"height: 84px\"><strong>WP3<\/strong><\/td>\n<td style=\"height: 84px\"><a href=\"https:\/\/semmelweis.hu\/amresu\/wp3\/\">Aktivnosti twinning grupe vezane uz analizu antimikrobne rezistencije sekvenciranjem cijelog genoma i analizom metagenoma<\/a><\/td>\n<td style=\"height: 84px\">UAntwerp<\/td>\n<td style=\"height: 84px\">1<\/td>\n<td style=\"height: 84px\">36<\/td>\n<\/tr>\n<tr style=\"height: 57px\">\n<td style=\"height: 57px\"><strong>WP4<\/strong><\/td>\n<td style=\"height: 57px\"><a href=\"https:\/\/semmelweis.hu\/amresu\/about\/implementation\/wp4\/\">Aktivnosti twinning grupe vezane uz analizu cijelog genoma Pseudomonas aeruginosa<\/a><\/td>\n<td style=\"height: 57px\">IdISBa<\/td>\n<td style=\"height: 57px\">1<\/td>\n<td style=\"height: 57px\">36<\/td>\n<\/tr>\n<tr style=\"height: 30px\">\n<td style=\"height: 30px\"><strong>WP5<\/strong><\/td>\n<td style=\"height: 30px\">Diseminacija, komunikacija<\/td>\n<td style=\"height: 30px\">BFM<\/td>\n<td style=\"height: 30px\">1<\/td>\n<td style=\"height: 30px\">36<\/td>\n<\/tr>\n<tr style=\"height: 30px\">\n<td style=\"height: 30px\"><strong>WP6<\/strong><\/td>\n<td style=\"height: 30px\">Procjena utjecaja i odr\u017eivosti<\/td>\n<td style=\"height: 30px\">SU<\/td>\n<td style=\"height: 30px\">12<\/td>\n<td style=\"height: 30px\">36<\/td>\n<\/tr>\n<\/tbody>\n<\/table>\n","protected":false},"excerpt":{"rendered":"<p>Struktura radnih paketa AmReSu-a slijedi koncept razvoja strate\u0161ke vizije vezano uz problem rezistencije i odvija se kroz tri paralelna pravca, uz aktivnosti usmjerene na podr\u0161ku projektu, kao \u0161to su eti\u010dki zahtjevi (WP1), op\u0107e upravljanje projektom kroz WP2 te mjere komunikacije i diseminacije kroz WP5 i WP6 radi postizanja boljeg u\u010dinka. WP2 (upravljanje konzorcijem) obuhva\u0107a upravlja\u010dke &hellip;<\/p>\n","protected":false},"author":182,"featured_media":0,"parent":289,"menu_order":1,"comment_status":"closed","ping_status":"closed","template":"","meta":{"_acf_changed":false,"footnotes":""},"categories":[],"tags":[],"class_list":["post-291","page","type-page","status-publish","hentry"],"acf":[],"_links":{"self":[{"href":"https:\/\/semmelweis.hu\/amresu\/wp-json\/wp\/v2\/pages\/291","targetHints":{"allow":["GET"]}}],"collection":[{"href":"https:\/\/semmelweis.hu\/amresu\/wp-json\/wp\/v2\/pages"}],"about":[{"href":"https:\/\/semmelweis.hu\/amresu\/wp-json\/wp\/v2\/types\/page"}],"author":[{"embeddable":true,"href":"https:\/\/semmelweis.hu\/amresu\/wp-json\/wp\/v2\/users\/182"}],"replies":[{"embeddable":true,"href":"https:\/\/semmelweis.hu\/amresu\/wp-json\/wp\/v2\/comments?post=291"}],"version-history":[{"count":1,"href":"https:\/\/semmelweis.hu\/amresu\/wp-json\/wp\/v2\/pages\/291\/revisions"}],"predecessor-version":[{"id":292,"href":"https:\/\/semmelweis.hu\/amresu\/wp-json\/wp\/v2\/pages\/291\/revisions\/292"}],"up":[{"embeddable":true,"href":"https:\/\/semmelweis.hu\/amresu\/wp-json\/wp\/v2\/pages\/289"}],"wp:attachment":[{"href":"https:\/\/semmelweis.hu\/amresu\/wp-json\/wp\/v2\/media?parent=291"}],"wp:term":[{"taxonomy":"category","embeddable":true,"href":"https:\/\/semmelweis.hu\/amresu\/wp-json\/wp\/v2\/categories?post=291"},{"taxonomy":"post_tag","embeddable":true,"href":"https:\/\/semmelweis.hu\/amresu\/wp-json\/wp\/v2\/tags?post=291"}],"curies":[{"name":"wp","href":"https:\/\/api.w.org\/{rel}","templated":true}]}}