{"id":266,"date":"2020-12-09T10:33:43","date_gmt":"2020-12-09T09:33:43","guid":{"rendered":"https:\/\/semmelweis.hu\/amresu\/?page_id=266"},"modified":"2021-02-10T14:39:26","modified_gmt":"2021-02-10T13:39:26","slug":"beneficios","status":"publish","type":"page","link":"https:\/\/semmelweis.hu\/amresu\/es\/sobre-el-proyecto\/beneficios\/","title":{"rendered":"Beneficios"},"content":{"rendered":"<p style=\"text-align: justify\">La singularidad de <strong>AmReSu<\/strong> se basa en la alineaci\u00f3n de la visi\u00f3n estrat\u00e9gica, las prioridades y los intereses de todos los socios del hermanamiento, lo que garantiza que, aunque se centre en el fortalecimiento de la investigaci\u00f3n de la resistencia antibi\u00f3tica en la SU, los resultados obtenidos a trav\u00e9s del proyecto <strong>tambi\u00e9n beneficiar\u00e1n<\/strong> a las instituciones de investigaci\u00f3n l\u00edderes a nivel internacional UAntwerp e IdISBa:<\/p>\n<ul>\n<li style=\"text-align: justify\">el fortalecimiento de las colaboraciones cient\u00edficas ya existentes y el inicio de nuevas colaboraciones entre los grupos de investigaci\u00f3n SU y BFM y los grupos investigadores de las instituciones asociadas reconocidos mundialmente en el campo de la resistencia a los antibi\u00f3ticos;<\/li>\n<li style=\"text-align: justify\">la complementariedad de los servicios t\u00e9cnicos y de apoyo as\u00ed como de las instalaciones entre todas las instituciones asociadas que permitan el intercambio de conocimientos y experiencias;<\/li>\n<li style=\"text-align: justify\">el aumento significativo del impacto de la investigaci\u00f3n de la resistencia a los antibi\u00f3ticos en SU, as\u00ed como el provecho de todos los dem\u00e1s campos de investigaci\u00f3n del instituto a trav\u00e9s de la experiencia y la red de colaboraci\u00f3n puesta a disposici\u00f3n por los socios del proyecto;<\/li>\n<li style=\"text-align: justify\">la agrupaci\u00f3n con las principales regiones innovadoras europeas, donde las instituciones asociadas est\u00e1n ya integradas y tienen sus redes establecidas al igual que una reputaci\u00f3n destacada, especialmente con actividad dentro de la industria emergente de biofarma;<\/li>\n<li style=\"text-align: justify\">el potencial para aumentar la competencia y la excelencia regionales y nacionales en el campo de la investigaci\u00f3n de la inmunidad y las infecciones mediante el posicionamiento de la SU como bisagra en la red de partes interesadas regionales y nacionales.<\/li>\n<\/ul>\n","protected":false},"excerpt":{"rendered":"<p>La singularidad de AmReSu se basa en la alineaci\u00f3n de la visi\u00f3n estrat\u00e9gica, las prioridades y los intereses de todos los socios del hermanamiento, lo que garantiza que, aunque se centre en el fortalecimiento de la investigaci\u00f3n de la resistencia antibi\u00f3tica en la SU, los resultados obtenidos a trav\u00e9s del proyecto tambi\u00e9n beneficiar\u00e1n a las &hellip;<\/p>\n","protected":false},"author":182,"featured_media":0,"parent":260,"menu_order":2,"comment_status":"closed","ping_status":"closed","template":"","meta":{"_acf_changed":false,"footnotes":""},"categories":[],"tags":[],"class_list":["post-266","page","type-page","status-publish","hentry"],"acf":[],"_links":{"self":[{"href":"https:\/\/semmelweis.hu\/amresu\/wp-json\/wp\/v2\/pages\/266","targetHints":{"allow":["GET"]}}],"collection":[{"href":"https:\/\/semmelweis.hu\/amresu\/wp-json\/wp\/v2\/pages"}],"about":[{"href":"https:\/\/semmelweis.hu\/amresu\/wp-json\/wp\/v2\/types\/page"}],"author":[{"embeddable":true,"href":"https:\/\/semmelweis.hu\/amresu\/wp-json\/wp\/v2\/users\/182"}],"replies":[{"embeddable":true,"href":"https:\/\/semmelweis.hu\/amresu\/wp-json\/wp\/v2\/comments?post=266"}],"version-history":[{"count":1,"href":"https:\/\/semmelweis.hu\/amresu\/wp-json\/wp\/v2\/pages\/266\/revisions"}],"predecessor-version":[{"id":267,"href":"https:\/\/semmelweis.hu\/amresu\/wp-json\/wp\/v2\/pages\/266\/revisions\/267"}],"up":[{"embeddable":true,"href":"https:\/\/semmelweis.hu\/amresu\/wp-json\/wp\/v2\/pages\/260"}],"wp:attachment":[{"href":"https:\/\/semmelweis.hu\/amresu\/wp-json\/wp\/v2\/media?parent=266"}],"wp:term":[{"taxonomy":"category","embeddable":true,"href":"https:\/\/semmelweis.hu\/amresu\/wp-json\/wp\/v2\/categories?post=266"},{"taxonomy":"post_tag","embeddable":true,"href":"https:\/\/semmelweis.hu\/amresu\/wp-json\/wp\/v2\/tags?post=266"}],"curies":[{"name":"wp","href":"https:\/\/api.w.org\/{rel}","templated":true}]}}