{"id":249,"date":"2020-12-09T10:33:43","date_gmt":"2020-12-09T09:33:43","guid":{"rendered":"https:\/\/semmelweis.hu\/amresu\/?page_id=249"},"modified":"2020-12-17T11:23:22","modified_gmt":"2020-12-17T10:23:22","slug":"elonyok","status":"publish","type":"page","link":"https:\/\/semmelweis.hu\/amresu\/hu\/projekt-leiras\/elonyok\/","title":{"rendered":"El\u0151ny\u00f6k"},"content":{"rendered":"<p style=\"text-align: justify\">Az AmReSu Twinning program egyedis\u00e9ge az \u00f6sszes partner int\u00e9zm\u00e9ny strat\u00e9giai elk\u00e9pzel\u00e9s\u00e9nek, priorit\u00e1sainak \u00e9s \u00e9rdekeinek \u00f6sszehangol\u00e1s\u00e1n alapul, biztos\u00edtva, hogy b\u00e1r az SU \u00e1ll az antibiotikum-rezisztencia kutat\u00e1si projekt k\u00f6z\u00e9ppontj\u00e1ban, a projekt sor\u00e1n el\u00e9rt eredm\u00e9nyek az \u00f6sszes partner sz\u00e1m\u00e1ra el\u0151ny\u00f6sek lesznek:<\/p>\n<ul style=\"list-style-type: circle\">\n<li style=\"text-align: justify\">a SU \u00e9s a BFM kutat\u00f3csoportok \u00e9s az antibiotikum-rezisztencia vil\u00e1gvezet\u0151 kutat\u00f3i (UAntwerp \u00e9s IdISBa) k\u00f6z\u00f6tti m\u00e1r megl\u00e9v\u0151, \u00e9s \u00faj tudom\u00e1nyos egy\u00fcttm\u0171k\u00f6d\u00e9s meger\u0151s\u00edt\u00e9se<\/li>\n<li style=\"text-align: justify\">a partnerint\u00e9zm\u00e9nyek k\u00f6z\u00f6tti technikai szolg\u00e1ltat\u00e1sok \u00e9s l\u00e9tes\u00edtm\u00e9nyek egym\u00e1st kieg\u00e9sz\u00edt\u0151 jellege, amely lehet\u0151v\u00e9 teszi az ismeretek \u00e9s tapasztalatok cser\u00e9j\u00e9t;<\/li>\n<li style=\"text-align: justify\">jelent\u0151sen n\u00f6velni lehet az antibiotikum-rezisztencia kutat\u00e1si ter\u00fclet\u00e9nek jelent\u0151s\u00e9g\u00e9t az SU-ban, valamint az int\u00e9zet \u00f6sszes t\u00f6bbi kutat\u00e1si ter\u00fclet\u00e9nek fejleszt\u00e9s\u00e9ben is fel lehet haszn\u00e1lni a Twinning partnerek szak\u00e9rtelm\u00e9t \u00e9s egy\u00fcttm\u0171k\u00f6d\u00e9s\u00e9t a projekt r\u00e9v\u00e9n;<\/li>\n<li style=\"text-align: justify\">k\u00f6z\u00f6s munka a vezet\u0151 eur\u00f3pai r\u00e9gi\u00f3kkal, ahol a partner int\u00e9zm\u00e9nyek m\u00e1r ki\u00e9p\u00edtett h\u00e1l\u00f3zatokkal \u00e9s kiemelked\u0151 h\u00edrn\u00e9vvel rendelkeznek k\u00fcl\u00f6n\u00f6s tekintettel a felt\u00f6rekv\u0151 biofarmatikai tev\u00e9kenys\u00e9gekre<\/li>\n<li style=\"text-align: justify\">az immunrendszer \u00e9s a fert\u0151z\u00e9sek kutat\u00e1si kompetenci\u00e1j\u00e1nak n\u00f6vel\u00e9si lehet\u0151s\u00e9ge az\u00e1ltal, hogy az SU-t a region\u00e1lis \u00e9s nemzeti \u00e9rdekeltekkel kapcsolatba hozza<\/li>\n<\/ul>\n","protected":false},"excerpt":{"rendered":"<p>Az AmReSu Twinning program egyedis\u00e9ge az \u00f6sszes partner int\u00e9zm\u00e9ny strat\u00e9giai elk\u00e9pzel\u00e9s\u00e9nek, priorit\u00e1sainak \u00e9s \u00e9rdekeinek \u00f6sszehangol\u00e1s\u00e1n alapul, biztos\u00edtva, hogy b\u00e1r az SU \u00e1ll az antibiotikum-rezisztencia kutat\u00e1si projekt k\u00f6z\u00e9ppontj\u00e1ban, a projekt sor\u00e1n el\u00e9rt eredm\u00e9nyek az \u00f6sszes partner sz\u00e1m\u00e1ra el\u0151ny\u00f6sek lesznek: a SU \u00e9s a BFM kutat\u00f3csoportok \u00e9s az antibiotikum-rezisztencia vil\u00e1gvezet\u0151 kutat\u00f3i (UAntwerp \u00e9s IdISBa) k\u00f6z\u00f6tti m\u00e1r megl\u00e9v\u0151, &hellip;<\/p>\n","protected":false},"author":182,"featured_media":0,"parent":244,"menu_order":2,"comment_status":"closed","ping_status":"closed","template":"","meta":{"_acf_changed":false,"footnotes":""},"categories":[],"tags":[],"class_list":["post-249","page","type-page","status-publish","hentry"],"acf":[],"_links":{"self":[{"href":"https:\/\/semmelweis.hu\/amresu\/wp-json\/wp\/v2\/pages\/249","targetHints":{"allow":["GET"]}}],"collection":[{"href":"https:\/\/semmelweis.hu\/amresu\/wp-json\/wp\/v2\/pages"}],"about":[{"href":"https:\/\/semmelweis.hu\/amresu\/wp-json\/wp\/v2\/types\/page"}],"author":[{"embeddable":true,"href":"https:\/\/semmelweis.hu\/amresu\/wp-json\/wp\/v2\/users\/182"}],"replies":[{"embeddable":true,"href":"https:\/\/semmelweis.hu\/amresu\/wp-json\/wp\/v2\/comments?post=249"}],"version-history":[{"count":1,"href":"https:\/\/semmelweis.hu\/amresu\/wp-json\/wp\/v2\/pages\/249\/revisions"}],"predecessor-version":[{"id":250,"href":"https:\/\/semmelweis.hu\/amresu\/wp-json\/wp\/v2\/pages\/249\/revisions\/250"}],"up":[{"embeddable":true,"href":"https:\/\/semmelweis.hu\/amresu\/wp-json\/wp\/v2\/pages\/244"}],"wp:attachment":[{"href":"https:\/\/semmelweis.hu\/amresu\/wp-json\/wp\/v2\/media?parent=249"}],"wp:term":[{"taxonomy":"category","embeddable":true,"href":"https:\/\/semmelweis.hu\/amresu\/wp-json\/wp\/v2\/categories?post=249"},{"taxonomy":"post_tag","embeddable":true,"href":"https:\/\/semmelweis.hu\/amresu\/wp-json\/wp\/v2\/tags?post=249"}],"curies":[{"name":"wp","href":"https:\/\/api.w.org\/{rel}","templated":true}]}}