{"id":980,"date":"2024-03-02T09:49:47","date_gmt":"2024-03-02T08:49:47","guid":{"rendered":"https:\/\/semmelweis.hu\/amerikaiut\/?page_id=980"},"modified":"2025-03-03T11:56:08","modified_gmt":"2025-03-03T10:56:08","slug":"tajekoztato-kameras-megfigyelesrol","status":"publish","type":"page","link":"https:\/\/semmelweis.hu\/amerikaiut\/beteginformacio\/tajekoztato-kameras-megfigyelesrol\/","title":{"rendered":"T\u00e1j\u00e9koztat\u00f3 kamer\u00e1s megfigyel\u00e9sr\u0151l"},"content":{"rendered":"<p><strong>T\u00e1j\u00e9koztat\u00f3 a kamer\u00e1val t\u00f6rt\u00e9n\u0151 megfigyel\u00e9shez kapcsol\u00f3d\u00f3 adatkezel\u00e9sr\u0151l <\/strong><\/p>\n<p style=\"text-align: justify\">Ez\u00faton t\u00e1j\u00e9koztatjuk \u00d6n\u00f6ket, hogy az SE Idegseb\u00e9szeti<strong> \u00e9s Neurointervenci\u00f3s Klinika <\/strong>(tov\u00e1bbiakban: Int\u00e9zet) ter\u00fclet\u00e9n, \u00e9p\u00fcleteiben \u00e9let- \u00e9s vagyonv\u00e9delmi elektronikus megfigyel\u0151rendszert m\u0171k\u00f6dtet\u00fcnk. Err\u0151l az Int\u00e9zet bej\u00e1ratain\u00e1l, valamint az Int\u00e9zet ter\u00fclet\u00e9n t\u00f6bb helyen elhelyezett, ,,Kamer\u00e1val megfigyelt ter\u00fclet&#8221; felirat\u00fa t\u00e1bl\u00e1kkal is t\u00e1j\u00e9koztatjuk tisztelt betegeinket \u00e9s l\u00e1togat\u00f3inkat.<\/p>\n<ol style=\"text-align: justify\">\n<li style=\"text-align: justify\"><strong>Adatkezel\u0151 neve \u00e9s el\u00e9rhet\u0151s\u00e9ge: <\/strong>SE Idegseb\u00e9szeti \u00e9s Neurointervenci\u00f3s Klinika,<br \/>\n1145 Budapest, Amerikai \u00fat 57., <br \/>\nTel.: 467-9300<\/li>\n<li style=\"text-align: justify\"><strong>Az adatkezel\u00e9s c\u00e9lja: <\/strong>Az elektronikus megfigyel\u0151rendszer m\u0171k\u00f6dtet\u00e9s\u00e9nek c\u00e9lja, \u00f6sszhangban a vonatkoz\u00f3 jogszab\u00e1lyi rendelkez\u00e9sekkel, az emberi \u00e9let, testi \u00e9ps\u00e9g, valamint a vagyon v\u00e9delme \u00e9rdek\u00e9ben a jogs\u00e9rt\u00e9sek \u00e9s balesetek megel\u0151z\u00e9se, az elk\u00f6vet\u0151 tetten \u00e9r\u00e9se \u00e9s a jogs\u00e9rt\u00e9sek bizony\u00edt\u00e1sa.<\/li>\n<li style=\"text-align: justify\"><strong>Az adatkezel\u00e9s jogszab\u00e1lyi h\u00e1ttere: <\/strong>Az elektronikus megfigyel\u0151rendszer m\u0171k\u00f6dtet\u00e9s\u00e9re, a k\u00e9p \u00e9s hangfelv\u00e9tel, r\u00f6gz\u00edt\u00e9s\u00e9re, felhaszn\u00e1l\u00e1sra \u00e9s a meg\u0151rz\u00e9s szab\u00e1lyaira a szem\u00e9ly- \u00e9s vagyonv\u00e9delmi, valamin a mag\u00e1nnyomoz\u00f3i tev\u00e9kenys\u00e9g szab\u00e1lyair\u00f3l sz\u00f3l\u00f3 2005. \u00e9vi CXXXII. t\u00f6rv\u00e9ny, valamint az inform\u00e1ci\u00f3s \u00f6nrendelkez\u00e9si jogr\u00f3l \u00e9s az inform\u00e1ci\u00f3szabads\u00e1gr\u00f3l sz\u00f3l\u00f3 2011. \u00e9vi CXII. t\u00f6rv\u00e9ny rendelkez\u00e9sei vonatkoznak.<\/li>\n<li><strong>A keze<\/strong><strong>lt adatok k\u00f6re <\/strong><strong>\u00e9s az <\/strong><strong>adatkezel\u00e9s <\/strong><strong>jogalapja: <\/strong>az elektronikus megfigyel\u0151rendszer m\u0171k\u00f6d\u00e9se \u00fatj\u00e1n k\u00e9sz\u00fclt k\u00e9p- \u00e9s hangfelv\u00e9tel, amelyek kezel\u00e9s\u00e9nek jogalapja &#8211; l\u00e1togat\u00f3k eset\u00e9n &#8211; az \u00d6n \u00f6nk\u00e9ntes hozz\u00e1j\u00e1rul\u00e1sa, melyet r\u00e1utal\u00f3 magatart\u00e1ssal, az Int\u00e9zet ter\u00fclet\u00e9re t\u00f6rt\u00e9n\u0151 bel\u00e9p\u00e9ssel tesz meg, illetve &#8211; m\u00e1s esetekben &#8211; az Int\u00e9zet GDPR szerinti jogos \u00e9rdeke.<\/li>\n<li><strong>A felv\u00e9telek megtekint\u00e9s\u00e9re jogosultak: <\/strong>az int\u00e9zet igazgat\u00f3ja, az \u00e1ltala kijel\u00f6lt munkat\u00e1rsak, az adatv\u00e9delmi tisztvisel\u0151, az Informatikai Oszt\u00e1ly kijel\u00f6lt munkat\u00e1rsai, a l\u00e9tes\u00edtm\u00e9nybiztons\u00e1gi, rend\u00e9szeti szolg\u00e1latot teljes\u00edt\u0151 szem\u00e9lyek.<\/li>\n<li><strong>Szem\u00e9lyes adatok t\u00e1rol\u00e1s\u00e1nak id\u0151tartama: <\/strong>az adatok t\u00e1rol\u00e1sa z\u00e1rt rendszeren kereszt\u00fcl t\u00f6rt\u00e9nik, melyekhez csak az arra jogosultak f\u00e9rhetnek hozz\u00e1. A kamer\u00e1k felv\u00e9teleit max. 30 napig \u0151rizz\u00fck, azt k\u00f6vet\u0151en automatikusan t\u00f6rl\u00e9sre ker\u00fclnek.<\/li>\n<li>Az adatkezel\u00e9ssel kapcsolatos minden tov\u00e1bbi inform\u00e1ci\u00f3 \u00e9s dokumentum el\u00e9rhet\u0151 az Int\u00e9zet Igazgat\u00e1s\u00e1n (C. \u00e9p\u00fclet fszt.)<\/li>\n<\/ol>\n<p style=\"text-align: justify\">A felv\u00e9telek visszan\u00e9z\u00e9s\u00e9re csak \u00edr\u00e1sos megkeres\u00e9s alapj\u00e1n \u00e9s csakis az \u00e9let, testi \u00e9ps\u00e9g \u00e9s vagyon s\u00e9relm\u00e9re elk\u00f6vetett jogs\u00e9rt\u00e9sek felder\u00edt\u00e9se \u00e9s az elk\u00f6vet\u0151 azonos\u00edt\u00e1sa, valamint az \u00e9letet vagy testi \u00e9ps\u00e9get \u00e9rint\u0151 balesetek felt\u00e1r\u00e1sa \u00e9rdek\u00e9ben ker\u00fclhet sor.<\/p>\n<p style=\"text-align: justify\">Az, akinek jog\u00e1t vagy jogos \u00e9rdek\u00e9t a k\u00e9pfelv\u00e9tel, illetve m\u00e1s szem\u00e9lyes adat\u00e1nak r\u00f6gz\u00edt\u00e9se \u00e9rinti, a k\u00e9pfelv\u00e9tel, illetve m\u00e1s szem\u00e9lyes adat r\u00f6gz\u00edt\u00e9s\u00e9t\u0151l sz\u00e1m\u00edtott h\u00e1rom munkanapon bel\u00fcl jog\u00e1nak vagy jogos \u00e9rdek\u00e9nek igazol\u00e1s\u00e1val k\u00e9rheti, hogy az adatot annak kezel\u0151je ne semmis\u00edtse meg, illetve ne t\u00f6r\u00f6lje. A felv\u00e9teleket Int\u00e9zet\u00fcnk csak a t\u00f6rv\u00e9nyben meghat\u00e1rozott esetekben adja \u00e1t harmadik f\u00e9l r\u00e9sz\u00e9re, azokat visszan\u00e9zni csakis szab\u00e1lys\u00e9rt\u00e9s vagy b\u0171ncselekm\u00e9ny gyan\u00faja, illetve munkahelyi baleset eset\u00e9n lehets\u00e9ges. <strong>Felh\u00edvjuk figyelm\u00fcket, hogy az adatkezel\u00e9shez val\u00f3 kifejezett hozz\u00e1j\u00e1rul\u00e1snak min\u0151s\u00fcl, amennyiben a kamer\u00e1val megfigyelt ter\u00fcletre az err\u0151l sz\u00f3l\u00f3 t\u00e1j\u00e9koztat\u00f3 ismeret\u00e9ben bel\u00e9pnek. <\/strong><\/p>\n<p>Budapest, 2024. m\u00e1rcius 1.<\/p>\n<p>med. habil. Dr. Er\u0151ss Lor\u00e1nd PhD<\/p>\n<p>A dokumentum k\u00f3dja: M-SZ-76-01 \u00a0\u00a0\u00a0\u00a0\u00a0\u00a0\u00a0\u00a0\u00a0\u00a0\u00a0\u00a0\u00a0\u00a0\u00a0\u00a0 <sup>klinikaigazgat\u00f3 sk. \u00a0\u00a0\u00a0\u00a0\u00a0\u00a0\u00a0\u00a0\u00a0\u00a0\u00a0\u00a0\u00a0\u00a0\u00a0\u00a0\u00a0\u00a0\u00a0\u00a0\u00a0\u00a0\u00a0\u00a0\u00a0\u00a0\u00a0\u00a0\u00a0\u00a0\u00a0\u00a0\u00a0\u00a0\u00a0\u00a0\u00a0\u00a0\u00a0\u00a0\u00a0\u00a0\u00a0\u00a0\u00a0\u00a0\u00a0\u00a0\u00a0\u00a0\u00a0\u00a0\u00a0\u00a0\u00a0\u00a0\u00a0\u00a0\u00a0 <\/sup>Oldal: 1 \/ 1<\/p>\n<p>V\u00e1ltozat: 02<\/p>\n<p><a href=\"https:\/\/semmelweis.hu\/amerikaiut\/files\/2025\/03\/SE-M-SZ-76.pdf\">SE M-SZ-76<\/a><\/p>\n","protected":false},"excerpt":{"rendered":"<p>T\u00e1j\u00e9koztat\u00f3 a kamer\u00e1val t\u00f6rt\u00e9n\u0151 megfigyel\u00e9shez kapcsol\u00f3d\u00f3 adatkezel\u00e9sr\u0151l Ez\u00faton t\u00e1j\u00e9koztatjuk \u00d6n\u00f6ket, hogy az SE Idegseb\u00e9szeti \u00e9s Neurointervenci\u00f3s Klinika (tov\u00e1bbiakban: Int\u00e9zet) ter\u00fclet\u00e9n, \u00e9p\u00fcleteiben \u00e9let- \u00e9s vagyonv\u00e9delmi elektronikus megfigyel\u0151rendszert m\u0171k\u00f6dtet\u00fcnk. Err\u0151l az Int\u00e9zet bej\u00e1ratain\u00e1l, valamint az Int\u00e9zet ter\u00fclet\u00e9n t\u00f6bb helyen elhelyezett, ,,Kamer\u00e1val megfigyelt ter\u00fclet&#8221; felirat\u00fa t\u00e1bl\u00e1kkal is t\u00e1j\u00e9koztatjuk tisztelt betegeinket \u00e9s l\u00e1togat\u00f3inkat. Adatkezel\u0151 neve \u00e9s el\u00e9rhet\u0151s\u00e9ge: SE Idegseb\u00e9szeti &hellip;<\/p>\n","protected":false},"author":102360,"featured_media":0,"parent":469,"menu_order":0,"comment_status":"closed","ping_status":"closed","template":"","meta":{"_acf_changed":false,"footnotes":""},"categories":[],"tags":[],"class_list":["post-980","page","type-page","status-publish","hentry"],"acf":[],"_links":{"self":[{"href":"https:\/\/semmelweis.hu\/amerikaiut\/wp-json\/wp\/v2\/pages\/980","targetHints":{"allow":["GET"]}}],"collection":[{"href":"https:\/\/semmelweis.hu\/amerikaiut\/wp-json\/wp\/v2\/pages"}],"about":[{"href":"https:\/\/semmelweis.hu\/amerikaiut\/wp-json\/wp\/v2\/types\/page"}],"author":[{"embeddable":true,"href":"https:\/\/semmelweis.hu\/amerikaiut\/wp-json\/wp\/v2\/users\/102360"}],"replies":[{"embeddable":true,"href":"https:\/\/semmelweis.hu\/amerikaiut\/wp-json\/wp\/v2\/comments?post=980"}],"version-history":[{"count":5,"href":"https:\/\/semmelweis.hu\/amerikaiut\/wp-json\/wp\/v2\/pages\/980\/revisions"}],"predecessor-version":[{"id":988,"href":"https:\/\/semmelweis.hu\/amerikaiut\/wp-json\/wp\/v2\/pages\/980\/revisions\/988"}],"up":[{"embeddable":true,"href":"https:\/\/semmelweis.hu\/amerikaiut\/wp-json\/wp\/v2\/pages\/469"}],"wp:attachment":[{"href":"https:\/\/semmelweis.hu\/amerikaiut\/wp-json\/wp\/v2\/media?parent=980"}],"wp:term":[{"taxonomy":"category","embeddable":true,"href":"https:\/\/semmelweis.hu\/amerikaiut\/wp-json\/wp\/v2\/categories?post=980"},{"taxonomy":"post_tag","embeddable":true,"href":"https:\/\/semmelweis.hu\/amerikaiut\/wp-json\/wp\/v2\/tags?post=980"}],"curies":[{"name":"wp","href":"https:\/\/api.w.org\/{rel}","templated":true}]}}