{"id":826,"date":"2024-09-11T14:58:28","date_gmt":"2024-09-11T12:58:28","guid":{"rendered":"https:\/\/semmelweis.hu\/amerikaiut\/?page_id=826"},"modified":"2025-01-13T13:43:00","modified_gmt":"2025-01-13T12:43:00","slug":"konyvtar","status":"publish","type":"page","link":"https:\/\/semmelweis.hu\/amerikaiut\/oktatas\/konyvtar\/","title":{"rendered":"K\u00f6nyvt\u00e1r"},"content":{"rendered":"<div class=\"keretes w-100\">\n<p>Az Idegseb\u00e9szeti \u00e9s Neurointervenci\u00f3s Klinika K\u00f6nyvt\u00e1ra <strong>orvosi szakk\u00f6nyvt\u00e1r<\/strong>, k\u00f6lcs\u00f6nz\u00e9si szolg\u00e1ltat\u00e1st csak a klinika dolgoz\u00f3i vehetnek ig\u00e9nybe, k\u00fcls\u0151s kutat\u00f3k \u00e9s hallgat\u00f3k sz\u00e1m\u00e1ra olvas\u00f3termi haszn\u00e1latra van lehet\u0151s\u00e9g.\u00a0<\/p>\n<\/div>\n<h2>K\u00f6nyvt\u00e1r szolg\u00e1ltat\u00e1sai:<\/h2>\n<ul>\n<li>Inform\u00e1ci\u00f3- \u00e9s dokumentumszolg\u00e1ltat\u00e1s<\/li>\n<li>Irodalomkutat\u00e1s<\/li>\n<li>T\u00e9mafigyel\u00e9s<\/li>\n<li>K\u00f6nyvt\u00e1rk\u00f6zi k\u00f6lcs\u00f6nz\u00e9s<\/li>\n<li>MTMT-adminisztr\u00e1ci\u00f3<\/li>\n<li>Hozz\u00e1f\u00e9r\u00e9s biztos\u00edt\u00e1sa a legnagyobb tudom\u00e1nyos indexel\u0151 \u00e9s tartalomszolg\u00e1ltat\u00f3 adatb\u00e1zisokhoz<\/li>\n<li>Tudom\u00e1nymetriai elemz\u00e9sek<\/li>\n<\/ul>\n<h2>Nyitvatart\u00e1s<\/h2>\n<p>H\u00e9tf\u0151-P\u00e9ntek: 8:00 &#8211; 15:00<\/p>\n<h2>El\u00e9rhet\u0151s\u00e9g:<\/h2>\n<p>Havas Petra Gabriella (k\u00f6nyvt\u00e1rvezet\u0151)<br \/>\nTelefon: +36 1 467 9300\/ 385<br \/>\nEmail: <a href=\"mailto:havas.petra.gabriella@semmelweis.hu\">havas.petra.gabriella@semmelweis.hu<\/a><\/p>\n<p><img loading=\"lazy\" decoding=\"async\" class=\"aligncenter wp-image-349 size-large\" src=\"https:\/\/semmelweis.hu\/amerikaiut\/files\/2024\/04\/Konyvtar_02-1024x668.jpg\" alt=\"K\u00f6nyvt\u00e1r\" width=\"753\" height=\"491\" srcset=\"https:\/\/semmelweis.hu\/amerikaiut\/files\/2024\/04\/Konyvtar_02-1024x668.jpg 1024w, https:\/\/semmelweis.hu\/amerikaiut\/files\/2024\/04\/Konyvtar_02-400x261.jpg 400w, https:\/\/semmelweis.hu\/amerikaiut\/files\/2024\/04\/Konyvtar_02-768x501.jpg 768w, https:\/\/semmelweis.hu\/amerikaiut\/files\/2024\/04\/Konyvtar_02-753x491.jpg 753w, https:\/\/semmelweis.hu\/amerikaiut\/files\/2024\/04\/Konyvtar_02.jpg 1437w\" sizes=\"auto, (max-width: 753px) 100vw, 753px\" \/><\/p>\n","protected":false},"excerpt":{"rendered":"<p>K\u00f6nyvt\u00e1r szolg\u00e1ltat\u00e1sai:<br \/>\nInform\u00e1ci\u00f3- \u00e9s dokumentumszolg\u00e1ltat\u00e1s<br \/>\nIrodalomkutat\u00e1s<br \/>\nT\u00e9mafigyel\u00e9s<br \/>\nK\u00f6nyvt\u00e1rk\u00f6zi k\u00f6lcs\u00f6nz\u00e9s<br \/>\nMTMT-adminisztr\u00e1ci\u00f3<br \/>\nHozz\u00e1f\u00e9r\u00e9s biztos\u00edt\u00e1sa a legnagyobb tudom\u00e1nyos indexel\u0151 \u00e9s tartalomszolg\u00e1ltat\u00f3 adatb\u00e1zisokhoz<br \/>\nTudom\u00e1nymetriai elemz\u00e9sek<\/p>\n","protected":false},"author":102360,"featured_media":0,"parent":465,"menu_order":0,"comment_status":"closed","ping_status":"closed","template":"","meta":{"_acf_changed":false,"footnotes":""},"categories":[],"tags":[],"class_list":["post-826","page","type-page","status-publish","hentry"],"acf":[],"_links":{"self":[{"href":"https:\/\/semmelweis.hu\/amerikaiut\/wp-json\/wp\/v2\/pages\/826","targetHints":{"allow":["GET"]}}],"collection":[{"href":"https:\/\/semmelweis.hu\/amerikaiut\/wp-json\/wp\/v2\/pages"}],"about":[{"href":"https:\/\/semmelweis.hu\/amerikaiut\/wp-json\/wp\/v2\/types\/page"}],"author":[{"embeddable":true,"href":"https:\/\/semmelweis.hu\/amerikaiut\/wp-json\/wp\/v2\/users\/102360"}],"replies":[{"embeddable":true,"href":"https:\/\/semmelweis.hu\/amerikaiut\/wp-json\/wp\/v2\/comments?post=826"}],"version-history":[{"count":5,"href":"https:\/\/semmelweis.hu\/amerikaiut\/wp-json\/wp\/v2\/pages\/826\/revisions"}],"predecessor-version":[{"id":961,"href":"https:\/\/semmelweis.hu\/amerikaiut\/wp-json\/wp\/v2\/pages\/826\/revisions\/961"}],"up":[{"embeddable":true,"href":"https:\/\/semmelweis.hu\/amerikaiut\/wp-json\/wp\/v2\/pages\/465"}],"wp:attachment":[{"href":"https:\/\/semmelweis.hu\/amerikaiut\/wp-json\/wp\/v2\/media?parent=826"}],"wp:term":[{"taxonomy":"category","embeddable":true,"href":"https:\/\/semmelweis.hu\/amerikaiut\/wp-json\/wp\/v2\/categories?post=826"},{"taxonomy":"post_tag","embeddable":true,"href":"https:\/\/semmelweis.hu\/amerikaiut\/wp-json\/wp\/v2\/tags?post=826"}],"curies":[{"name":"wp","href":"https:\/\/api.w.org\/{rel}","templated":true}]}}