{"id":610,"date":"2024-05-30T14:52:45","date_gmt":"2024-05-30T12:52:45","guid":{"rendered":"https:\/\/semmelweis.hu\/amerikaiut\/?page_id=610"},"modified":"2025-10-07T08:58:25","modified_gmt":"2025-10-07T06:58:25","slug":"neuro-onkologiai-osztaly","status":"publish","type":"page","link":"https:\/\/semmelweis.hu\/amerikaiut\/gyogyitas\/fekvobeteg-osztalyok\/neuro-onkologiai-osztaly\/","title":{"rendered":"Neuro-onkol\u00f3giai Oszt\u00e1ly"},"content":{"rendered":"<h2 style=\"text-align: justify\">R\u00f6vid Ismertet\u0151<\/h2>\n<p style=\"text-align: justify\">Oszt\u00e1lyunk f\u0151 profilja agydaganatok komplex kezel\u00e9se: agydaganatok m\u0171t\u00e9ti elt\u00e1vol\u00edt\u00e1sa, sztereotaxi\u00e1s tumor biopszia, sztereotaxi\u00e1s sug\u00e1rseb\u00e9szet \u00e9s agydaganatok kemother\u00e1pi\u00e1s kezel\u00e9se. A leggyakrabban kezelt daganatok: alacsony \u00e9s magas malignit\u00e1s\u00fa gliom\u00e1k, glioblastoma, b\u00e1zis \u00e9s convexit\u00e1s meningom\u00e1k, acusticus neurinom\u00e1k, agyi metaszt\u00e1zisok.<\/p>\n<hr \/>\n<h2 style=\"text-align: justify\">L\u00e1togat\u00e1si id\u0151<\/h2>\n<p style=\"text-align: justify\">H\u00e9tk\u00f6znap: du: 15-17h<br \/>\nH\u00e9tv\u00e9g\u00e9n: de: 11-13h, du: 16-17h<\/p>\n<p style=\"text-align: justify\">K\u00f3rterem: max. 2 f\u0151<br \/>\nK\u00f6z\u00f6s t\u00e9r: max. 3 f\u0151<br \/>\nudvar: max. 3 f\u0151<\/p>\n<hr \/>\n<h2 style=\"text-align: justify\">Tudnival\u00f3k l\u00e1togat\u00f3knak<\/h2>\n<p style=\"text-align: justify\">Kritikus \u00e1llapot\u00fa beteg l\u00e1togat\u00e1sa a nap b\u00e1rmely szak\u00e1ban lehets\u00e9ges az oszt\u00e1lyvezet\u0151 f\u0151orvos enged\u00e9ly\u00e9vel.<\/p>\n<p style=\"text-align: justify\">Fennj\u00e1r\u00f3 beteg eset\u00e9ben, amennyiben a felt\u00e9telek adottak \u00e9s relev\u00e1ns az oszt\u00e1ly jelleg\u00e9b\u0151l ad\u00f3d\u00f3an, a l\u00e1togat\u00f3t lehet\u0151leg a k\u00f3rtermen k\u00edv\u00fcl, a k\u00f6z\u00f6s t\u00e9rben vagy az udvaron fogadja a p\u00e1ciens.<\/p>\n<p style=\"text-align: justify\">Gondoz\u00e1s: gondoz\u00e1sban seg\u00edthet<\/p>\n<hr \/>\n<h2 style=\"text-align: justify\">R\u00e9szletes inform\u00e1ci\u00f3k<\/h2>\n<p style=\"text-align: justify\">Az oszt\u00e1ly 14 \u00e1gyas, n\u00e9gy idegseb\u00e9sz szakorvossal \u00e9s egy szakvizsg\u00e1ra k\u00e9sz\u00fcl\u0151 kolleg\u00e1val. A szakorvosok k\u00f6z\u00fcl ketten klinikai onkol\u00f3giai szakvizsg\u00e1val is rendelkeznek. Az oszt\u00e1lyon h\u00e1rman rendelkeznek tudom\u00e1nyos fokozattal (Ph.D.). Az oszt\u00e1ly szoros egy\u00fcttm\u0171k\u00f6d\u00e9sben dolgozik k\u00e9t sug\u00e1rseb\u00e9szeti centrummal, ahol a sztereotaxi\u00e1s sug\u00e1rseb\u00e9szeti kezel\u00e9seket v\u00e9gezz\u00fck. Rutin k\u00e9palkot\u00f3 vizsg\u00e1lataink (CT, MR) az SE-INK Neuroradiol\u00f3giai Oszt\u00e1ly\u00e1n t\u00f6rt\u00e9nnek, m\u00e9g speci\u00e1lis k\u00e9palkot\u00f3 vizsg\u00e1latokat (funkcion\u00e1lis MR, MR spetroszk\u00f3pia, MR traktogr\u00e1fia) k\u00fcls\u0151 int\u00e9zetben szervezz\u00fck meg. Sz\u00fcks\u00e9g eset\u00e9n lehet\u0151s\u00e9g van h\u00e1zon bel\u00fcli PET-CT elv\u00e9gz\u00e9s\u00e9re is.<\/p>\n<p style=\"text-align: justify\">M\u0171t\u00e9ti tev\u00e9kenys\u00e9g\u00fcnk sor\u00e1n haszn\u00e1ljuk a modern agydaganat seb\u00e9szet teljes eszk\u00f6zt\u00e1r\u00e1t: neuronavig\u00e1ci\u00f3val t\u00e1mogatott mikroidegseb\u00e9szet, \u00e9ber craniotomia, intraoperat\u00edv elektrofiziol\u00f3giai monitoriz\u00e1l\u00e1s, sztereotaxi\u00e1s c\u00e9lz\u00e1s \u00e9s neuroendoszk\u00f3pia. \u00c9vente kb. 300 agydaganatot oper\u00e1lunk, emellett kb. 100 sztereotaxi\u00e1s biopszi\u00e1t \u00e9s 450 sztereotaxi\u00e1s sug\u00e1rseb\u00e9szeti kezel\u00e9st v\u00e9gz\u00fcnk. \u00d6ssz m\u0171t\u00e9ti sz\u00e1munk (a sztereotaxi\u00e1s beavatkoz\u00e1sokkal egy\u00fctt) megk\u00f6zel\u00edti az \u00e9vi ezres nagys\u00e1grendet. Az onkol\u00f3giai esetek mellett egy\u00e9b speci\u00e1lis idegseb\u00e9szeti m\u0171t\u00e9teket is v\u00e9gz\u00fcnk: agyi aneurizma ell\u00e1t\u00e1s, intraduralis \u00e9s gerinctumorok, valamint degenerat\u00edv gerincbetegs\u00e9gek seb\u00e9szeti megold\u00e1sa, agyi shuntbe\u00fcltet\u00e9s, illetve shuntrev\u00edzi\u00f3.<\/p>\n<p style=\"text-align: justify\">Agydaganat m\u0171t\u00e9tet k\u00f6vet\u0151en betegeink az int\u00e9zet k\u00f6zponti intenz\u00edv oszt\u00e1ly\u00e1ra ker\u00fclnek, m\u00e1snap, k\u00e9palkot\u00f3 vizsg\u00e1latot k\u00f6vet\u0151en t\u00e9rnek vissza az oszt\u00e1lyra, ahol rehabilit\u00e1ci\u00f3t azonnal megkezdj\u00fck. Sz\u00fcks\u00e9g eset\u00e9n a beteg onkol\u00f3giai ell\u00e1t\u00e1s\u00e1t is elind\u00edtjuk, vagy folytatjuk oszt\u00e1lyos tart\u00f3zkod\u00e1sa alatt. A m\u0171t\u00e9tet k\u00f6vet\u0151 egy\u00e9nre szabott onkol\u00f3giai\/neuroonkol\u00f3giai kezel\u00e9sr\u0151l sz\u00f6vettani lelet birtokb\u00e1an a beteg klinikum\u00e1nak ismeret\u00e9ben d\u00f6nt\u00fcnk int\u00e9zeti multidiszciprin\u00e1lis onkoteam keret k\u00f6z\u00f6tt. A betegek sug\u00e1rseb\u00e9szeti vagy radiokemother\u00e1pi\u00e1s id\u0151pontj\u00e1t az egy\u00fcttm\u0171k\u00f6d\u0151 onkol\u00f3giai centrumokkal egyeztetj\u00fck, majd a kezel\u00e9st k\u00f6vet\u0151en a betegek tov\u00e1bbi klinikai \u00e9s neuroradiol\u00f3giai ellen\u0151rz\u00e9s\u00e9t, primer agydaganatos betegek eset\u00e9n kemother\u00e1pi\u00e1s kezel\u00e9s\u00e9t ambulanci\u00e1nkon folytatjuk. Neuroonkol\u00f3giai ambulanci\u00e1nkon 1 \u00e9v alatt t\u00f6bb mint 4000 orvos-beteg tal\u00e1lkoz\u00f3t regisztr\u00e1lunk.<\/p>\n<p style=\"text-align: justify\">Az oszt\u00e1ly \u00e9s az itt dolgoz\u00f3 szakorvosok tev\u00e9kenys\u00e9ge egyed\u00fcl\u00e1ll\u00f3 abban a tekintetben, hogy az agydaganatos betegek m\u0171t\u00e9ti ell\u00e1t\u00e1s\u00e1n t\u00fal a betegek hossz\u00fat\u00e1v\u00fa neuroonkol\u00f3giai gondoz\u00e1s\u00e1t, illetve ak\u00e1r \u00e9veken \u00e1t tart\u00f3 kemother\u00e1pi\u00e1s kezel\u00e9s\u00e9t is felv\u00e1llalja.<\/p>\n<p style=\"text-align: justify\">Rendszeresen r\u00e9szt vesz\u00fcnk az idegseb\u00e9sz, neurol\u00f3gus \u00e9s onkol\u00f3gus koll\u00e9g\u00e1k, szak\u00e1pol\u00f3k szakmai tov\u00e1bbk\u00e9pz\u00e9s\u00e9ben, oktat\u00e1s\u00e1ban, valamint k\u00fcls\u0151 int\u00e9zetek neuroonkol\u00f3giai konz\u00edlium\u00e1t is ell\u00e1tjuk. Az oszt\u00e1ly szakorvosai k\u00f6z\u00fcl t\u00f6bben r\u00e9szt vesznek m\u00e1s int\u00e9zetek, t\u00f6bbek k\u00f6z\u00f6tt a Heim P\u00e1l gyermekk\u00f3rh\u00e1z neurotraumatol\u00f3giai \u00fcgyelet\u00e9nek ell\u00e1t\u00e1s\u00e1ban. Az oszt\u00e1lyon foly\u00f3 kutat\u00e1sok malignus agydaganatok prognosztik\u00e1j\u00e1t befoly\u00e1sol\u00f3 genetikai markerek felt\u00e9rk\u00e9pez\u00e9s\u00e9t, a komplex neuroonkol\u00f3giai ter\u00e1pia hat\u00e9konys\u00e1g\u00e1nak lem\u00e9r\u00e9s\u00e9t c\u00e9lozz\u00e1k. Jelenleg egy klinikai vizsg\u00e1latban vesz\u00fcnk r\u00e9szt az Orsz\u00e1gos Onkol\u00f3giai Int\u00e9zettel kooper\u00e1lva, mely n\u00f6veked\u00e9si faktor mut\u00e1ci\u00f3t mutat\u00f3 glioblasztom\u00e1s betegek a hagyom\u00e1nyos kezel\u00e9st kieg\u00e9sz\u00edt\u0151 immunter\u00e1pi\u00e1ra adott v\u00e1lasz\u00e1t vizsg\u00e1lja.<\/p>\n<hr \/>\n<h2 style=\"text-align: justify\">Oszt\u00e1lyvezet\u0151<\/h2>\n<ul>\n<li>Dr. Bag\u00f3 Attila Gy\u00f6rgy<\/li>\n<\/ul>\n<h2 style=\"text-align: justify\">Oszt\u00e1ly orvosok<\/h2>\n<ul>\n<li style=\"text-align: justify\">Dr. Er\u0151ss Botond \u00c1goston<\/li>\n<li style=\"text-align: justify\">Dr. Fedorcs\u00e1k Imre<\/li>\n<li style=\"text-align: justify\">Dr. Nemesk\u00e9ri Csaba Levente<\/li>\n<\/ul>\n<h2 style=\"text-align: justify\">Oszt\u00e1ly f\u0151n\u0151v\u00e9r<\/h2>\n<ul>\n<li style=\"text-align: justify\">Nagy-Kov\u00e1cs Barbara<\/li>\n<\/ul>\n","protected":false},"excerpt":{"rendered":"<p>R\u00f6vid Ismertet\u0151 Oszt\u00e1lyunk f\u0151 profilja agydaganatok komplex kezel\u00e9se: agydaganatok m\u0171t\u00e9ti elt\u00e1vol\u00edt\u00e1sa, sztereotaxi\u00e1s tumor biopszia, sztereotaxi\u00e1s sug\u00e1rseb\u00e9szet \u00e9s agydaganatok kemother\u00e1pi\u00e1s kezel\u00e9se. A leggyakrabban kezelt daganatok: alacsony \u00e9s magas malignit\u00e1s\u00fa gliom\u00e1k, glioblastoma, b\u00e1zis \u00e9s convexit\u00e1s meningom\u00e1k, acusticus neurinom\u00e1k, agyi metaszt\u00e1zisok. L\u00e1togat\u00e1si id\u0151 H\u00e9tk\u00f6znap: du: 15-17h H\u00e9tv\u00e9g\u00e9n: de: 11-13h, du: 16-17h K\u00f3rterem: max. 2 f\u0151 K\u00f6z\u00f6s t\u00e9r: max. &hellip;<\/p>\n","protected":false},"author":102360,"featured_media":0,"parent":487,"menu_order":0,"comment_status":"closed","ping_status":"closed","template":"","meta":{"_acf_changed":false,"footnotes":""},"categories":[9,8],"tags":[],"class_list":["post-610","page","type-page","status-publish","hentry","category-fekvobeteg","category-osztaly"],"acf":[],"_links":{"self":[{"href":"https:\/\/semmelweis.hu\/amerikaiut\/wp-json\/wp\/v2\/pages\/610","targetHints":{"allow":["GET"]}}],"collection":[{"href":"https:\/\/semmelweis.hu\/amerikaiut\/wp-json\/wp\/v2\/pages"}],"about":[{"href":"https:\/\/semmelweis.hu\/amerikaiut\/wp-json\/wp\/v2\/types\/page"}],"author":[{"embeddable":true,"href":"https:\/\/semmelweis.hu\/amerikaiut\/wp-json\/wp\/v2\/users\/102360"}],"replies":[{"embeddable":true,"href":"https:\/\/semmelweis.hu\/amerikaiut\/wp-json\/wp\/v2\/comments?post=610"}],"version-history":[{"count":7,"href":"https:\/\/semmelweis.hu\/amerikaiut\/wp-json\/wp\/v2\/pages\/610\/revisions"}],"predecessor-version":[{"id":1068,"href":"https:\/\/semmelweis.hu\/amerikaiut\/wp-json\/wp\/v2\/pages\/610\/revisions\/1068"}],"up":[{"embeddable":true,"href":"https:\/\/semmelweis.hu\/amerikaiut\/wp-json\/wp\/v2\/pages\/487"}],"wp:attachment":[{"href":"https:\/\/semmelweis.hu\/amerikaiut\/wp-json\/wp\/v2\/media?parent=610"}],"wp:term":[{"taxonomy":"category","embeddable":true,"href":"https:\/\/semmelweis.hu\/amerikaiut\/wp-json\/wp\/v2\/categories?post=610"},{"taxonomy":"post_tag","embeddable":true,"href":"https:\/\/semmelweis.hu\/amerikaiut\/wp-json\/wp\/v2\/tags?post=610"}],"curies":[{"name":"wp","href":"https:\/\/api.w.org\/{rel}","templated":true}]}}