{"id":496,"date":"2024-05-21T14:34:57","date_gmt":"2024-05-21T12:34:57","guid":{"rendered":"https:\/\/semmelweis.hu\/amerikaiut\/?page_id=496"},"modified":"2026-01-30T11:07:23","modified_gmt":"2026-01-30T10:07:23","slug":"gyogyszertar","status":"publish","type":"page","link":"https:\/\/semmelweis.hu\/amerikaiut\/gyogyitas\/gyogyszertar\/","title":{"rendered":"Gy\u00f3gyszert\u00e1r"},"content":{"rendered":"<h2>Fekete Skorpi\u00f3 Patika<\/h2>\n<div class=\"keretes w-100\">\n<p>A k\u00f6zvetlen lakoss\u00e1gi gy\u00f3gyszerell\u00e1t\u00e1st ny\u00fajt\u00f3 Fekete Skorpi\u00f3 Patik\u00e1t els\u0151sorban a T\u00f6mbbe \u00e9rkez\u0151 p\u00e1ciensek, a t\u00e1voz\u00f3 fekv\u0151betegek, int\u00e9zm\u00e9nyi dolgoz\u00f3k keresik fel, de a gy\u00f3gyszert\u00e1r b\u00e1rmely beteg sz\u00e1m\u00e1ra biztos\u00edtja a gy\u00f3gyszerhez jut\u00e1st v\u00e9nyre, v\u00e9ny n\u00e9lk\u00fcli k\u00e9sz\u00edtm\u00e9nyek kiszolg\u00e1l\u00e1s\u00e1val.<\/p>\n<\/div>\n<h3>El\u00e9rhet\u0151s\u00e9gek:<\/h3>\n<p><strong>C\u00edm:<\/strong> 1145 Budapest, Amerikai \u00fat 57.<br \/>\n<strong>Megk\u00f6zel\u00edt\u00e9s:<\/strong> 1145 Budapest, Laky Adolf u. 44-46.<br \/>\n<strong>E-mail:<\/strong>\u00a0<a href=\"mailto:gyogyszertar.amerikaiut@semmelweis.hu\">gyogyszertar.amerikaiut@semmelweis.hu<\/a>\u00a0<br \/>\n<strong>Telefon:<\/strong> +36 1 223 1905<\/p>\n<h3>Nyitvatart\u00e1s:<\/h3>\n<table class=\"no-border\" width=\"100%\">\n<tbody>\n<tr>\n<td style=\"width: 30%\">H\u00e9tf\u0151:<\/td>\n<td style=\"width: 70%\">8:00\u201316:00<\/td>\n<\/tr>\n<tr>\n<td>Kedd:<\/td>\n<td>8:00\u201316:00<\/td>\n<\/tr>\n<tr>\n<td>Szerda:<\/td>\n<td>8:00\u201316:00<\/td>\n<\/tr>\n<tr>\n<td>Cs\u00fct\u00f6rt\u00f6k:<\/td>\n<td>8:00\u201316:00<\/td>\n<\/tr>\n<tr>\n<td>P\u00e9ntek:<\/td>\n<td>8:00\u201314:00<\/td>\n<\/tr>\n<tr>\n<td>Szombat:<\/td>\n<td>Z\u00c1RVA<\/td>\n<\/tr>\n<tr>\n<td>Vas\u00e1rnap:<\/td>\n<td>Z\u00c1RVA<\/td>\n<\/tr>\n<\/tbody>\n<\/table>\n<p>&nbsp;<\/p>\n","protected":false},"excerpt":{"rendered":"<p>Fekete Skorpi\u00f3 Patika A k\u00f6zvetlen lakoss\u00e1gi gy\u00f3gyszerell\u00e1t\u00e1st ny\u00fajt\u00f3 Fekete Skorpi\u00f3 Patik\u00e1t els\u0151sorban a T\u00f6mbbe \u00e9rkez\u0151 p\u00e1ciensek, a t\u00e1voz\u00f3 fekv\u0151betegek, int\u00e9zm\u00e9nyi dolgoz\u00f3k keresik fel, de a gy\u00f3gyszert\u00e1r b\u00e1rmely beteg sz\u00e1m\u00e1ra biztos\u00edtja a gy\u00f3gyszerhez jut\u00e1st v\u00e9nyre, v\u00e9ny n\u00e9lk\u00fcli k\u00e9sz\u00edtm\u00e9nyek kiszolg\u00e1l\u00e1s\u00e1val. El\u00e9rhet\u0151s\u00e9gek: C\u00edm: 1145 Budapest, Amerikai \u00fat 57. Megk\u00f6zel\u00edt\u00e9s: 1145 Budapest, Laky Adolf u. 44-46. E-mail:\u00a0 <a href=\"mailto:gyogyszertar.amerikaiut@semmelweis.hu\">gyogyszertar.amerikaiut@semmelweis.hu<\/a> \u00a0 Telefon: &hellip;<\/p>\n","protected":false},"author":102360,"featured_media":0,"parent":463,"menu_order":4,"comment_status":"closed","ping_status":"closed","template":"","meta":{"_acf_changed":false,"footnotes":""},"categories":[],"tags":[],"class_list":["post-496","page","type-page","status-publish","hentry"],"acf":[],"_links":{"self":[{"href":"https:\/\/semmelweis.hu\/amerikaiut\/wp-json\/wp\/v2\/pages\/496","targetHints":{"allow":["GET"]}}],"collection":[{"href":"https:\/\/semmelweis.hu\/amerikaiut\/wp-json\/wp\/v2\/pages"}],"about":[{"href":"https:\/\/semmelweis.hu\/amerikaiut\/wp-json\/wp\/v2\/types\/page"}],"author":[{"embeddable":true,"href":"https:\/\/semmelweis.hu\/amerikaiut\/wp-json\/wp\/v2\/users\/102360"}],"replies":[{"embeddable":true,"href":"https:\/\/semmelweis.hu\/amerikaiut\/wp-json\/wp\/v2\/comments?post=496"}],"version-history":[{"count":11,"href":"https:\/\/semmelweis.hu\/amerikaiut\/wp-json\/wp\/v2\/pages\/496\/revisions"}],"predecessor-version":[{"id":1077,"href":"https:\/\/semmelweis.hu\/amerikaiut\/wp-json\/wp\/v2\/pages\/496\/revisions\/1077"}],"up":[{"embeddable":true,"href":"https:\/\/semmelweis.hu\/amerikaiut\/wp-json\/wp\/v2\/pages\/463"}],"wp:attachment":[{"href":"https:\/\/semmelweis.hu\/amerikaiut\/wp-json\/wp\/v2\/media?parent=496"}],"wp:term":[{"taxonomy":"category","embeddable":true,"href":"https:\/\/semmelweis.hu\/amerikaiut\/wp-json\/wp\/v2\/categories?post=496"},{"taxonomy":"post_tag","embeddable":true,"href":"https:\/\/semmelweis.hu\/amerikaiut\/wp-json\/wp\/v2\/tags?post=496"}],"curies":[{"name":"wp","href":"https:\/\/api.w.org\/{rel}","templated":true}]}}