{"id":1015,"date":"2025-05-28T08:06:09","date_gmt":"2025-05-28T06:06:09","guid":{"rendered":"https:\/\/semmelweis.hu\/amerikaiut\/?page_id=1015"},"modified":"2025-05-28T08:26:29","modified_gmt":"2025-05-28T06:26:29","slug":"epilepszia-ambulancia","status":"publish","type":"page","link":"https:\/\/semmelweis.hu\/amerikaiut\/gyogyitas\/jarobeteg-osztalyok\/epilepszia-ambulancia\/","title":{"rendered":"Epilepszia Ambulancia"},"content":{"rendered":"<h3>Felt\u00e9telek:<\/h3>\n<p>Beutal\u00f3 \u00e9s el\u0151jegyz\u00e9s sz\u00fcks\u00e9ges, ha lehet szemtan\u00fa k\u00eds\u00e9r\u0151vel j\u00f6jj\u00f6n a beteg. Amennyiben holter-EEG vizsg\u00e1lata volt, az eredm\u00e9nyt szem\u00e9lyesen kell a VEEG laborban \u00e1tvenni a konzult\u00e1ci\u00f3 el\u0151tt.<\/p>\n<hr \/>\n<h3>El\u0151jegyz\u00e9s:<\/h3>\n<p>+36\/1\/467-9313 Tuza M\u00f3nika, vezet\u0151 asszisztens, 09-15 h. k\u00f6z\u00f6tt.<\/p>\n<hr \/>\n<h3>K\u00e9rj\u00fck hozza mag\u00e1val:<\/h3>\n<ul>\n<li>TAJ k\u00e1rtya,<\/li>\n<li>Szem\u00e9lyi igazolv\u00e1ny<\/li>\n<li>Lakc\u00edmk\u00e1rtya<\/li>\n<li>Kor\u00e1bbi orvosi leletek, illetve z\u00e1r\u00f3jelent\u00e9sek, MR K\u00c9PANYAG PEN-DRIVE-on VAGY CD-n, kor\u00e1bbi EEG-k regisztr\u00e1tumai.<\/li>\n<\/ul>\n<hr \/>\n<h3>A rendel\u00e9sen r\u00e9sztvev\u0151 orvosok:<\/h3>\n<p>Epilepszia Centrum vezet\u0151: Dr. Kelemen Anna, PhD, med habil, Gyermekneurol\u00f3gus, Neurol\u00f3gus<\/p>\n<ul>\n<li>Dr. Kelemen Anna, PhD, med habil<br \/>\nSzerda 9:00-16:00<\/li>\n<li>Dr. Barcs G\u00e1bor PhD, Neurol\u00f3gus, Pszichi\u00e1ter <br \/>\nszem\u00e9lyesen ad id\u0151pontot<\/li>\n<li>Dr. Jakus Rita PhD, Gyermekneurol\u00f3gus, Neurol\u00f3gus<br \/>\nH\u00e9tf\u0151 9:00-16:00<\/li>\n<li>Dr. Ujv\u00e1ri \u00c1kos, Neurol\u00f3gus<br \/>\nP\u00e9ntek 10:00-16:00<\/li>\n<li>Dr. S\u00e1kovics Anna, Neurol\u00f3gus<br \/>\nKedd 10:00-13:00<\/li>\n<li>Dr. Hajnal Bogl\u00e1rka, Neurol\u00f3gus<br \/>\nKedd 13:00-16:00<\/li>\n<li>Dr. Jord\u00e1n Zs\u00f3fia, Neurol\u00f3gus rezidens\u00a0<br \/>\nCs\u00fct\u00f6rt\u00f6k 10:00-15:00<\/li>\n<\/ul>\n","protected":false},"excerpt":{"rendered":"<p>Felt\u00e9telek: Beutal\u00f3 \u00e9s el\u0151jegyz\u00e9s sz\u00fcks\u00e9ges, ha lehet szemtan\u00fa k\u00eds\u00e9r\u0151vel j\u00f6jj\u00f6n a beteg. Amennyiben holter-EEG vizsg\u00e1lata volt, az eredm\u00e9nyt szem\u00e9lyesen kell a VEEG laborban \u00e1tvenni a konzult\u00e1ci\u00f3 el\u0151tt. El\u0151jegyz\u00e9s: +36\/1\/467-9313 Tuza M\u00f3nika, vezet\u0151 asszisztens, 09-15 h. k\u00f6z\u00f6tt. K\u00e9rj\u00fck hozza mag\u00e1val: TAJ k\u00e1rtya, Szem\u00e9lyi igazolv\u00e1ny Lakc\u00edmk\u00e1rtya Kor\u00e1bbi orvosi leletek, illetve z\u00e1r\u00f3jelent\u00e9sek, MR K\u00c9PANYAG PEN-DRIVE-on VAGY CD-n, kor\u00e1bbi &hellip;<\/p>\n","protected":false},"author":102360,"featured_media":0,"parent":489,"menu_order":0,"comment_status":"closed","ping_status":"closed","template":"","meta":{"_acf_changed":false,"footnotes":""},"categories":[10,8],"tags":[],"class_list":["post-1015","page","type-page","status-publish","hentry","category-jarobeteg","category-osztaly"],"acf":[],"_links":{"self":[{"href":"https:\/\/semmelweis.hu\/amerikaiut\/wp-json\/wp\/v2\/pages\/1015","targetHints":{"allow":["GET"]}}],"collection":[{"href":"https:\/\/semmelweis.hu\/amerikaiut\/wp-json\/wp\/v2\/pages"}],"about":[{"href":"https:\/\/semmelweis.hu\/amerikaiut\/wp-json\/wp\/v2\/types\/page"}],"author":[{"embeddable":true,"href":"https:\/\/semmelweis.hu\/amerikaiut\/wp-json\/wp\/v2\/users\/102360"}],"replies":[{"embeddable":true,"href":"https:\/\/semmelweis.hu\/amerikaiut\/wp-json\/wp\/v2\/comments?post=1015"}],"version-history":[{"count":3,"href":"https:\/\/semmelweis.hu\/amerikaiut\/wp-json\/wp\/v2\/pages\/1015\/revisions"}],"predecessor-version":[{"id":1028,"href":"https:\/\/semmelweis.hu\/amerikaiut\/wp-json\/wp\/v2\/pages\/1015\/revisions\/1028"}],"up":[{"embeddable":true,"href":"https:\/\/semmelweis.hu\/amerikaiut\/wp-json\/wp\/v2\/pages\/489"}],"wp:attachment":[{"href":"https:\/\/semmelweis.hu\/amerikaiut\/wp-json\/wp\/v2\/media?parent=1015"}],"wp:term":[{"taxonomy":"category","embeddable":true,"href":"https:\/\/semmelweis.hu\/amerikaiut\/wp-json\/wp\/v2\/categories?post=1015"},{"taxonomy":"post_tag","embeddable":true,"href":"https:\/\/semmelweis.hu\/amerikaiut\/wp-json\/wp\/v2\/tags?post=1015"}],"curies":[{"name":"wp","href":"https:\/\/api.w.org\/{rel}","templated":true}]}}