{"id":954,"date":"2019-10-27T13:09:56","date_gmt":"2019-10-27T12:09:56","guid":{"rendered":"http:\/\/semmelweis.hu\/alumni\/?page_id=954"},"modified":"2023-10-17T11:52:57","modified_gmt":"2023-10-17T09:52:57","slug":"tanacsadas-a-peto-andras-karon","status":"publish","type":"page","link":"https:\/\/semmelweis.hu\/alumni\/szolgaltatasok\/karriertanacsadas\/tanacsadas-a-peto-andras-karon\/","title":{"rendered":"Tan\u00e1csad\u00e1s a Pet\u0151 Andr\u00e1s Karon"},"content":{"rendered":"<p style=\"text-align: left\"><strong><a href=\"https:\/\/semmelweis.hu\/alumni\/files\/2020\/02\/Muzslai_B\u00edzik_Hanna.jpg\"><img loading=\"lazy\" decoding=\"async\" class=\"wp-image-2223  alignright\" src=\"https:\/\/semmelweis.hu\/alumni\/files\/2020\/02\/Muzslai_B\u00edzik_Hanna-e1580643524606-683x1024.jpg\" alt=\"\" width=\"177\" height=\"265\" \/><\/a>ALUMNI Tan\u00e1csad\u00f3i Szolg\u00e1ltat\u00e1s <\/strong><strong>a Semmelweis Egyetem Pet\u0151 Andr\u00e1s Kar jelenlegi \u00e9s m\u00e1r v\u00e9gzett hallgat\u00f3inak<\/strong><\/p>\n<h4><strong>TAN\u00c1CSAD\u00d3NK:<\/strong><\/h4>\n<p><strong>Muzslai-B\u00edzik Hanna<\/strong> <br \/>\nKonduktor, pedag\u00f3giai szak\u00e9rt\u0151 <br \/>\nPedag\u00f3giai Int\u00e9zet <br \/>\nSemmelweis Egyetem Pet\u0151 Andr\u00e1s Kar <br \/>\n<a href=\"mailto:muzslai-bizik.hanna@semmelweis-univ.hu\">muzslai.bizik.hanna@semmelweis.hu<\/a> <br \/>\n<span style=\"font-family: inherit;font-size: inherit\">06\/20-662-62-03<\/span><\/p>\n<hr \/>\n<p>\u00a0 <strong>Szeretettel v\u00e1rlak szem\u00e9lyes tan\u00e1csad\u00e1sra konduktori hivat\u00e1sodat \u00e9rint\u0151 k\u00e9rd\u00e9seid kapcs\u00e1n a k\u00f6vetkez\u0151 t\u00e9m\u00e1kban:<\/strong><\/p>\n<ul>\n<li>konduktori tanulm\u00e1nyok,<\/li>\n<li>konduktori hivat\u00e1s,<\/li>\n<li>karrierlehet\u0151s\u00e9gek,<\/li>\n<li>p\u00e1lyaorient\u00e1ci\u00f3,<\/li>\n<li>p\u00e1lyam\u00f3dos\u00edt\u00e1s fontol\u00e1sa,<\/li>\n<li>tov\u00e1bbtanul\u00e1s,<\/li>\n<li>munkav\u00e1llal\u00e1s,<\/li>\n<li>\u00e1ll\u00e1skeres\u00e9s,<\/li>\n<li>munkahelyi probl\u00e9m\u00e1k,<\/li>\n<li>munkahelyi dilemm\u00e1k,<\/li>\n<li>munkahelyen felmer\u00fcl\u0151 szakmai k\u00e9rd\u00e9sek,<\/li>\n<\/ul>\n<p style=\"text-align: justify\">A tan\u00e1csad\u00e1s kifejezetten konduktor-hallgat\u00f3knak, illetve m\u00e1r v\u00e9gzett konduktoroknak sz\u00f3l, mivel a konduktork\u00e9pz\u00e9s, a konduktori hivat\u00e1s teljesen egyed\u00fcl\u00e1ll\u00f3 k\u00e9rd\u00e9seket vet fel. A konduktor-hallgat\u00f3k k\u00fczdelmes 4 \u00e9v\u00e9t \u00e9n is v\u00e9gig \u00e9ltem. Az\u00f3ta is, 12 \u00e9ve konduktork\u00e9nt dolgozom. A felmer\u00fcl\u0151 k\u00e9rd\u00e9sekre, k\u00e9ts\u00e9gekre az inform\u00e1ci\u00f3ny\u00fajt\u00e1s mellett saj\u00e1t, meg\u00e9lt tapasztalataimmal is tudlak seg\u00edteni.<\/p>\n<p style=\"text-align: left\">A tan\u00e1csad\u00e1s a PAK akt\u00edv \u00e9s m\u00e1r v\u00e9gzett hallgat\u00f3i sz\u00e1m\u00e1ra ingyenes szolg\u00e1ltat\u00e1s.<\/p>\n<ul style=\"list-style-type: square\">\n<li style=\"text-align: left\"><a href=\"https:\/\/docs.google.com\/forms\/d\/e\/1FAIpQLSdyoYs7B4LWMduX9tVy9XREIaGS-187LSGIuUY2PtwqunZ-lQ\/viewform\">TAN\u00c1CSAD\u00c1SRA JELENTKEZ\u00c9S SE PAK HALLGAT\u00d3KNAK<\/a><\/li>\n<li style=\"text-align: left\"><a href=\"https:\/\/docs.google.com\/forms\/d\/e\/1FAIpQLSfy5eDMoWJIEdpK_ljehrk2wNXcogwyzFS7HoxeOk1Rjkrrmg\/viewform\">TAN\u00c1CSAD\u00c1SRA JELENTKEZ\u00c9S V\u00c9GZETT KONDUKTOROKNAK<\/a><\/li>\n<li style=\"text-align: left\"><a href=\"https:\/\/docs.google.com\/forms\/d\/e\/1FAIpQLSfinWtIeniCDdGcaxrPHlibWZfLk9GbRYTHhCmUVMmzTUSsIQ\/viewform\">EL\u00c9GEDETTS\u00c9GI K\u00c9RD\u0150\u00cdV<\/a><\/li>\n<\/ul>\n<p><iframe loading=\"lazy\" title=\"ALUMNI tan\u00e1csad\u00e1s a Pet\u0151 Andr\u00e1s Karon\" width=\"753\" height=\"424\" src=\"https:\/\/www.youtube.com\/embed\/naSll0cHfcU?feature=oembed\" frameborder=\"0\" allow=\"accelerometer; autoplay; clipboard-write; encrypted-media; gyroscope; picture-in-picture; web-share\" allowfullscreen><\/iframe><\/p>\n<p style=\"text-align: center\">\u00a0<\/p>\n","protected":false},"excerpt":{"rendered":"<p><a href=\"https:\/\/semmelweis.hu\/alumni\/files\/2020\/02\/Muzslai_B\u00edzik_Hanna.jpg\"><\/a> ALUMNI Tan\u00e1csad\u00f3i Szolg\u00e1ltat\u00e1s a Semmelweis Egyetem Pet\u0151 Andr\u00e1s Kar jelenlegi \u00e9s m\u00e1r v\u00e9gzett hallgat\u00f3inak TAN\u00c1CSAD\u00d3NK: Muzslai-B\u00edzik Hanna Konduktor, pedag\u00f3giai szak\u00e9rt\u0151 Pedag\u00f3giai Int\u00e9zet Semmelweis Egyetem Pet\u0151 Andr\u00e1s Kar <a href=\"mailto:muzslai-bizik.hanna@semmelweis-univ.hu\">muzslai.bizik.hanna@semmelweis.hu<\/a> 06\/20-662-62-03 \u00a0 Szeretettel v\u00e1rlak szem\u00e9lyes tan\u00e1csad\u00e1sra konduktori hivat\u00e1sodat \u00e9rint\u0151 k\u00e9rd\u00e9seid kapcs\u00e1n a k\u00f6vetkez\u0151 t\u00e9m\u00e1kban: konduktori tanulm\u00e1nyok, konduktori hivat\u00e1s, karrierlehet\u0151s\u00e9gek, p\u00e1lyaorient\u00e1ci\u00f3, p\u00e1lyam\u00f3dos\u00edt\u00e1s fontol\u00e1sa, tov\u00e1bbtanul\u00e1s, munkav\u00e1llal\u00e1s, \u00e1ll\u00e1skeres\u00e9s, munkahelyi probl\u00e9m\u00e1k, munkahelyi &hellip;<\/p>\n","protected":false},"author":101158,"featured_media":0,"parent":92,"menu_order":0,"comment_status":"closed","ping_status":"closed","template":"","meta":{"_acf_changed":false,"footnotes":""},"categories":[],"tags":[],"class_list":["post-954","page","type-page","status-publish","hentry"],"acf":[],"publishpress_future_action":{"enabled":false,"date":"1970-01-01 01:00:00","action":"","terms":[],"taxonomy":"","browser_timezone_offset":0},"_links":{"self":[{"href":"https:\/\/semmelweis.hu\/alumni\/wp-json\/wp\/v2\/pages\/954","targetHints":{"allow":["GET"]}}],"collection":[{"href":"https:\/\/semmelweis.hu\/alumni\/wp-json\/wp\/v2\/pages"}],"about":[{"href":"https:\/\/semmelweis.hu\/alumni\/wp-json\/wp\/v2\/types\/page"}],"author":[{"embeddable":true,"href":"https:\/\/semmelweis.hu\/alumni\/wp-json\/wp\/v2\/users\/101158"}],"replies":[{"embeddable":true,"href":"https:\/\/semmelweis.hu\/alumni\/wp-json\/wp\/v2\/comments?post=954"}],"version-history":[{"count":10,"href":"https:\/\/semmelweis.hu\/alumni\/wp-json\/wp\/v2\/pages\/954\/revisions"}],"predecessor-version":[{"id":8297,"href":"https:\/\/semmelweis.hu\/alumni\/wp-json\/wp\/v2\/pages\/954\/revisions\/8297"}],"up":[{"embeddable":true,"href":"https:\/\/semmelweis.hu\/alumni\/wp-json\/wp\/v2\/pages\/92"}],"wp:attachment":[{"href":"https:\/\/semmelweis.hu\/alumni\/wp-json\/wp\/v2\/media?parent=954"}],"wp:term":[{"taxonomy":"category","embeddable":true,"href":"https:\/\/semmelweis.hu\/alumni\/wp-json\/wp\/v2\/categories?post=954"},{"taxonomy":"post_tag","embeddable":true,"href":"https:\/\/semmelweis.hu\/alumni\/wp-json\/wp\/v2\/tags?post=954"}],"curies":[{"name":"wp","href":"https:\/\/api.w.org\/{rel}","templated":true}]}}