{"id":923,"date":"2019-10-27T09:51:06","date_gmt":"2019-10-27T08:51:06","guid":{"rendered":"http:\/\/semmelweis.hu\/alumni\/?page_id=923"},"modified":"2024-05-30T13:14:51","modified_gmt":"2024-05-30T11:14:51","slug":"arckepcsarnok2","status":"publish","type":"page","link":"https:\/\/semmelweis.hu\/alumni\/alumni-halozat\/akikre-buszkek-vagyunk\/arckepcsarnok2\/","title":{"rendered":"Arck\u00e9pcsarnok"},"content":{"rendered":"<h4 style=\"text-align: center;\"><strong>Dr. Perner Ferenc <\/strong><em>az els\u0151 sikeres magyar transzplant\u00e1ci\u00f3 elv\u00e9gz\u0151je<\/em><\/h4>\n<p style=\"text-align: center;\"><iframe loading=\"lazy\" title=\"Dr. Perner Ferenc \u2013 az els\u0151 sikeres magyar transzplant\u00e1ci\u00f3 elv\u00e9gz\u0151je\" width=\"753\" height=\"424\" src=\"https:\/\/www.youtube.com\/embed\/c69lESPx87k?feature=oembed\" frameborder=\"0\" allow=\"accelerometer; autoplay; clipboard-write; encrypted-media; gyroscope; picture-in-picture; web-share\" referrerpolicy=\"strict-origin-when-cross-origin\" allowfullscreen><\/iframe><\/p>\n<h4 style=\"text-align: center;\"><strong>Dr. Sz\u00e9l \u00c1goston<\/strong> <em>a Semmelweis Egyetem volt rektora<\/em><\/h4>\n<p style=\"text-align: center;\"><iframe loading=\"lazy\" title=\"Dr. Sz\u00e9l \u00c1goston \u2013 a Semmelweis Egyetem rektora (2012-2018)\" width=\"753\" height=\"424\" src=\"https:\/\/www.youtube.com\/embed\/0uZXMy1q8Hc?feature=oembed\" frameborder=\"0\" allow=\"accelerometer; autoplay; clipboard-write; encrypted-media; gyroscope; picture-in-picture; web-share\" referrerpolicy=\"strict-origin-when-cross-origin\" allowfullscreen><\/iframe><\/p>\n<h4 style=\"text-align: center;\"><strong>Dr. S\u00f3tonyi P\u00e9ter<\/strong> <em>a Semmelweis Egyetem volt rektora<\/em><\/h4>\n<p><iframe loading=\"lazy\" title=\"Dr. S\u00f3tonyi P\u00e9ter \u2013 a Semmelweis Egyetem rektora (2000-2003)\" width=\"753\" height=\"424\" src=\"https:\/\/www.youtube.com\/embed\/s_Ztx56JH4o?feature=oembed\" frameborder=\"0\" allow=\"accelerometer; autoplay; clipboard-write; encrypted-media; gyroscope; picture-in-picture; web-share\" referrerpolicy=\"strict-origin-when-cross-origin\" allowfullscreen><\/iframe><\/p>\n<h4 style=\"text-align: center;\"><strong>Dr. Gera Istv\u00e1n<\/strong> <em>a parodontol\u00f3gia meghonos\u00edt\u00f3ja<\/em><\/h4>\n<p style=\"text-align: center;\"><iframe loading=\"lazy\" title=\"Dr. Gera Istv\u00e1n \u2013 a parodontol\u00f3gia meghonos\u00edt\u00f3ja\" width=\"753\" height=\"424\" src=\"https:\/\/www.youtube.com\/embed\/zIoY3fLOUTE?feature=oembed\" frameborder=\"0\" allow=\"accelerometer; autoplay; clipboard-write; encrypted-media; gyroscope; picture-in-picture; web-share\" referrerpolicy=\"strict-origin-when-cross-origin\" allowfullscreen><\/iframe><\/p>\n<h4 style=\"text-align: center;\"><strong>Dr. Vereb\u00e9ly Tibor<\/strong> <em>a magyar gyermekseb\u00e9szet meg\u00faj\u00edt\u00f3ja<\/em><\/h4>\n<p style=\"text-align: center;\"><iframe loading=\"lazy\" title=\"Dr. Vereb\u00e9ly Tibor \u2013 a magyar gyermekseb\u00e9szet meg\u00faj\u00edt\u00f3ja\" width=\"753\" height=\"424\" src=\"https:\/\/www.youtube.com\/embed\/zMmfENQqRKE?feature=oembed\" frameborder=\"0\" allow=\"accelerometer; autoplay; clipboard-write; encrypted-media; gyroscope; picture-in-picture; web-share\" referrerpolicy=\"strict-origin-when-cross-origin\" allowfullscreen><\/iframe><\/p>\n<h4 style=\"text-align: center;\"><strong>Dr. Palkovits Mikl\u00f3s<\/strong> <em>a Palkovits-f\u00e9le agymintav\u00e9teli &#8222;punch technika&#8221; kifejleszt\u0151je<\/em><\/h4>\n<p style=\"text-align: center;\"><iframe loading=\"lazy\" title=\"Dr. Palkovits Mikl\u00f3s \u2013 agykutat\u00f3, a Palkovits-f\u00e9le agymintav\u00e9teli &quot;punch technika&quot; kifejleszt\u0151je\" width=\"753\" height=\"424\" src=\"https:\/\/www.youtube.com\/embed\/t05qtdUR8Sk?feature=oembed\" frameborder=\"0\" allow=\"accelerometer; autoplay; clipboard-write; encrypted-media; gyroscope; picture-in-picture; web-share\" referrerpolicy=\"strict-origin-when-cross-origin\" allowfullscreen><\/iframe><\/p>\n<h4 style=\"text-align: center;\"><strong>Dr. Fej\u00e9rdy P\u00e1l<\/strong> <em>a r\u00e9szleges foghi\u00e1nyn\u00e1l alkalmazott F\u00e1bi\u00e1n-Fej\u00e9rdy oszt\u00e1lyoz\u00e1s kidolgoz\u00f3ja<\/em><\/h4>\n<p style=\"text-align: center;\"><iframe loading=\"lazy\" title=\"Dr. Fej\u00e9rdy P\u00e1l \u2013 a r\u00e9szleges foghi\u00e1nyn\u00e1l alkalmazott F\u00e1bi\u00e1n-Fej\u00e9rdy oszt\u00e1lyoz\u00e1s kidolgoz\u00f3ja\" width=\"753\" height=\"424\" src=\"https:\/\/www.youtube.com\/embed\/NHMVcikCZqw?feature=oembed\" frameborder=\"0\" allow=\"accelerometer; autoplay; clipboard-write; encrypted-media; gyroscope; picture-in-picture; web-share\" referrerpolicy=\"strict-origin-when-cross-origin\" allowfullscreen><\/iframe><\/p>\n<h4 style=\"text-align: center;\"><strong>Dr. Romics Imre<\/strong>\u00a0<em>a PSA (prosztatar\u00e1ksz\u0171r\u00e9s) meghonos\u00edt\u00f3ja<\/em><\/h4>\n<p style=\"text-align: center;\"><iframe loading=\"lazy\" title=\"Dr. Romics Imre urol\u00f3gus \u2013 a PSA (prosztatar\u00e1ksz\u0171r\u00e9s) meghonos\u00edt\u00f3ja\" width=\"753\" height=\"424\" src=\"https:\/\/www.youtube.com\/embed\/XO15jLR1ZH0?feature=oembed\" frameborder=\"0\" allow=\"accelerometer; autoplay; clipboard-write; encrypted-media; gyroscope; picture-in-picture; web-share\" referrerpolicy=\"strict-origin-when-cross-origin\" allowfullscreen><\/iframe><\/p>\n<h4 style=\"text-align: center;\"><strong>Dr. Sz\u00e1sz Gy\u00f6rgy<\/strong> <em>d\u00e9k\u00e1n &#8211; GYTK (1972-1984)<\/em><\/h4>\n<p style=\"text-align: center;\"><iframe loading=\"lazy\" title=\"Dr. Sz\u00e1sz Gy\u00f6rgy \u2013 a Gy\u00f3gyszer\u00e9sztudom\u00e1nyi Kar d\u00e9k\u00e1nja (1972-1984)\" width=\"753\" height=\"424\" src=\"https:\/\/www.youtube.com\/embed\/bvDYEAQlC1s?feature=oembed\" frameborder=\"0\" allow=\"accelerometer; autoplay; clipboard-write; encrypted-media; gyroscope; picture-in-picture; web-share\" referrerpolicy=\"strict-origin-when-cross-origin\" allowfullscreen><\/iframe><\/p>\n<h4 style=\"text-align: center;\"><strong>Dr. Sp\u00e4t Andr\u00e1s<\/strong> <em>Sz\u00e9chenyi-d\u00edjas orvos, endokrinol\u00f3gus<\/em><\/h4>\n<p style=\"text-align: center;\"><iframe loading=\"lazy\" title=\"Dr. Sp\u00e4t Andr\u00e1s \u2013 Sz\u00e9chenyi-d\u00edjas orvos, endokrinol\u00f3gus\" width=\"753\" height=\"424\" src=\"https:\/\/www.youtube.com\/embed\/DOc1VmL6ghE?feature=oembed\" frameborder=\"0\" allow=\"accelerometer; autoplay; clipboard-write; encrypted-media; gyroscope; picture-in-picture; web-share\" referrerpolicy=\"strict-origin-when-cross-origin\" allowfullscreen><\/iframe><\/p>\n<h4 style=\"text-align: center;\"><strong>Dr. Lang Gy\u00f6rgy <\/strong><em>az els\u0151 magyarorsz\u00e1gi t\u00fcd\u0151transzplant\u00e1ci\u00f3 elv\u00e9gz\u0151je<\/em><\/h4>\n<p style=\"text-align: center;\"><iframe loading=\"lazy\" title=\"Dr. Lang Gy\u00f6rgy \u2013 az els\u0151 magyarorsz\u00e1gi t\u00fcd\u0151transzplant\u00e1ci\u00f3 elv\u00e9gz\u0151je\" width=\"753\" height=\"424\" src=\"https:\/\/www.youtube.com\/embed\/My_P2nTIAs8?feature=oembed\" frameborder=\"0\" allow=\"accelerometer; autoplay; clipboard-write; encrypted-media; gyroscope; picture-in-picture; web-share\" referrerpolicy=\"strict-origin-when-cross-origin\" allowfullscreen><\/iframe><\/p>\n<h4 style=\"text-align: center;\"><strong>Dr. Barab\u00e1s J\u00f3zsef <\/strong><em>a 3D arcrekonstrukci\u00f3s &#8222;cranioviewer&#8221; rendszer kidolgoz\u00f3ja<\/em><\/h4>\n<p style=\"text-align: center;\"><iframe loading=\"lazy\" title=\"Dr. Barab\u00e1s J\u00f3zsef \u2013 a 3D arcrekonstrukci\u00f3s &quot;cranioviewer&quot; rendszer kidolgoz\u00f3ja\" width=\"753\" height=\"424\" src=\"https:\/\/www.youtube.com\/embed\/EWxkFUAkLB8?feature=oembed\" frameborder=\"0\" allow=\"accelerometer; autoplay; clipboard-write; encrypted-media; gyroscope; picture-in-picture; web-share\" referrerpolicy=\"strict-origin-when-cross-origin\" allowfullscreen><\/iframe><\/p>\n<p style=\"text-align: center;\">\u00a0<\/p>\n","protected":false},"excerpt":{"rendered":"<p>Dr. Perner Ferenc az els\u0151 sikeres magyar transzplant\u00e1ci\u00f3 elv\u00e9gz\u0151je Dr. Sz\u00e9l \u00c1goston a Semmelweis Egyetem volt rektora Dr. S\u00f3tonyi P\u00e9ter a Semmelweis Egyetem volt rektora Dr. Gera Istv\u00e1n a parodontol\u00f3gia meghonos\u00edt\u00f3ja Dr. Vereb\u00e9ly Tibor a magyar gyermekseb\u00e9szet meg\u00faj\u00edt\u00f3ja Dr. Palkovits Mikl\u00f3s a Palkovits-f\u00e9le agymintav\u00e9teli &#8222;punch technika&#8221; kifejleszt\u0151je Dr. Fej\u00e9rdy P\u00e1l a r\u00e9szleges foghi\u00e1nyn\u00e1l alkalmazott F\u00e1bi\u00e1n-Fej\u00e9rdy &hellip;<\/p>\n","protected":false},"author":101158,"featured_media":0,"parent":807,"menu_order":2,"comment_status":"closed","ping_status":"closed","template":"template-fullwidth.php","meta":{"_acf_changed":false,"footnotes":""},"categories":[],"tags":[],"class_list":["post-923","page","type-page","status-publish","hentry"],"acf":[],"publishpress_future_action":{"enabled":false,"date":"1970-01-01 01:00:00","action":"","terms":[],"taxonomy":"","browser_timezone_offset":0},"_links":{"self":[{"href":"https:\/\/semmelweis.hu\/alumni\/wp-json\/wp\/v2\/pages\/923","targetHints":{"allow":["GET"]}}],"collection":[{"href":"https:\/\/semmelweis.hu\/alumni\/wp-json\/wp\/v2\/pages"}],"about":[{"href":"https:\/\/semmelweis.hu\/alumni\/wp-json\/wp\/v2\/types\/page"}],"author":[{"embeddable":true,"href":"https:\/\/semmelweis.hu\/alumni\/wp-json\/wp\/v2\/users\/101158"}],"replies":[{"embeddable":true,"href":"https:\/\/semmelweis.hu\/alumni\/wp-json\/wp\/v2\/comments?post=923"}],"version-history":[{"count":10,"href":"https:\/\/semmelweis.hu\/alumni\/wp-json\/wp\/v2\/pages\/923\/revisions"}],"predecessor-version":[{"id":16220,"href":"https:\/\/semmelweis.hu\/alumni\/wp-json\/wp\/v2\/pages\/923\/revisions\/16220"}],"up":[{"embeddable":true,"href":"https:\/\/semmelweis.hu\/alumni\/wp-json\/wp\/v2\/pages\/807"}],"wp:attachment":[{"href":"https:\/\/semmelweis.hu\/alumni\/wp-json\/wp\/v2\/media?parent=923"}],"wp:term":[{"taxonomy":"category","embeddable":true,"href":"https:\/\/semmelweis.hu\/alumni\/wp-json\/wp\/v2\/categories?post=923"},{"taxonomy":"post_tag","embeddable":true,"href":"https:\/\/semmelweis.hu\/alumni\/wp-json\/wp\/v2\/tags?post=923"}],"curies":[{"name":"wp","href":"https:\/\/api.w.org\/{rel}","templated":true}]}}

Arcképcsarnok

<h4 style="text-align: center;"><strong>Dr. Perner Ferenc </strong><em>az első sikeres magyar transzplantáció elvégzője</em></h4>
<p style="text-align: center;"><iframe loading="lazy" title="Dr. Perner Ferenc – az első sikeres magyar transzplantáció elvégzője" width="753" height="424" src="https://www.youtube.com/embed/c69lESPx87k?feature=oembed" frameborder="0" allow="accelerometer; autoplay; clipboard-write; encrypted-media; gyroscope; picture-in-picture; web-share" referrerpolicy="strict-origin-when-cross-origin" allowfullscreen></iframe></p>
<h4 style="text-align: center;"><strong>Dr. Szél Ágoston</strong> <em>a Semmelweis Egyetem volt rektora</em></h4>
<p style="text-align: center;"><iframe loading="lazy" title="Dr. Szél Ágoston – a Semmelweis Egyetem rektora (2012-2018)" width="753" height="424" src="https://www.youtube.com/embed/0uZXMy1q8Hc?feature=oembed" frameborder="0" allow="accelerometer; autoplay; clipboard-write; encrypted-media; gyroscope; picture-in-picture; web-share" referrerpolicy="strict-origin-when-cross-origin" allowfullscreen></iframe></p>
<h4 style="text-align: center;"><strong>Dr. Sótonyi Péter</strong> <em>a Semmelweis Egyetem volt rektora</em></h4>
<p><iframe loading="lazy" title="Dr. Sótonyi Péter – a Semmelweis Egyetem rektora (2000-2003)" width="753" height="424" src="https://www.youtube.com/embed/s_Ztx56JH4o?feature=oembed" frameborder="0" allow="accelerometer; autoplay; clipboard-write; encrypted-media; gyroscope; picture-in-picture; web-share" referrerpolicy="strict-origin-when-cross-origin" allowfullscreen></iframe></p>
<h4 style="text-align: center;"><strong>Dr. Gera István</strong> <em>a parodontológia meghonosítója</em></h4>
<p style="text-align: center;"><iframe loading="lazy" title="Dr. Gera István – a parodontológia meghonosítója" width="753" height="424" src="https://www.youtube.com/embed/zIoY3fLOUTE?feature=oembed" frameborder="0" allow="accelerometer; autoplay; clipboard-write; encrypted-media; gyroscope; picture-in-picture; web-share" referrerpolicy="strict-origin-when-cross-origin" allowfullscreen></iframe></p>
<h4 style="text-align: center;"><strong>Dr. Verebély Tibor</strong> <em>a magyar gyermeksebészet megújítója</em></h4>
<p style="text-align: center;"><iframe loading="lazy" title="Dr. Verebély Tibor – a magyar gyermeksebészet megújítója" width="753" height="424" src="https://www.youtube.com/embed/zMmfENQqRKE?feature=oembed" frameborder="0" allow="accelerometer; autoplay; clipboard-write; encrypted-media; gyroscope; picture-in-picture; web-share" referrerpolicy="strict-origin-when-cross-origin" allowfullscreen></iframe></p>
<h4 style="text-align: center;"><strong>Dr. Palkovits Miklós</strong> <em>a Palkovits-féle agymintavételi &#8222;punch technika&#8221; kifejlesztője</em></h4>
<p style="text-align: center;"><iframe loading="lazy" title="Dr. Palkovits Miklós – agykutató, a Palkovits-féle agymintavételi &quot;punch technika&quot; kifejlesztője" width="753" height="424" src="https://www.youtube.com/embed/t05qtdUR8Sk?feature=oembed" frameborder="0" allow="accelerometer; autoplay; clipboard-write; encrypted-media; gyroscope; picture-in-picture; web-share" referrerpolicy="strict-origin-when-cross-origin" allowfullscreen></iframe></p>
<h4 style="text-align: center;"><strong>Dr. Fejérdy Pál</strong> <em>a részleges foghiánynál alkalmazott Fábián-Fejérdy osztályozás kidolgozója</em></h4>
<p style="text-align: center;"><iframe loading="lazy" title="Dr. Fejérdy Pál – a részleges foghiánynál alkalmazott Fábián-Fejérdy osztályozás kidolgozója" width="753" height="424" src="https://www.youtube.com/embed/NHMVcikCZqw?feature=oembed" frameborder="0" allow="accelerometer; autoplay; clipboard-write; encrypted-media; gyroscope; picture-in-picture; web-share" referrerpolicy="strict-origin-when-cross-origin" allowfullscreen></iframe></p>
<h4 style="text-align: center;"><strong>Dr. Romics Imre</strong> <em>a PSA (prosztatarákszűrés) meghonosítója</em></h4>
<p style="text-align: center;"><iframe loading="lazy" title="Dr. Romics Imre urológus – a PSA (prosztatarákszűrés) meghonosítója" width="753" height="424" src="https://www.youtube.com/embed/XO15jLR1ZH0?feature=oembed" frameborder="0" allow="accelerometer; autoplay; clipboard-write; encrypted-media; gyroscope; picture-in-picture; web-share" referrerpolicy="strict-origin-when-cross-origin" allowfullscreen></iframe></p>
<h4 style="text-align: center;"><strong>Dr. Szász György</strong> <em>dékán &#8211; GYTK (1972-1984)</em></h4>
<p style="text-align: center;"><iframe loading="lazy" title="Dr. Szász György – a Gyógyszerésztudományi Kar dékánja (1972-1984)" width="753" height="424" src="https://www.youtube.com/embed/bvDYEAQlC1s?feature=oembed" frameborder="0" allow="accelerometer; autoplay; clipboard-write; encrypted-media; gyroscope; picture-in-picture; web-share" referrerpolicy="strict-origin-when-cross-origin" allowfullscreen></iframe></p>
<h4 style="text-align: center;"><strong>Dr. Spät András</strong> <em>Széchenyi-díjas orvos, endokrinológus</em></h4>
<p style="text-align: center;"><iframe loading="lazy" title="Dr. Spät András – Széchenyi-díjas orvos, endokrinológus" width="753" height="424" src="https://www.youtube.com/embed/DOc1VmL6ghE?feature=oembed" frameborder="0" allow="accelerometer; autoplay; clipboard-write; encrypted-media; gyroscope; picture-in-picture; web-share" referrerpolicy="strict-origin-when-cross-origin" allowfullscreen></iframe></p>
<h4 style="text-align: center;"><strong>Dr. Lang György </strong><em>az első magyarországi tüdőtranszplantáció elvégzője</em></h4>
<p style="text-align: center;"><iframe loading="lazy" title="Dr. Lang György – az első magyarországi tüdőtranszplantáció elvégzője" width="753" height="424" src="https://www.youtube.com/embed/My_P2nTIAs8?feature=oembed" frameborder="0" allow="accelerometer; autoplay; clipboard-write; encrypted-media; gyroscope; picture-in-picture; web-share" referrerpolicy="strict-origin-when-cross-origin" allowfullscreen></iframe></p>
<h4 style="text-align: center;"><strong>Dr. Barabás József </strong><em>a 3D arcrekonstrukciós &#8222;cranioviewer&#8221; rendszer kidolgozója</em></h4>
<p style="text-align: center;"><iframe loading="lazy" title="Dr. Barabás József – a 3D arcrekonstrukciós &quot;cranioviewer&quot; rendszer kidolgozója" width="753" height="424" src="https://www.youtube.com/embed/EWxkFUAkLB8?feature=oembed" frameborder="0" allow="accelerometer; autoplay; clipboard-write; encrypted-media; gyroscope; picture-in-picture; web-share" referrerpolicy="strict-origin-when-cross-origin" allowfullscreen></iframe></p>
<p style="text-align: center;"> </p>

<p>Dr. Perner Ferenc az első sikeres magyar transzplantáció elvégzője Dr. Szél Ágoston a Semmelweis Egyetem volt rektora Dr. Sótonyi Péter a Semmelweis Egyetem volt rektora Dr. Gera István a parodontológia meghonosítója Dr. Verebély Tibor a magyar gyermeksebészet megújítója Dr. Palkovits Miklós a Palkovits-féle agymintavételi &#8222;punch technika&#8221; kifejlesztője Dr. Fejérdy Pál a részleges foghiánynál alkalmazott Fábián-Fejérdy &hellip;</p>
