{"id":91,"date":"2019-08-24T16:00:30","date_gmt":"2019-08-24T14:00:30","guid":{"rendered":"http:\/\/semmelweis.hu\/alumni\/?page_id=91"},"modified":"2024-01-29T14:33:34","modified_gmt":"2024-01-29T13:33:34","slug":"coaching-lehetoseg-a-semmelweis-egyetemen","status":"publish","type":"page","link":"https:\/\/semmelweis.hu\/alumni\/szolgaltatasok\/kepzeseink\/korabbi-kepzeseink\/coaching-lehetoseg-a-semmelweis-egyetemen\/","title":{"rendered":"Csoportos Coaching"},"content":{"rendered":"<p><span style=\"font-size: 24pt\"><b>Kedves \u00c9rdekl\u0151d\u0151!<\/b><\/span><\/p>\n<ul style=\"list-style-type: circle\">\n<li><span style=\"font-weight: 400\">Szeretn\u00e9d tudni, hogyan juss ki az egyetem, a karrierv\u00e1laszt\u00e1s \u00e9s az ek\u00f6zben felmer\u00fcl\u0151 probl\u00e9m\u00e1k labirintus\u00e1b\u00f3l?<\/span><\/li>\n<li>Sz\u00edvesen besz\u00e9ln\u00e9l a benned l\u00e9v\u0151 k\u00e9rd\u00e9sekr\u0151l, probl\u00e9m\u00e1kr\u00f3l az egyetemmel \u00e9s a p\u00e1lyav\u00e1laszt\u00e1ssal kapcsolatban?<\/li>\n<li>\u00dagy l\u00e1tod, t\u00fal sok v\u00e1laszt\u00e1sod van, \u00e9s ideje lenne f\u00f3kusz\u00e1lni valamire a sok lehet\u0151s\u00e9g k\u00f6z\u00fcl, \u00e9s megtal\u00e1lni a szem\u00e9lyesen neked legmegfelel\u0151bbet?<\/li>\n<\/ul>\n<p style=\"text-align: center\"><strong>Ha a v\u00e1laszod igen, akkor jelentkezz az al\u00e1bbi csoportos coaching lehet\u0151s\u00e9g\u00e9re! Dr. Juh\u00e1sz D\u00e1vid orvos v\u00e1llalkoz\u00f3, orvosi coach, mentor lesz seg\u00edts\u00e9gedre.<\/strong><\/p>\n<p>&nbsp;<\/p>\n<p><b>\u201cNa de mi is az a csoportos coaching?\u201d<\/b><\/p>\n<p><span style=\"font-weight: 400\">Egy olyan \u00fcl\u00e9s, amely alatt hasonl\u00f3 k\u00e9rd\u00e9sk\u00f6rrel rendelkez\u0151 hallgat\u00f3k egy coach vezet\u00e9s\u00e9vel besz\u00e9lnek meg probl\u00e9m\u00e1kat, \u00e9s der\u00edtik fel az adott k\u00e9rd\u00e9sre lehets\u00e9ges v\u00e1laszokat, melyeket a saj\u00e1t mindennapjaikban is alkalmazhatnak.<\/span><\/p>\n<p><b>\u201cHogy lehetsz biztos abban, hogy hasonl\u00f3 a t\u00f6bbiek probl\u00e9m\u00e1ja is az eny\u00e9mhez?\u201d<\/b><\/p>\n<p><span style=\"font-weight: 400\">A jelentkez\u00e9s ut\u00e1n ki kell t\u00f6ltened egy google k\u00e9rd\u0151\u00edvet, amely ut\u00e1n telefonon egyeztettek D\u00e1viddal. \u00cdgy biztos\u00edtjuk a csoportos foglalkoz\u00e1s megfelel\u0151 min\u0151s\u00e9g\u00e9t, \u00e9s azt, hogy a csoport minden tagja hasonl\u00f3 k\u00e9rd\u00e9seket, probl\u00e9m\u00e1kat hoz be az \u00fcl\u00e9sekre.<\/span><\/p>\n<p><b>\u201cH\u00e1nyan vagyunk egy csoportban?\u201d<\/b><\/p>\n<p><span style=\"font-weight: 400\">Hatan.<\/span><\/p>\n<p><b>\u201cMi a menetrend? Mikr\u0151l lesz sz\u00f3 ezeken az alkalmakon?\u201d<\/b><\/p>\n<p><span style=\"font-weight: 400\">A csoportos \u00fcl\u00e9ssorozat els\u0151 r\u00e9sz\u00e9n az ismerked\u00e9sen van a hangs\u00faly: kialak\u00edtjuk a megfelel\u0151 bizalmat egym\u00e1s fel\u00e9, amely ut\u00e1n fokozatosan hozunk be k\u00e9rd\u00e9seket, g\u00e1takat. Ezeket el\u0151sz\u00f6r felt\u00e1rjuk, \u201cdiagnosztiz\u00e1ljuk\u201d, mintegy anat\u00f3miai pontoss\u00e1ggal. Ezut\u00e1n feloldjuk a probl\u00e9m\u00e1t, \u00e9s a hely\u00e9be egy \u00faj gondolatot, v\u00edzi\u00f3t \u00fcltet\u00fcnk.<\/span><\/p>\n<p>&nbsp;<\/p>\n<p style=\"text-align: center\"><span style=\"font-weight: 400\">A csoportos coaching lehet\u0151s\u00e9ge a Semmelweis Egyetem hallgat\u00f3inak \u00e9s a v\u00e9gzett hallgat\u00f3knak is ingyenes, de regisztr\u00e1ci\u00f3hoz k\u00f6t\u00f6tt, a helyek \u00e9s az alkalmak korl\u00e1tozottak.\u00a0<\/span><\/p>\n<p style=\"text-align: center\"><span style=\"font-weight: 400\">A coaching pontos id\u0151pontja a r\u00e9sztvev\u0151kt\u0151l f\u00fcgg, ezt a jelentkez\u00e9s ut\u00e1n tudj\u00e1tok egyeztetni.\u00a0<\/span><\/p>\n<p style=\"text-align: center\"><strong>JELENTKEZ\u00c9S ITT:<\/strong><\/p>\n<p><iframe loading=\"lazy\" src=\"https:\/\/docs.google.com\/forms\/d\/e\/1FAIpQLSfW1CzEQ5iwMJ_ko7vHnjWtr6WqjAubrrspckw3h9m7wWVBsw\/viewform?embedded=true\" width=\"100%\" height=\"2471\">Loading\u2026<\/iframe><\/p>\n","protected":false},"excerpt":{"rendered":"<p>Kedves \u00c9rdekl\u0151d\u0151! Szeretn\u00e9d tudni, hogyan juss ki az egyetem, a karrierv\u00e1laszt\u00e1s \u00e9s az ek\u00f6zben felmer\u00fcl\u0151 probl\u00e9m\u00e1k labirintus\u00e1b\u00f3l? Sz\u00edvesen besz\u00e9ln\u00e9l a benned l\u00e9v\u0151 k\u00e9rd\u00e9sekr\u0151l, probl\u00e9m\u00e1kr\u00f3l az egyetemmel \u00e9s a p\u00e1lyav\u00e1laszt\u00e1ssal kapcsolatban? \u00dagy l\u00e1tod, t\u00fal sok v\u00e1laszt\u00e1sod van, \u00e9s ideje lenne f\u00f3kusz\u00e1lni valamire a sok lehet\u0151s\u00e9g k\u00f6z\u00fcl, \u00e9s megtal\u00e1lni a szem\u00e9lyesen neked legmegfelel\u0151bbet? Ha a v\u00e1laszod igen, &hellip;<\/p>\n","protected":false},"author":101158,"featured_media":0,"parent":789,"menu_order":0,"comment_status":"closed","ping_status":"closed","template":"","meta":{"_acf_changed":false,"footnotes":""},"categories":[],"tags":[],"class_list":["post-91","page","type-page","status-publish","hentry"],"acf":[],"publishpress_future_action":{"enabled":false,"date":"1970-01-01 01:00:00","action":"","terms":[],"taxonomy":"","browser_timezone_offset":0},"_links":{"self":[{"href":"https:\/\/semmelweis.hu\/alumni\/wp-json\/wp\/v2\/pages\/91","targetHints":{"allow":["GET"]}}],"collection":[{"href":"https:\/\/semmelweis.hu\/alumni\/wp-json\/wp\/v2\/pages"}],"about":[{"href":"https:\/\/semmelweis.hu\/alumni\/wp-json\/wp\/v2\/types\/page"}],"author":[{"embeddable":true,"href":"https:\/\/semmelweis.hu\/alumni\/wp-json\/wp\/v2\/users\/101158"}],"replies":[{"embeddable":true,"href":"https:\/\/semmelweis.hu\/alumni\/wp-json\/wp\/v2\/comments?post=91"}],"version-history":[{"count":9,"href":"https:\/\/semmelweis.hu\/alumni\/wp-json\/wp\/v2\/pages\/91\/revisions"}],"predecessor-version":[{"id":12029,"href":"https:\/\/semmelweis.hu\/alumni\/wp-json\/wp\/v2\/pages\/91\/revisions\/12029"}],"up":[{"embeddable":true,"href":"https:\/\/semmelweis.hu\/alumni\/wp-json\/wp\/v2\/pages\/789"}],"wp:attachment":[{"href":"https:\/\/semmelweis.hu\/alumni\/wp-json\/wp\/v2\/media?parent=91"}],"wp:term":[{"taxonomy":"category","embeddable":true,"href":"https:\/\/semmelweis.hu\/alumni\/wp-json\/wp\/v2\/categories?post=91"},{"taxonomy":"post_tag","embeddable":true,"href":"https:\/\/semmelweis.hu\/alumni\/wp-json\/wp\/v2\/tags?post=91"}],"curies":[{"name":"wp","href":"https:\/\/api.w.org\/{rel}","templated":true}]}}

<p><span style="font-size: 24pt"><b>Kedves Érdeklődő!</b></span></p>
<ul style="list-style-type: circle">
<li><span style="font-weight: 400">Szeretnéd tudni, hogyan juss ki az egyetem, a karrierválasztás és az eközben felmerülő problémák labirintusából?</span></li>
<li>Szívesen beszélnél a benned lévő kérdésekről, problémákról az egyetemmel és a pályaválasztással kapcsolatban?</li>
<li>Úgy látod, túl sok választásod van, és ideje lenne fókuszálni valamire a sok lehetőség közül, és megtalálni a személyesen neked legmegfelelőbbet?</li>
</ul>
<p style="text-align: center"><strong>Ha a válaszod igen, akkor jelentkezz az alábbi csoportos coaching lehetőségére! Dr. Juhász Dávid orvos vállalkozó, orvosi coach, mentor lesz segítségedre.</strong></p>
<p>&nbsp;</p>
<p><b>“Na de mi is az a csoportos coaching?”</b></p>
<p><span style="font-weight: 400">Egy olyan ülés, amely alatt hasonló kérdéskörrel rendelkező hallgatók egy coach vezetésével beszélnek meg problémákat, és derítik fel az adott kérdésre lehetséges válaszokat, melyeket a saját mindennapjaikban is alkalmazhatnak.</span></p>
<p><b>“Hogy lehetsz biztos abban, hogy hasonló a többiek problémája is az enyémhez?”</b></p>
<p><span style="font-weight: 400">A jelentkezés után ki kell töltened egy google kérdőívet, amely után telefonon egyeztettek Dáviddal. Így biztosítjuk a csoportos foglalkozás megfelelő minőségét, és azt, hogy a csoport minden tagja hasonló kérdéseket, problémákat hoz be az ülésekre.</span></p>
<p><b>“Hányan vagyunk egy csoportban?”</b></p>
<p><span style="font-weight: 400">Hatan.</span></p>
<p><b>“Mi a menetrend? Mikről lesz szó ezeken az alkalmakon?”</b></p>
<p><span style="font-weight: 400">A csoportos üléssorozat első részén az ismerkedésen van a hangsúly: kialakítjuk a megfelelő bizalmat egymás felé, amely után fokozatosan hozunk be kérdéseket, gátakat. Ezeket először feltárjuk, “diagnosztizáljuk”, mintegy anatómiai pontossággal. Ezután feloldjuk a problémát, és a helyébe egy új gondolatot, víziót ültetünk.</span></p>
<p>&nbsp;</p>
<p style="text-align: center"><span style="font-weight: 400">A csoportos coaching lehetősége a Semmelweis Egyetem hallgatóinak és a végzett hallgatóknak is ingyenes, de regisztrációhoz kötött, a helyek és az alkalmak korlátozottak. </span></p>
<p style="text-align: center"><span style="font-weight: 400">A coaching pontos időpontja a résztvevőktől függ, ezt a jelentkezés után tudjátok egyeztetni. </span></p>
<p style="text-align: center"><strong>JELENTKEZÉS ITT:</strong></p>
<p><iframe loading="lazy" src="https://docs.google.com/forms/d/e/1FAIpQLSfW1CzEQ5iwMJ_ko7vHnjWtr6WqjAubrrspckw3h9m7wWVBsw/viewform?embedded=true" width="100%" height="2471">Loading…</iframe></p>

<p>Kedves Érdeklődő! Szeretnéd tudni, hogyan juss ki az egyetem, a karrierválasztás és az eközben felmerülő problémák labirintusából? Szívesen beszélnél a benned lévő kérdésekről, problémákról az egyetemmel és a pályaválasztással kapcsolatban? Úgy látod, túl sok választásod van, és ideje lenne fókuszálni valamire a sok lehetőség közül, és megtalálni a személyesen neked legmegfelelőbbet? Ha a válaszod igen, &hellip;</p>
