{"id":640,"date":"2019-09-01T13:32:07","date_gmt":"2019-09-01T11:32:07","guid":{"rendered":"http:\/\/semmelweis.hu\/alumni\/?page_id=640"},"modified":"2019-09-01T13:32:07","modified_gmt":"2019-09-01T11:32:07","slug":"jogi-buktatok-es-kivedesuk-az-egeszsegugyben","status":"publish","type":"page","link":"https:\/\/semmelweis.hu\/alumni\/rendezvenyek\/semmelweis-talks\/jogi-buktatok-es-kivedesuk-az-egeszsegugyben\/","title":{"rendered":"Jogi buktat\u00f3k \u00e9s kiv\u00e9d\u00e9s\u00fck az eg\u00e9szs\u00e9g\u00fcgyben"},"content":{"rendered":"<p><a href=\"https:\/\/semmelweis.hu\/alumni\/files\/2019\/09\/18118457_805804646234528_8774009439255280918_n.jpg\"><img loading=\"lazy\" decoding=\"async\" class=\"aligncenter size-full wp-image-641\" src=\"https:\/\/semmelweis.hu\/alumni\/files\/2019\/09\/18118457_805804646234528_8774009439255280918_n.jpg\" alt=\"\" width=\"960\" height=\"539\" srcset=\"https:\/\/semmelweis.hu\/alumni\/files\/2019\/09\/18118457_805804646234528_8774009439255280918_n.jpg 960w, https:\/\/semmelweis.hu\/alumni\/files\/2019\/09\/18118457_805804646234528_8774009439255280918_n-300x168.jpg 300w, https:\/\/semmelweis.hu\/alumni\/files\/2019\/09\/18118457_805804646234528_8774009439255280918_n-768x431.jpg 768w, https:\/\/semmelweis.hu\/alumni\/files\/2019\/09\/18118457_805804646234528_8774009439255280918_n-753x423.jpg 753w\" sizes=\"auto, (max-width: 960px) 100vw, 960px\" \/><\/a><\/p>\n<p>&nbsp;<\/p>\n<p><span class=\"_4n-j _3cht fsl\" data-testid=\"event-permalink-details\"><span class=\"text_exposed_show\">Az alapk\u00e9pz\u00e9s sor\u00e1n rendszerint kev\u00e9s sz\u00f3 esik a leend\u0151 foglalkoz\u00e1sunk jogi vonatkoz\u00e1sair\u00f3l \u2013 azt\u00e1n a munk\u00e1t elkezdve r\u00e1d\u00f6bben\u00fcnk, hogy sokkal ink\u00e1bb jelen van a jog a mindennapokban, mint els\u0151re gondoln\u00e1nk.<\/span><\/span><\/p>\n<p>Melyek a leggyakoribb jogi buktat\u00f3k?<br \/>\nHogyan \u00e9s mikor haszn\u00e1ljuk a jogot ahelyett, hogy csak tartsunk t\u0151le?<\/p>\n<p>&nbsp;<\/p>\n<table>\n<tbody>\n<tr>\n<td style=\"width: 239px\"><a href=\"https:\/\/semmelweis.hu\/alumni\/files\/2019\/08\/kov\u00e1csy_zsombor_icon-1.png\"><img loading=\"lazy\" decoding=\"async\" class=\"aligncenter size-full wp-image-556\" src=\"https:\/\/semmelweis.hu\/alumni\/files\/2019\/08\/kov\u00e1csy_zsombor_icon-1.png\" alt=\"\" width=\"231\" height=\"231\" srcset=\"https:\/\/semmelweis.hu\/alumni\/files\/2019\/08\/kov\u00e1csy_zsombor_icon-1.png 231w, https:\/\/semmelweis.hu\/alumni\/files\/2019\/08\/kov\u00e1csy_zsombor_icon-1-150x150.png 150w\" sizes=\"auto, (max-width: 231px) 100vw, 231px\" \/><\/a><\/td>\n<td style=\"width: 1135px\">El\u0151ad\u00f3nk Dr. Kov\u00e1csy Zsombor az orsz\u00e1g egyik legtapasztaltabb eg\u00e9szs\u00e9g\u00fcgyi szakjog\u00e1sza, \u00e9vek \u00f3ta oktatja az eg\u00e9szs\u00e9g\u00fcgyi fels\u0151vezet\u0151ket jogi k\u00e9rd\u00e9sekben \u2013 emellett gyakran k\u00e9rik ki v\u00e9lem\u00e9ny\u00e9t a m\u00e9di\u00e1ban is.<\/p>\n<p><strong>Helysz\u00edn:<\/strong>\u00a0<span class=\"text_exposed_show\">Semmelweis Egyetem Nagyv\u00e1rad t\u00e9ri Elm\u00e9leti T\u00f6mb D\u00edszterme<br \/>\n<strong>Id\u0151pont:<\/strong>\u00a02017. m\u00e1jus 03. 18 \u00f3ra<\/span><\/td>\n<\/tr>\n<\/tbody>\n<\/table>\n","protected":false},"excerpt":{"rendered":"<p><a href=\"https:\/\/semmelweis.hu\/alumni\/files\/2019\/09\/18118457_805804646234528_8774009439255280918_n.jpg\"><\/a> &nbsp; Az alapk\u00e9pz\u00e9s sor\u00e1n rendszerint kev\u00e9s sz\u00f3 esik a leend\u0151 foglalkoz\u00e1sunk jogi vonatkoz\u00e1sair\u00f3l \u2013 azt\u00e1n a munk\u00e1t elkezdve r\u00e1d\u00f6bben\u00fcnk, hogy sokkal ink\u00e1bb jelen van a jog a mindennapokban, mint els\u0151re gondoln\u00e1nk. Melyek a leggyakoribb jogi buktat\u00f3k? Hogyan \u00e9s mikor haszn\u00e1ljuk a jogot ahelyett, hogy csak tartsunk t\u0151le? &nbsp; <a href=\"https:\/\/semmelweis.hu\/alumni\/files\/2019\/08\/kov\u00e1csy_zsombor_icon-1.png\"><\/a> El\u0151ad\u00f3nk Dr. Kov\u00e1csy Zsombor az orsz\u00e1g egyik &hellip;<\/p>\n","protected":false},"author":101158,"featured_media":0,"parent":100,"menu_order":0,"comment_status":"closed","ping_status":"closed","template":"","meta":{"_acf_changed":false,"footnotes":""},"categories":[],"tags":[],"class_list":["post-640","page","type-page","status-publish","hentry"],"acf":[],"publishpress_future_action":{"enabled":false,"date":"1970-01-01 01:00:00","action":"","terms":[],"taxonomy":"","browser_timezone_offset":0},"_links":{"self":[{"href":"https:\/\/semmelweis.hu\/alumni\/wp-json\/wp\/v2\/pages\/640","targetHints":{"allow":["GET"]}}],"collection":[{"href":"https:\/\/semmelweis.hu\/alumni\/wp-json\/wp\/v2\/pages"}],"about":[{"href":"https:\/\/semmelweis.hu\/alumni\/wp-json\/wp\/v2\/types\/page"}],"author":[{"embeddable":true,"href":"https:\/\/semmelweis.hu\/alumni\/wp-json\/wp\/v2\/users\/101158"}],"replies":[{"embeddable":true,"href":"https:\/\/semmelweis.hu\/alumni\/wp-json\/wp\/v2\/comments?post=640"}],"version-history":[{"count":1,"href":"https:\/\/semmelweis.hu\/alumni\/wp-json\/wp\/v2\/pages\/640\/revisions"}],"predecessor-version":[{"id":642,"href":"https:\/\/semmelweis.hu\/alumni\/wp-json\/wp\/v2\/pages\/640\/revisions\/642"}],"up":[{"embeddable":true,"href":"https:\/\/semmelweis.hu\/alumni\/wp-json\/wp\/v2\/pages\/100"}],"wp:attachment":[{"href":"https:\/\/semmelweis.hu\/alumni\/wp-json\/wp\/v2\/media?parent=640"}],"wp:term":[{"taxonomy":"category","embeddable":true,"href":"https:\/\/semmelweis.hu\/alumni\/wp-json\/wp\/v2\/categories?post=640"},{"taxonomy":"post_tag","embeddable":true,"href":"https:\/\/semmelweis.hu\/alumni\/wp-json\/wp\/v2\/tags?post=640"}],"curies":[{"name":"wp","href":"https:\/\/api.w.org\/{rel}","templated":true}]}}