{"id":40633,"date":"2026-03-05T09:42:44","date_gmt":"2026-03-05T08:42:44","guid":{"rendered":"https:\/\/semmelweis.hu\/alumni\/?page_id=40633"},"modified":"2026-03-05T09:42:44","modified_gmt":"2026-03-05T08:42:44","slug":"megszakitott-fizetes-2","status":"publish","type":"page","link":"https:\/\/semmelweis.hu\/alumni\/megszakitott-fizetes-2\/","title":{"rendered":"Megszak\u00edtott fizet\u00e9s"},"content":{"rendered":"<p>\u00d6n megszak\u00edtotta a fizet\u00e9st!<\/p>\n","protected":false},"excerpt":{"rendered":"<p>\u00d6n megszak\u00edtotta a fizet\u00e9st!<\/p>\n","protected":false},"author":101934,"featured_media":0,"parent":0,"menu_order":0,"comment_status":"closed","ping_status":"closed","template":"","meta":{"_acf_changed":false,"footnotes":""},"categories":[],"tags":[],"class_list":["post-40633","page","type-page","status-publish","hentry"],"acf":[],"publishpress_future_action":{"enabled":false,"date":"1970-01-01 01:00:00","action":"","terms":[],"taxonomy":"","browser_timezone_offset":0},"_links":{"self":[{"href":"https:\/\/semmelweis.hu\/alumni\/wp-json\/wp\/v2\/pages\/40633","targetHints":{"allow":["GET"]}}],"collection":[{"href":"https:\/\/semmelweis.hu\/alumni\/wp-json\/wp\/v2\/pages"}],"about":[{"href":"https:\/\/semmelweis.hu\/alumni\/wp-json\/wp\/v2\/types\/page"}],"author":[{"embeddable":true,"href":"https:\/\/semmelweis.hu\/alumni\/wp-json\/wp\/v2\/users\/101934"}],"replies":[{"embeddable":true,"href":"https:\/\/semmelweis.hu\/alumni\/wp-json\/wp\/v2\/comments?post=40633"}],"version-history":[{"count":1,"href":"https:\/\/semmelweis.hu\/alumni\/wp-json\/wp\/v2\/pages\/40633\/revisions"}],"predecessor-version":[{"id":40634,"href":"https:\/\/semmelweis.hu\/alumni\/wp-json\/wp\/v2\/pages\/40633\/revisions\/40634"}],"wp:attachment":[{"href":"https:\/\/semmelweis.hu\/alumni\/wp-json\/wp\/v2\/media?parent=40633"}],"wp:term":[{"taxonomy":"category","embeddable":true,"href":"https:\/\/semmelweis.hu\/alumni\/wp-json\/wp\/v2\/categories?post=40633"},{"taxonomy":"post_tag","embeddable":true,"href":"https:\/\/semmelweis.hu\/alumni\/wp-json\/wp\/v2\/tags?post=40633"}],"curies":[{"name":"wp","href":"https:\/\/api.w.org\/{rel}","templated":true}]}}