{"id":38837,"date":"2026-01-08T13:54:10","date_gmt":"2026-01-08T12:54:10","guid":{"rendered":"https:\/\/semmelweis.hu\/alumni\/?page_id=38837"},"modified":"2026-03-25T19:06:20","modified_gmt":"2026-03-25T18:06:20","slug":"egyuttmukodes-es-erzelmi-rugalmassag-fejlesztes-2026-marcius-16-hetfo","status":"publish","type":"page","link":"https:\/\/semmelweis.hu\/alumni\/szolgaltatasok\/kepzeseink\/szemelyes-kepzeseink\/egyuttmukodes-es-erzelmi-rugalmassag-fejlesztes-2026-marcius-16-hetfo\/","title":{"rendered":"Egy\u00fcttm\u0171k\u00f6d\u00e9s \u00e9s \u00e9rzelmi rugalmass\u00e1g fejleszt\u00e9s 2026. \u00e1prilis 25., szombat"},"content":{"rendered":"<h5>Egy\u00fcttm\u0171k\u00f6d\u00e9s \u00e9s \u00e9rzelmi rugalmass\u00e1g fejleszt\u00e9s<\/h5>\n<p><img decoding=\"async\" class=\"alignright\" src=\"https:\/\/szamalk.hu\/images\/webshop\/Training-and-Coaching\/egyuttmukodes-fejlesztes\/egyuttm_box_330x228.jpg\" alt=\"Egy\u00fcttm\u0171k\u00f6d\u00e9s fejleszt\u00e9s\" \/>Az egy\u00fcttm\u0171k\u00f6d\u0151 attit\u0171d fejleszt\u00e9s\u00e9vel \u00e9s az \u00e9rzelmi rugalmass\u00e1got t\u00e1mogat\u00f3 gyakorlatok\u00a0rendszeres alkalmaz\u00e1s\u00e1val, hat\u00e9konyan kezelhetj\u00fck a v\u00e1ratlan kih\u00edv\u00e1sokat, az\u00a0egy\u00fcttm\u0171k\u00f6d\u00e9sekben felbukkan\u00f3 elakad\u00e1sokat,\u00a0valamint a k\u00fcls\u0151 \u00e9s bels\u0151 konfliktusokat.\u00a0A mindennapi rutinba be\u00e9p\u00edthet\u0151 megold\u00e1sok \u00e9s\u00a0az \u00e9rzelmi tudatoss\u00e1got t\u00e1mogat\u00f3 gyakorlatok\u00a0ker\u00fclnek a f\u00f3kuszban, amelyek seg\u00edts\u00e9g\u00e9vel\u00a0magasabb szintre emelhetj\u00fck a kapcsolatainkat a\u00a0munka \u00e9s a mag\u00e1n\u00e9let ter\u00fclet\u00e9n egyar\u00e1nt.<\/p>\n<h5>Miben fejl\u0151dhet\u00fcnk?<\/h5>\n<p style=\"padding-left: 40px\">\u2022 \u00c9ber jelenl\u00e9t v\u00e1ratlan helyzetekben<\/p>\n<p style=\"padding-left: 40px\">\u2022 Stresszt\u0171r\u0151 k\u00e9pess\u00e9g<\/p>\n<p style=\"padding-left: 40px\">\u2022 \u00c9rzelmi rugalmass\u00e1g<\/p>\n<p style=\"padding-left: 40px\">\u2022 \u00c9rzelmi stabilit\u00e1s<\/p>\n<p style=\"padding-left: 40px\">\u2022 Megold\u00e1sorient\u00e1lt attit\u0171d<\/p>\n<p style=\"padding-left: 40px\">\u2022 A v\u00e1ltoz\u00e1sok rugalmas \u00e9s kreat\u00edv kezel\u00e9se<\/p>\n<p style=\"padding-left: 40px\">\u2022 Egy\u00fcttm\u0171k\u00f6d\u00e9st t\u00e1mogat\u00f3 attit\u0171d<\/p>\n<p>&nbsp;<\/p>\n<h3>A tr\u00e9ning jellemz\u0151i:<\/h3>\n<ul>\n<li><span style=\"color: #000000\">A tr\u00e9ning maxim\u00e1lis l\u00e9tsz\u00e1ma az interakt\u00edv forma miatt 20 f\u0151<\/span><\/li>\n<li><span style=\"color: #000000\">A r\u00e9szv\u00e9tel a Semmelweis Egyetem b\u00e1rmely v\u00e9gzett hallgat\u00f3ja sz\u00e1m\u00e1ra ingyenes, de regisztr\u00e1ci\u00f3hoz k\u00f6t\u00f6tt.<\/span><\/li>\n<li>Vend\u00e9gel\u0151ad\u00f3: T\u00f3th-Mezei Be\u00e1ta<\/li>\n<li><span style=\"color: #000000\"><strong>A soron k\u00f6vetkez\u0151 k\u00e9pz\u00e9s id\u0151pontja: 2026. \u00e1prilis 25., szombat 10:00-14:00<br \/>\n<\/strong><\/span><\/li>\n<li><span style=\"color: #000000\">A tanfolyam helysz\u00edne: <strong>T\u00e1rgyal\u00f3<\/strong> 1085 Budapest, \u00dcll\u0151i \u00fat 26. K\u00f6zponti Igazgat\u00e1si \u00c9p\u00fclet fsz. 6. terem\u00a0<\/span><\/li>\n<li><span style=\"color: #000000\">Fontos! A k\u00e9pz\u00e9sen az els\u0151 20 jelentkez\u0151 tud majd r\u00e9szt venni, a tov\u00e1bbiakban v\u00e1r\u00f3list\u00e1ra ker\u00fclnek a jelentkez\u0151k, k\u00e9rj\u00fck, hogy a jelentkez\u00e9st kezelj\u00e9k felel\u0151ss\u00e9ggel! Amennyiben a jelentkez\u0151 a k\u00e9pz\u00e9st nem mondja le \u00e9s nem jelenik meg a k\u00e9pz\u00e9sen, akkor ebben a f\u00e9l\u00e9vben az Alumni \u00e1ltal szervezett k\u00e9pz\u00e9seken m\u00e1r nem vehet r\u00e9szt.<\/span><\/li>\n<\/ul>\n<p style=\"text-align: center\"><a class=\"button\" href=\"https:\/\/outlook.office.com\/book\/Kpzsek@unisemmelweis.onmicrosoft.com\/s\/H18mQNqvvEOHlwKr7TgJRA2?ismsaljsauthenabled\" target=\"_blank\" rel=\"noopener\">JELENTKEZ\u00c9S<\/a><\/p>\n","protected":false},"excerpt":{"rendered":"<p>Egy\u00fcttm\u0171k\u00f6d\u00e9s \u00e9s \u00e9rzelmi rugalmass\u00e1g fejleszt\u00e9s Az egy\u00fcttm\u0171k\u00f6d\u0151 attit\u0171d fejleszt\u00e9s\u00e9vel \u00e9s az \u00e9rzelmi rugalmass\u00e1got t\u00e1mogat\u00f3 gyakorlatok\u00a0rendszeres alkalmaz\u00e1s\u00e1val, hat\u00e9konyan kezelhetj\u00fck a v\u00e1ratlan kih\u00edv\u00e1sokat, az\u00a0egy\u00fcttm\u0171k\u00f6d\u00e9sekben felbukkan\u00f3 elakad\u00e1sokat,\u00a0valamint a k\u00fcls\u0151 \u00e9s bels\u0151 konfliktusokat.\u00a0A mindennapi rutinba be\u00e9p\u00edthet\u0151 megold\u00e1sok \u00e9s\u00a0az \u00e9rzelmi tudatoss\u00e1got t\u00e1mogat\u00f3 gyakorlatok\u00a0ker\u00fclnek a f\u00f3kuszban, amelyek seg\u00edts\u00e9g\u00e9vel\u00a0magasabb szintre emelhetj\u00fck a kapcsolatainkat a\u00a0munka \u00e9s a mag\u00e1n\u00e9let ter\u00fclet\u00e9n egyar\u00e1nt. Miben fejl\u0151dhet\u00fcnk? \u2022 &hellip;<\/p>\n","protected":false},"author":101947,"featured_media":38840,"parent":4874,"menu_order":0,"comment_status":"closed","ping_status":"closed","template":"template-fullwidth.php","meta":{"_acf_changed":false,"footnotes":""},"categories":[336],"tags":[],"class_list":["post-38837","page","type-page","status-publish","has-post-thumbnail","hentry","category-aktualiskepzesek"],"acf":[],"publishpress_future_action":{"enabled":false,"date":"1970-01-01 01:00:00","action":"","terms":[],"taxonomy":"","browser_timezone_offset":0},"_links":{"self":[{"href":"https:\/\/semmelweis.hu\/alumni\/wp-json\/wp\/v2\/pages\/38837","targetHints":{"allow":["GET"]}}],"collection":[{"href":"https:\/\/semmelweis.hu\/alumni\/wp-json\/wp\/v2\/pages"}],"about":[{"href":"https:\/\/semmelweis.hu\/alumni\/wp-json\/wp\/v2\/types\/page"}],"author":[{"embeddable":true,"href":"https:\/\/semmelweis.hu\/alumni\/wp-json\/wp\/v2\/users\/101947"}],"replies":[{"embeddable":true,"href":"https:\/\/semmelweis.hu\/alumni\/wp-json\/wp\/v2\/comments?post=38837"}],"version-history":[{"count":9,"href":"https:\/\/semmelweis.hu\/alumni\/wp-json\/wp\/v2\/pages\/38837\/revisions"}],"predecessor-version":[{"id":41107,"href":"https:\/\/semmelweis.hu\/alumni\/wp-json\/wp\/v2\/pages\/38837\/revisions\/41107"}],"up":[{"embeddable":true,"href":"https:\/\/semmelweis.hu\/alumni\/wp-json\/wp\/v2\/pages\/4874"}],"wp:featuredmedia":[{"embeddable":true,"href":"https:\/\/semmelweis.hu\/alumni\/wp-json\/wp\/v2\/media\/38840"}],"wp:attachment":[{"href":"https:\/\/semmelweis.hu\/alumni\/wp-json\/wp\/v2\/media?parent=38837"}],"wp:term":[{"taxonomy":"category","embeddable":true,"href":"https:\/\/semmelweis.hu\/alumni\/wp-json\/wp\/v2\/categories?post=38837"},{"taxonomy":"post_tag","embeddable":true,"href":"https:\/\/semmelweis.hu\/alumni\/wp-json\/wp\/v2\/tags?post=38837"}],"curies":[{"name":"wp","href":"https:\/\/api.w.org\/{rel}","templated":true}]}}