{"id":27968,"date":"2025-08-25T14:45:07","date_gmt":"2025-08-25T12:45:07","guid":{"rendered":"https:\/\/semmelweis.hu\/alumni\/?page_id=27968"},"modified":"2026-03-25T19:22:35","modified_gmt":"2026-03-25T18:22:35","slug":"motivacio-a-gyakorlatban-tisztazzuk-a-tevhiteket-epitsuk-a-valosagot-2025-oktober-9-es-november-13-csutortok","status":"publish","type":"page","link":"https:\/\/semmelweis.hu\/alumni\/szolgaltatasok\/kepzeseink\/szemelyes-kepzeseink\/motivacio-a-gyakorlatban-tisztazzuk-a-tevhiteket-epitsuk-a-valosagot-2025-oktober-9-es-november-13-csutortok\/","title":{"rendered":"Motiv\u00e1ci\u00f3 a gyakorlatban \u2013 Tiszt\u00e1zzuk a t\u00e9vhiteket, \u00e9p\u00edts\u00fck a val\u00f3s\u00e1got! 2026. j\u00fanius 11., cs\u00fct\u00f6rt\u00f6k"},"content":{"rendered":"<h3 style=\"text-align: justify\" data-start=\"158\" data-end=\"658\">Motiv\u00e1ci\u00f3 a gyakorlatban \u2013 Tiszt\u00e1zzuk a t\u00e9vhiteket, \u00e9p\u00edts\u00fck a val\u00f3s\u00e1got!<\/h3>\n<p style=\"text-align: justify\" data-start=\"158\" data-end=\"658\"><img loading=\"lazy\" decoding=\"async\" class=\"alignright\" src=\"https:\/\/ihatenumbers.gumlet.io\/wp-content\/uploads\/2023\/08\/www.ihatenumbers.co_.uk-1280-%C3%97-720px-1920-%C3%97-1080px-1-1080x675.png?format=webp&amp;compress=true&amp;quality=80&amp;w=1080&amp;dpr=2.6\" alt=\"How to improve your motivation in business - I Hate Numbers\" width=\"404\" height=\"252\" \/>\u201eHogyan lehet lelkes egy csapat, ha mindenki m\u00e1sk\u00e9pp motiv\u00e1lhat\u00f3?\u201d<br \/>\nAz \u00e9let minden ter\u00fclet\u00e9n, \u00edgy az eg\u00e9szs\u00e9g\u00fcgyben is a motiv\u00e1ci\u00f3 k\u00fcl\u00f6n\u00f6sen \u00f6sszetett k\u00e9rd\u00e9s. A folyamatos stressz, az emberi sorsok, az elt\u00e9r\u0151 gener\u00e1ci\u00f3k \u00e9s k\u00f6zben ott a vezet\u0151k elv\u00e1r\u00e1sa a stabil teljes\u00edtm\u00e9nyre.\u00a0<br \/>\nSokan \u00fagy gondolj\u00e1k, hogy a p\u00e9nz az els\u0151 sz\u00e1m\u00fa motiv\u00e1l\u00f3 er\u0151. Pedig a val\u00f3s\u00e1g m\u00e1s! A val\u00f3di elk\u00f6telez\u0151d\u00e9s titka legt\u00f6bbsz\u00f6r a nem anyagi<br \/>\neszk\u00f6z\u00f6kben rejlik. Az el\u0151ad\u00e1s \u00e9ppen ez\u00e9rt lerombolja a motiv\u00e1ci\u00f3<br \/>\nk\u00f6r\u00fcli k\u00f6d\u00f6s hiedelmeket, \u00e9s a hely\u00fckre gyakorlati, azonnal alkalmazhat\u00f3 megold\u00e1sokat k\u00edn\u00e1l.<\/p>\n<p style=\"text-align: justify\" data-start=\"158\" data-end=\"658\"><strong>A legt\u00f6bb fejt\u00f6r\u00e9st az okozza, hogy:<\/strong><br \/>\n\u2022 hogyan \u00e9rhetj\u00fck el, hogy a koll\u00e9g\u00e1k ne csak \u201eledolgozz\u00e1k\u201d a m\u0171szakot, hanem \u00e9rezz\u00e9k azt, hogy val\u00f3ban sz\u00e1m\u00edtanak?<br \/>\n\u2022 milyen motiv\u00e1ci\u00f3s eszk\u00f6z\u00f6k m\u0171k\u00f6dnek val\u00f3ban az eg\u00e9szs\u00e9g\u00fcgyben \u2013 csapaton bel\u00fcl, \u00e9s a p\u00e1ciensekkel val\u00f3 kapcsolatban?<br \/>\n\u2022 mi\u00e9rt egyszer\u0171bb a motiv\u00e1ci\u00f3, mint hinn\u00e9nk \u2013 \u00e9s hogyan lehet a \u201epofonegyszer\u0171\u201d megold\u00e1sokb\u00f3l er\u0151t kov\u00e1csolni a mindennapokban?<\/p>\n<p style=\"text-align: justify\" data-start=\"158\" data-end=\"658\"><strong>Az interakt\u00edv el\u0151ad\u00e1s sor\u00e1n a r\u00e9sztvev\u0151k:<\/strong><br \/>\n&#8211; felfedezik, mi motiv\u00e1lja val\u00f3j\u00e1ban \u0151ket \u00e9s koll\u00e9g\u00e1ikat,<br \/>\n&#8211; betekint\u00e9st nyernek, hogyan \u00e9p\u00edtsenek olyan munkak\u00f6rnyezetet, ahol n\u0151 a lojalit\u00e1s<br \/>\n\u00e9s cs\u00f6kken a fluktu\u00e1ci\u00f3,<br \/>\n&#8211; \u00e9s eszk\u00f6z\u00f6ket kapnak, amelyekkel m\u00e1r m\u00e1snap is eredm\u00e9nyesebben vezethetik a<br \/>\ncsapatukat.<br \/>\nAz eredm\u00e9ny? Magabiztosabb vezet\u0151k, elk\u00f6telezettebb munkat\u00e1rsak \u00e9s egy olyan l\u00e9gk\u00f6r,<br \/>\nahol mindenki hajland\u00f3 a k\u00f6z\u00f6s c\u00e9lok\u00e9rt tenni \u2013 nem k\u00e9nyszerb\u0151l, hanem bels\u0151<br \/>\nmotiv\u00e1ci\u00f3b\u00f3l.<\/p>\n<h3>A tr\u00e9ning jellemz\u0151i:<\/h3>\n<ul>\n<li><span style=\"color: #000000\">A tr\u00e9ning 17:00-20:00-ig tart. A tr\u00e9ning tematik\u00e1ja egy \u00edvet k\u00f6vet, ez\u00e9rt annak \u00e9rdemes jelentkezni, aki a teljes id\u0151tartamban jelen tud lenni.<\/span><\/li>\n<li><span style=\"color: #000000\">A tr\u00e9ning maxim\u00e1lis l\u00e9tsz\u00e1ma az interakt\u00edv forma miatt 20 f\u0151<\/span><\/li>\n<li><span style=\"color: #000000\">A r\u00e9szv\u00e9tel a Semmelweis Egyetem b\u00e1rmely v\u00e9gzett hallgat\u00f3ja sz\u00e1m\u00e1ra ingyenes, de regisztr\u00e1ci\u00f3hoz k\u00f6t\u00f6tt.<\/span><\/li>\n<li><span style=\"color: #000000\">Tr\u00e9ner: Dr. Gyarmathy Mikl\u00f3s<\/span><\/li>\n<li><span style=\"color: #000000\"><strong>A k\u00e9pz\u00e9s id\u0151pontjai: 2026. j\u00fanius 11., cs\u00fct\u00f6rt\u00f6k 17:00-20:00<\/strong><\/span><\/li>\n<li><span style=\"color: #000000\">A tanfolyam helysz\u00edne: <strong>T\u00e1rgyal\u00f3<\/strong> 1085 Budapest \u00dcll\u0151i \u00fat 26. K\u00f6zponti Igazgat\u00e1si \u00c9p\u00fclet Fszt. 5.<\/span><\/li>\n<li><span style=\"color: #000000\">Fontos! A k\u00e9pz\u00e9sen az els\u0151 20 jelentkez\u0151 tud majd r\u00e9szt venni, a tov\u00e1bbiakban v\u00e1r\u00f3list\u00e1ra ker\u00fclnek a jelentkez\u0151k, k\u00e9rj\u00fck, hogy a jelentkez\u00e9st kezelj\u00e9k felel\u0151ss\u00e9ggel! Amennyiben a jelentkez\u0151 a k\u00e9pz\u00e9st nem mondja le \u00e9s nem jelenik meg a k\u00e9pz\u00e9sen, akkor ebben a f\u00e9l\u00e9vben az Alumni \u00e1ltal szervezett k\u00e9pz\u00e9seken m\u00e1r nem vehet r\u00e9szt.<\/span><\/li>\n<\/ul>\n<p style=\"text-align: center\"><a class=\"button\" href=\"https:\/\/outlook.office.com\/book\/Kpzsek@unisemmelweis.onmicrosoft.com\/s\/B79yudw39kWJE6fUmIPZ1g2?ismsaljsauthenabled\" target=\"_blank\" rel=\"noopener\">JELENTKEZ\u00c9S<\/a><\/p>\n","protected":false},"excerpt":{"rendered":"<p>Motiv\u00e1ci\u00f3 a gyakorlatban \u2013 Tiszt\u00e1zzuk a t\u00e9vhiteket, \u00e9p\u00edts\u00fck a val\u00f3s\u00e1got! \u201eHogyan lehet lelkes egy csapat, ha mindenki m\u00e1sk\u00e9pp motiv\u00e1lhat\u00f3?\u201d Az \u00e9let minden ter\u00fclet\u00e9n, \u00edgy az eg\u00e9szs\u00e9g\u00fcgyben is a motiv\u00e1ci\u00f3 k\u00fcl\u00f6n\u00f6sen \u00f6sszetett k\u00e9rd\u00e9s. A folyamatos stressz, az emberi sorsok, az elt\u00e9r\u0151 gener\u00e1ci\u00f3k \u00e9s k\u00f6zben ott a vezet\u0151k elv\u00e1r\u00e1sa a stabil teljes\u00edtm\u00e9nyre.\u00a0 Sokan \u00fagy gondolj\u00e1k, hogy a &hellip;<\/p>\n","protected":false},"author":101947,"featured_media":27967,"parent":4874,"menu_order":0,"comment_status":"closed","ping_status":"closed","template":"template-fullwidth.php","meta":{"_acf_changed":false,"footnotes":""},"categories":[336],"tags":[],"class_list":["post-27968","page","type-page","status-publish","has-post-thumbnail","hentry","category-aktualiskepzesek"],"acf":[],"publishpress_future_action":{"enabled":false,"date":"1970-01-01 01:00:00","action":"","terms":[],"taxonomy":"","browser_timezone_offset":0},"_links":{"self":[{"href":"https:\/\/semmelweis.hu\/alumni\/wp-json\/wp\/v2\/pages\/27968","targetHints":{"allow":["GET"]}}],"collection":[{"href":"https:\/\/semmelweis.hu\/alumni\/wp-json\/wp\/v2\/pages"}],"about":[{"href":"https:\/\/semmelweis.hu\/alumni\/wp-json\/wp\/v2\/types\/page"}],"author":[{"embeddable":true,"href":"https:\/\/semmelweis.hu\/alumni\/wp-json\/wp\/v2\/users\/101947"}],"replies":[{"embeddable":true,"href":"https:\/\/semmelweis.hu\/alumni\/wp-json\/wp\/v2\/comments?post=27968"}],"version-history":[{"count":11,"href":"https:\/\/semmelweis.hu\/alumni\/wp-json\/wp\/v2\/pages\/27968\/revisions"}],"predecessor-version":[{"id":41117,"href":"https:\/\/semmelweis.hu\/alumni\/wp-json\/wp\/v2\/pages\/27968\/revisions\/41117"}],"up":[{"embeddable":true,"href":"https:\/\/semmelweis.hu\/alumni\/wp-json\/wp\/v2\/pages\/4874"}],"wp:featuredmedia":[{"embeddable":true,"href":"https:\/\/semmelweis.hu\/alumni\/wp-json\/wp\/v2\/media\/27967"}],"wp:attachment":[{"href":"https:\/\/semmelweis.hu\/alumni\/wp-json\/wp\/v2\/media?parent=27968"}],"wp:term":[{"taxonomy":"category","embeddable":true,"href":"https:\/\/semmelweis.hu\/alumni\/wp-json\/wp\/v2\/categories?post=27968"},{"taxonomy":"post_tag","embeddable":true,"href":"https:\/\/semmelweis.hu\/alumni\/wp-json\/wp\/v2\/tags?post=27968"}],"curies":[{"name":"wp","href":"https:\/\/api.w.org\/{rel}","templated":true}]}}