{"id":27497,"date":"2025-07-28T11:02:01","date_gmt":"2025-07-28T09:02:01","guid":{"rendered":"https:\/\/semmelweis.hu\/alumni\/?page_id=27497"},"modified":"2025-07-29T14:47:14","modified_gmt":"2025-07-29T12:47:14","slug":"vi-orszagos-egeszsegugyi-karriernap-es-allasborze-kiallitoi-regisztracio","status":"publish","type":"page","link":"https:\/\/semmelweis.hu\/alumni\/rendezvenyek\/vi-orszagos-egeszsegugyi-karriernap-es-allasborze-kiallitoi-regisztracio\/","title":{"rendered":"VI. ORSZ\u00c1GOS EG\u00c9SZS\u00c9G\u00dcGYI KARRIERNAP \u00c9S \u00c1LL\u00c1SB\u00d6RZE &#8211; Ki\u00e1ll\u00edt\u00f3i regisztr\u00e1ci\u00f3"},"content":{"rendered":"<p><a href=\"https:\/\/semmelweis.hu\/alumni\/files\/2025\/07\/VI-Karriernap-event-cover.png\"><img loading=\"lazy\" decoding=\"async\" class=\"aligncenter size-full wp-image-27495\" src=\"https:\/\/semmelweis.hu\/alumni\/files\/2025\/07\/VI-Karriernap-event-cover.png\" alt=\"\" width=\"1200\" height=\"629\" srcset=\"https:\/\/semmelweis.hu\/alumni\/files\/2025\/07\/VI-Karriernap-event-cover.png 1200w, https:\/\/semmelweis.hu\/alumni\/files\/2025\/07\/VI-Karriernap-event-cover-400x210.png 400w, https:\/\/semmelweis.hu\/alumni\/files\/2025\/07\/VI-Karriernap-event-cover-1024x537.png 1024w, https:\/\/semmelweis.hu\/alumni\/files\/2025\/07\/VI-Karriernap-event-cover-768x403.png 768w, https:\/\/semmelweis.hu\/alumni\/files\/2025\/07\/VI-Karriernap-event-cover-753x395.png 753w\" sizes=\"auto, (max-width: 1200px) 100vw, 1200px\" \/><\/a><\/p>\n<p style=\"text-align: center\"><strong>Tisztelt \u00c9rdekl\u0151d\u0151!<\/strong><\/p>\n<p style=\"text-align: center\">A Semmelweis Egyetem 2025. szeptember 12-\u00e9n hatodik alkalommal szervezi meg az Orsz\u00e1gos Eg\u00e9szs\u00e9g\u00fcgyi Karriernap \u00e9s \u00c1ll\u00e1sb\u00f6rze rendezv\u00e9ny\u00e9t az eg\u00e9szs\u00e9g\u00fcgyi k\u00e9pz\u00e9sben tanul\u00f3k, a v\u00e9gz\u00e9shez k\u00f6zeli hallgat\u00f3k, valamint az egy\u00e9b \u00e9rdekl\u0151d\u0151k (pl. rezidensek, munkahelyv\u00e1lt\u00e1son gondolkoz\u00f3k) sz\u00e1m\u00e1ra.<\/p>\n<p style=\"text-align: center\">Amennyiben szeretne ki\u00e1ll\u00edt\u00f3k\u00e9nt r\u00e9szt venni, k\u00e9rj\u00fck, t\u00f6ltse ki az al\u00e1bbi \u0171rlapot, ezut\u00e1n koll\u00e9g\u00e1ink felveszik a kapcsolatot \u00d6n\u00f6kkel a tov\u00e1bbi egyeztet\u00e9sek \u00e9rdek\u00e9ben!<\/p>\n<p style=\"text-align: center\"><strong>A rendezv\u00e9ny id\u0151pontja:<\/strong> 2025. szeptember 12. 9:00-16:00<br \/>\n<strong>A rendezv\u00e9ny helysz\u00edne:<\/strong> Semmelweis Egyetem Elm\u00e9leti Orvostudom\u00e1nyi K\u00f6zpont (1094 Budapest, T\u0171zolt\u00f3 utca 37-47.)<\/p>\n<p style=\"text-align: center\">B\u00e1rmilyen felmer\u00fcl\u0151 k\u00e9rd\u00e9s eset\u00e9n \u00edrjon a <strong>karriernap.alumni@semmelweis.hu<\/strong> e-mail c\u00edmre.<\/p>\n<p style=\"text-align: center\">A tavalyi esem\u00e9ny besz\u00e1mol\u00f3j\u00e1t <a href=\"https:\/\/semmelweis.hu\/alumni\/2024\/10\/15\/v-orszagos-egeszsegugyi-karriernap-es-allasborze-a-semmelweis-egyetemen\/\">itt olvashatja<\/a><\/p>\n<p style=\"text-align: center\">K\u00e9rj\u00fck, hogy jelentkez\u00e9s\u00e9ben jel\u00f6lje meg a k\u00edv\u00e1nt stand sorsz\u00e1m\u00e1t (3 db-ot, priorit\u00e1si sorrendben)! A v\u00e1laszt\u00e1shoz az al\u00e1bbi ki\u00e1ll\u00edt\u00f3i t\u00e9rk\u00e9p ny\u00fajt seg\u00edts\u00e9get:<\/p>\n<p style=\"text-align: center\"><a href=\"https:\/\/semmelweis.hu\/alumni\/files\/2025\/07\/Kiallitoi_terkep_2025_valaszthato_standok.jpg\"><img loading=\"lazy\" decoding=\"async\" class=\"aligncenter size-full wp-image-27503\" src=\"https:\/\/semmelweis.hu\/alumni\/files\/2025\/07\/Kiallitoi_terkep_2025_valaszthato_standok.jpg\" alt=\"\" width=\"1896\" height=\"564\" srcset=\"https:\/\/semmelweis.hu\/alumni\/files\/2025\/07\/Kiallitoi_terkep_2025_valaszthato_standok.jpg 1896w, https:\/\/semmelweis.hu\/alumni\/files\/2025\/07\/Kiallitoi_terkep_2025_valaszthato_standok-400x119.jpg 400w, https:\/\/semmelweis.hu\/alumni\/files\/2025\/07\/Kiallitoi_terkep_2025_valaszthato_standok-1024x305.jpg 1024w, https:\/\/semmelweis.hu\/alumni\/files\/2025\/07\/Kiallitoi_terkep_2025_valaszthato_standok-768x228.jpg 768w, https:\/\/semmelweis.hu\/alumni\/files\/2025\/07\/Kiallitoi_terkep_2025_valaszthato_standok-1536x457.jpg 1536w, https:\/\/semmelweis.hu\/alumni\/files\/2025\/07\/Kiallitoi_terkep_2025_valaszthato_standok-753x224.jpg 753w\" sizes=\"auto, (max-width: 1896px) 100vw, 1896px\" \/><\/a><\/p>\n<p style=\"text-align: center\">\n<div class=\"wpcf7 no-js\" id=\"wpcf7-f23686-o1\" lang=\"hu-HU\" dir=\"ltr\" data-wpcf7-id=\"23686\">\n<div class=\"screen-reader-response\"><p role=\"status\" aria-live=\"polite\" aria-atomic=\"true\"><\/p> <ul><\/ul><\/div>\n<form action=\"\/alumni\/wp-json\/wp\/v2\/pages\/27497#wpcf7-f23686-o1\" method=\"post\" class=\"wpcf7-form init\" aria-label=\"Kapcsolatfelv\u00e9teli \u0171rlap\" novalidate=\"novalidate\" data-status=\"init\">\n<div style=\"display: none;\">\n<input type=\"hidden\" name=\"_wpcf7\" value=\"23686\" \/>\n<input type=\"hidden\" name=\"_wpcf7_version\" value=\"6.0.5\" \/>\n<input type=\"hidden\" name=\"_wpcf7_locale\" value=\"hu_HU\" \/>\n<input type=\"hidden\" name=\"_wpcf7_unit_tag\" value=\"wpcf7-f23686-o1\" \/>\n<input type=\"hidden\" name=\"_wpcf7_container_post\" value=\"0\" \/>\n<input type=\"hidden\" name=\"_wpcf7_posted_data_hash\" value=\"\" \/>\n<input type=\"hidden\" name=\"_wpcf7_recaptcha_response\" value=\"\" \/>\n<\/div>\n<p><label> *Int\u00e9zm\u00e9ny \/ v\u00e1llalat pontos neve (k\u00f6telez\u0151)<br \/>\n<span class=\"wpcf7-form-control-wrap\" data-name=\"your-vallalat\"><input size=\"40\" maxlength=\"400\" class=\"wpcf7-form-control wpcf7-text wpcf7-validates-as-required\" autocomplete=\"name\" aria-required=\"true\" aria-invalid=\"false\" value=\"\" type=\"text\" name=\"your-vallalat\" \/><\/span> <\/label>\n<\/p>\n<p><label> *Kapcsolattart\u00f3 neve (k\u00f6telez\u0151)<br \/>\n<span class=\"wpcf7-form-control-wrap\" data-name=\"your-name\"><input size=\"40\" maxlength=\"400\" class=\"wpcf7-form-control wpcf7-text wpcf7-validates-as-required\" autocomplete=\"name\" aria-required=\"true\" aria-invalid=\"false\" value=\"\" type=\"text\" name=\"your-name\" \/><\/span> <\/label>\n<\/p>\n<p><label> *Kapcsolattart\u00f3 beoszt\u00e1sa (k\u00f6telez\u0151)<br \/>\n<span class=\"wpcf7-form-control-wrap\" data-name=\"your-beosztas\"><input size=\"40\" maxlength=\"400\" class=\"wpcf7-form-control wpcf7-text wpcf7-validates-as-required\" autocomplete=\"beosztas\" aria-required=\"true\" aria-invalid=\"false\" value=\"\" type=\"text\" name=\"your-beosztas\" \/><\/span> <\/label>\n<\/p>\n<p><label> *Kapcsolattart\u00f3 e-mail c\u00edme (k\u00f6telez\u0151)<br \/>\n<span class=\"wpcf7-form-control-wrap\" data-name=\"your-email\"><input size=\"40\" maxlength=\"400\" class=\"wpcf7-form-control wpcf7-email wpcf7-validates-as-required wpcf7-text wpcf7-validates-as-email\" autocomplete=\"email\" aria-required=\"true\" aria-invalid=\"false\" value=\"\" type=\"email\" name=\"your-email\" \/><\/span> <\/label>\n<\/p>\n<p><label> *Kapcsolattart\u00f3 telefonsz\u00e1ma (k\u00f6telez\u0151)<br \/>\n<span class=\"wpcf7-form-control-wrap\" data-name=\"tel-299\"><input size=\"40\" maxlength=\"400\" class=\"wpcf7-form-control wpcf7-tel wpcf7-text wpcf7-validates-as-tel\" aria-invalid=\"false\" value=\"\" type=\"tel\" name=\"tel-299\" \/><\/span> <\/label>\n<\/p>\n<p><label> *Stand sorsz\u00e1ma (1. sz\u00e1m\u00fa priorit\u00e1s) (k\u00f6telez\u0151)<br \/>\n<span class=\"wpcf7-form-control-wrap\" data-name=\"stand1\"><input class=\"wpcf7-form-control wpcf7-number wpcf7-validates-as-required wpcf7-validates-as-number\" min=\"1\" max=\"34\" aria-required=\"true\" aria-invalid=\"false\" value=\"\" type=\"number\" name=\"stand1\" \/><\/span> <\/label>\n<\/p>\n<p><label> *Stand sorsz\u00e1ma (2. sz\u00e1m\u00fa priorit\u00e1s) (k\u00f6telez\u0151)<br \/>\n<span class=\"wpcf7-form-control-wrap\" data-name=\"stand2\"><input class=\"wpcf7-form-control wpcf7-number wpcf7-validates-as-required wpcf7-validates-as-number\" min=\"1\" max=\"34\" aria-required=\"true\" aria-invalid=\"false\" value=\"\" type=\"number\" name=\"stand2\" \/><\/span> <\/label>\n<\/p>\n<p><label> *Stand sorsz\u00e1ma (3. sz\u00e1m\u00fa priorit\u00e1s) (k\u00f6telez\u0151)<br \/>\n<span class=\"wpcf7-form-control-wrap\" data-name=\"stand3\"><input class=\"wpcf7-form-control wpcf7-number wpcf7-validates-as-required wpcf7-validates-as-number\" min=\"1\" max=\"34\" aria-required=\"true\" aria-invalid=\"false\" value=\"\" type=\"number\" name=\"stand3\" \/><\/span> <\/label>\n<\/p>\n<p><label> \u00dczenet (pl. dupla standot ig\u00e9nyeln\u00e9nek) (nem k\u00f6telez\u0151)<br \/>\n<span class=\"wpcf7-form-control-wrap\" data-name=\"your-message\"><textarea cols=\"40\" rows=\"10\" maxlength=\"2000\" class=\"wpcf7-form-control wpcf7-textarea\" aria-invalid=\"false\" name=\"your-message\"><\/textarea><\/span> <\/label>\n<\/p>\n<p><input class=\"wpcf7-form-control wpcf7-submit has-spinner\" type=\"submit\" value=\"K\u00fcld\u00e9s\" \/>\n<\/p><div class=\"wpcf7-response-output\" aria-hidden=\"true\"><\/div>\n<\/form>\n<\/div>\n<\/p>\n","protected":false},"excerpt":{"rendered":"<p><a href=\"https:\/\/semmelweis.hu\/alumni\/files\/2025\/07\/VI-Karriernap-event-cover.png\"><\/a> Tisztelt \u00c9rdekl\u0151d\u0151! A Semmelweis Egyetem 2025. szeptember 12-\u00e9n hatodik alkalommal szervezi meg az Orsz\u00e1gos Eg\u00e9szs\u00e9g\u00fcgyi Karriernap \u00e9s \u00c1ll\u00e1sb\u00f6rze rendezv\u00e9ny\u00e9t az eg\u00e9szs\u00e9g\u00fcgyi k\u00e9pz\u00e9sben tanul\u00f3k, a v\u00e9gz\u00e9shez k\u00f6zeli hallgat\u00f3k, valamint az egy\u00e9b \u00e9rdekl\u0151d\u0151k (pl. rezidensek, munkahelyv\u00e1lt\u00e1son gondolkoz\u00f3k) sz\u00e1m\u00e1ra. Amennyiben szeretne ki\u00e1ll\u00edt\u00f3k\u00e9nt r\u00e9szt venni, k\u00e9rj\u00fck, t\u00f6ltse ki az al\u00e1bbi \u0171rlapot, ezut\u00e1n koll\u00e9g\u00e1ink felveszik a kapcsolatot \u00d6n\u00f6kkel a tov\u00e1bbi &hellip;<\/p>\n","protected":false},"author":101495,"featured_media":27495,"parent":1130,"menu_order":0,"comment_status":"closed","ping_status":"closed","template":"","meta":{"_acf_changed":false,"footnotes":""},"categories":[],"tags":[],"class_list":["post-27497","page","type-page","status-publish","has-post-thumbnail","hentry"],"acf":[],"publishpress_future_action":{"enabled":false,"date":"1970-01-01 01:00:00","action":"","terms":[],"taxonomy":"","browser_timezone_offset":0},"_links":{"self":[{"href":"https:\/\/semmelweis.hu\/alumni\/wp-json\/wp\/v2\/pages\/27497","targetHints":{"allow":["GET"]}}],"collection":[{"href":"https:\/\/semmelweis.hu\/alumni\/wp-json\/wp\/v2\/pages"}],"about":[{"href":"https:\/\/semmelweis.hu\/alumni\/wp-json\/wp\/v2\/types\/page"}],"author":[{"embeddable":true,"href":"https:\/\/semmelweis.hu\/alumni\/wp-json\/wp\/v2\/users\/101495"}],"replies":[{"embeddable":true,"href":"https:\/\/semmelweis.hu\/alumni\/wp-json\/wp\/v2\/comments?post=27497"}],"version-history":[{"count":5,"href":"https:\/\/semmelweis.hu\/alumni\/wp-json\/wp\/v2\/pages\/27497\/revisions"}],"predecessor-version":[{"id":27523,"href":"https:\/\/semmelweis.hu\/alumni\/wp-json\/wp\/v2\/pages\/27497\/revisions\/27523"}],"up":[{"embeddable":true,"href":"https:\/\/semmelweis.hu\/alumni\/wp-json\/wp\/v2\/pages\/1130"}],"wp:featuredmedia":[{"embeddable":true,"href":"https:\/\/semmelweis.hu\/alumni\/wp-json\/wp\/v2\/media\/27495"}],"wp:attachment":[{"href":"https:\/\/semmelweis.hu\/alumni\/wp-json\/wp\/v2\/media?parent=27497"}],"wp:term":[{"taxonomy":"category","embeddable":true,"href":"https:\/\/semmelweis.hu\/alumni\/wp-json\/wp\/v2\/categories?post=27497"},{"taxonomy":"post_tag","embeddable":true,"href":"https:\/\/semmelweis.hu\/alumni\/wp-json\/wp\/v2\/tags?post=27497"}],"curies":[{"name":"wp","href":"https:\/\/api.w.org\/{rel}","templated":true}]}}