{"id":27494,"date":"2025-07-28T11:02:37","date_gmt":"2025-07-28T09:02:37","guid":{"rendered":"https:\/\/semmelweis.hu\/alumni\/?page_id=27494"},"modified":"2025-09-16T15:40:32","modified_gmt":"2025-09-16T13:40:32","slug":"vi-orszagos-egeszsegugyi-karriernap-es-allasborze","status":"publish","type":"page","link":"https:\/\/semmelweis.hu\/alumni\/rendezvenyek\/vi-orszagos-egeszsegugyi-karriernap-es-allasborze\/","title":{"rendered":"VI. Orsz\u00e1gos Eg\u00e9szs\u00e9g\u00fcgyi Karriernap \u00e9s \u00c1ll\u00e1sb\u00f6rze"},"content":{"rendered":"<div class=\"lead\"><a href=\"https:\/\/semmelweis.hu\/alumni\/files\/2025\/07\/VI-Karriernap-event-cover.png\"><img loading=\"lazy\" decoding=\"async\" class=\"aligncenter size-full wp-image-27495\" src=\"https:\/\/semmelweis.hu\/alumni\/files\/2025\/07\/VI-Karriernap-event-cover.png\" alt=\"\" width=\"1200\" height=\"629\" srcset=\"https:\/\/semmelweis.hu\/alumni\/files\/2025\/07\/VI-Karriernap-event-cover.png 1200w, https:\/\/semmelweis.hu\/alumni\/files\/2025\/07\/VI-Karriernap-event-cover-400x210.png 400w, https:\/\/semmelweis.hu\/alumni\/files\/2025\/07\/VI-Karriernap-event-cover-1024x537.png 1024w, https:\/\/semmelweis.hu\/alumni\/files\/2025\/07\/VI-Karriernap-event-cover-768x403.png 768w, https:\/\/semmelweis.hu\/alumni\/files\/2025\/07\/VI-Karriernap-event-cover-753x395.png 753w\" sizes=\"auto, (max-width: 1200px) 100vw, 1200px\" \/><\/a><\/div>\n<div class=\"lead\" style=\"text-align: justify\">A Semmelweis Egyetem 2025. szeptember 12-\u00e9n hatodik alkalommal szervezi meg az Orsz\u00e1gos Eg\u00e9szs\u00e9g\u00fcgyi Karriernap \u00e9s \u00c1ll\u00e1sb\u00f6rze rendezv\u00e9ny\u00e9t az eg\u00e9szs\u00e9g\u00fcgyi k\u00e9pz\u00e9sben tanul\u00f3k, a v\u00e9gz\u00e9shez k\u00f6zeli hallgat\u00f3k, valamint az egy\u00e9b \u00e9rdekl\u0151d\u0151k (pl. rezidensek, munkahelyv\u00e1lt\u00e1son gondolkoz\u00f3k) sz\u00e1m\u00e1ra.<\/div>\n<p style=\"text-align: justify\">A minden eg\u00e9szs\u00e9g\u00fcgyi szakm\u00e1t megsz\u00f3l\u00edt\u00f3 rendezv\u00e9nyen a szakmai el\u0151ad\u00e1sok mellett kiemelt hangs\u00falyt fektetnek a szervez\u0151k a leend\u0151 \u00e1ll\u00e1sad\u00f3k, munk\u00e1ltat\u00f3k szem\u00e9lyes megjelen\u00e9s\u00e9re \u2013 amelynek keret\u00e9ben az orsz\u00e1g teljes ter\u00fclet\u00e9r\u0151l \u00e9rkez\u0151k els\u0151 k\u00e9zb\u0151l \u00e9rtes\u00fclhetnek a munkalehet\u0151s\u00e9gekr\u0151l \u00e9s \u00e1ll\u00e1saj\u00e1nlatokr\u00f3l.<\/p>\n<div>\n<p><strong>Helysz\u00edn:<\/strong><br \/>\nSemmelweis Egyetem &#8211; Elm\u00e9leti Orvostudom\u00e1nyi K\u00f6zpont (EOK)<br \/>\n1094 Budapest, T\u0171zolt\u00f3 utca 37-47.<\/p>\n<p><strong> Id\u0151pont:\u00a0<\/strong><br \/>\n2025.09.12. 9:00-16:00<\/p>\n<p><span style=\"font-size: 1rem\">Az esem\u00e9nyen val\u00f3 r\u00e9szv\u00e9tel ingyenes, de regisztr\u00e1ci\u00f3hoz k\u00f6t\u00f6tt, melyet az al\u00e1bbiakban tud megtenni:<\/span><\/p>\n<p style=\"text-align: center\">LEZ\u00c1RULT<\/p>\n<\/div>\n<div>\n<p>A tavalyi esem\u00e9ny besz\u00e1mol\u00f3ja <a href=\"https:\/\/semmelweis.hu\/alumni\/2024\/10\/15\/v-orszagos-egeszsegugyi-karriernap-es-allasborze-a-semmelweis-egyetemen\/\">itt \u00e9rhet\u0151 el<\/a>.<\/p>\n<p style=\"text-align: center\"><a href=\"https:\/\/fb.me\/e\/8AQYxL4bL\">Facebook esem\u00e9ny<\/a>, ahol tov\u00e1bbi inform\u00e1ci\u00f3k is megtal\u00e1lhat\u00f3k.<\/p>\n<p style=\"text-align: center\"><strong>Program<\/strong><strong>:<\/strong><\/p>\n<p><strong>Az esem\u00e9nyt megnyitja: <\/strong>Feket\u00e9n\u00e9 dr. Szab\u00f3 \u00c9va strat\u00e9giai \u00e9s fejleszt\u00e9si rektorhelyettes asszony<\/p>\n<p><a href=\"https:\/\/semmelweis.hu\/alumni\/files\/2025\/09\/programterv2025-scaled.jpg\"><img loading=\"lazy\" decoding=\"async\" class=\"aligncenter size-full wp-image-28262\" src=\"https:\/\/semmelweis.hu\/alumni\/files\/2025\/09\/programterv2025-scaled.jpg\" alt=\"\" width=\"2560\" height=\"2560\" srcset=\"https:\/\/semmelweis.hu\/alumni\/files\/2025\/09\/programterv2025-scaled.jpg 2560w, https:\/\/semmelweis.hu\/alumni\/files\/2025\/09\/programterv2025-400x400.jpg 400w, https:\/\/semmelweis.hu\/alumni\/files\/2025\/09\/programterv2025-1024x1024.jpg 1024w, https:\/\/semmelweis.hu\/alumni\/files\/2025\/09\/programterv2025-150x150.jpg 150w, https:\/\/semmelweis.hu\/alumni\/files\/2025\/09\/programterv2025-768x768.jpg 768w, https:\/\/semmelweis.hu\/alumni\/files\/2025\/09\/programterv2025-1536x1536.jpg 1536w, https:\/\/semmelweis.hu\/alumni\/files\/2025\/09\/programterv2025-2048x2048.jpg 2048w, https:\/\/semmelweis.hu\/alumni\/files\/2025\/09\/programterv2025-753x753.jpg 753w\" sizes=\"auto, (max-width: 2560px) 100vw, 2560px\" \/><\/a><\/div>\n<p>&nbsp;<\/p>\n<p style=\"text-align: center\"><strong>Ki\u00e1ll\u00edt\u00f3i t\u00e9rk\u00e9p<\/strong><strong>:<\/strong><\/p>\n<p style=\"text-align: center\"><a href=\"https:\/\/semmelweis.hu\/alumni\/files\/2025\/09\/Kiallitoi_terkep_2025_vegleges.jpg\"><img loading=\"lazy\" decoding=\"async\" class=\"aligncenter size-full wp-image-32321\" src=\"https:\/\/semmelweis.hu\/alumni\/files\/2025\/09\/Kiallitoi_terkep_2025_vegleges.jpg\" alt=\"\" width=\"2160\" height=\"960\" srcset=\"https:\/\/semmelweis.hu\/alumni\/files\/2025\/09\/Kiallitoi_terkep_2025_vegleges.jpg 2160w, https:\/\/semmelweis.hu\/alumni\/files\/2025\/09\/Kiallitoi_terkep_2025_vegleges-400x178.jpg 400w, https:\/\/semmelweis.hu\/alumni\/files\/2025\/09\/Kiallitoi_terkep_2025_vegleges-1024x455.jpg 1024w, https:\/\/semmelweis.hu\/alumni\/files\/2025\/09\/Kiallitoi_terkep_2025_vegleges-768x341.jpg 768w, https:\/\/semmelweis.hu\/alumni\/files\/2025\/09\/Kiallitoi_terkep_2025_vegleges-1536x683.jpg 1536w, https:\/\/semmelweis.hu\/alumni\/files\/2025\/09\/Kiallitoi_terkep_2025_vegleges-2048x910.jpg 2048w, https:\/\/semmelweis.hu\/alumni\/files\/2025\/09\/Kiallitoi_terkep_2025_vegleges-753x335.jpg 753w\" sizes=\"auto, (max-width: 2160px) 100vw, 2160px\" \/><\/a><\/p>\n<p>&nbsp;<\/p>\n<p><em>A v\u00e1ltoztat\u00e1sok jog\u00e1t fenntartjuk!<\/em><\/p>\n<div>\n\r\n        [slb_exclude]\r\n        <div class=\"row galeria-wrapper mx-0 h-auto\">\r\n            <div class=\"col-9 pl-0 pr-2\">\r\n            <span class=\"gallery-item frame\">\r\n\t\t\t\t<div class=\"galeria-left-img\"><a href=\"https:\/\/semmelweis.hu\/alumni\/files\/2023\/11\/RS182781_433A2481-scr.jpg\"><img src=https:\/\/semmelweis.hu\/alumni\/files\/2023\/11\/RS182781_433A2481-scr.jpg  \r\n                            alt=\"\" \r\n                            class=\"attachment-sote-gallery-big size-sote-gallery-big\" \r\n                            srcset=\"https:\/\/semmelweis.hu\/alumni\/files\/2023\/11\/RS182781_433A2481-scr-400x267.jpg 400w, https:\/\/semmelweis.hu\/alumni\/files\/2023\/11\/RS182781_433A2481-scr-1024x683.jpg 1024w, https:\/\/semmelweis.hu\/alumni\/files\/2023\/11\/RS182781_433A2481-scr-768x512.jpg 768w, https:\/\/semmelweis.hu\/alumni\/files\/2023\/11\/RS182781_433A2481-scr-753x502.jpg 753w, https:\/\/semmelweis.hu\/alumni\/files\/2023\/11\/RS182781_433A2481-scr-203x135.jpg 203w, https:\/\/semmelweis.hu\/alumni\/files\/2023\/11\/RS182781_433A2481-scr.jpg 1200w\" ><\/a><\/div>\r\n            <\/span>\r\n\r\n            <\/div>\r\n\r\n\t\t\t<div class=\"col-3 pl-0 pr-0\">\r\n\t\t\t\t<div class=\"galeria-right-img d-flex justify-content-between flex-column h-100 w-100 px-0 mx-0 \">\r\n                <div class=\"galeria-box\">\r\n\t\t\t\t\t<h3 class=\"galeria-title\">Gal\u00e9ria<\/h3>\r\n\t\t\t\t\t<div class=\"galeria-subtitle\">\r\n\r\n\t\t\t\t\t\t<div class=\"galeria-page-counter\"><span>17<\/span>k\u00e9p<\/div>\r\n                    <\/div> <\/div>\r\n                    <span class=\"gallery-item frame d-none d-md-flex\">\r\n\t\t\t\t\t<div class=\"galeria-small-img mt-0\"><a href=\"https:\/\/semmelweis.hu\/alumni\/files\/2023\/11\/RS182782_433A2482-scr.jpg\"><img src=https:\/\/semmelweis.hu\/alumni\/files\/2023\/11\/RS182782_433A2482-scr.jpg \r\n                                alt=\"\"  \r\n                                class=\"attachment-sote-gallery-small size-sote-gallery-small\" \r\n                                srcset=\"https:\/\/semmelweis.hu\/alumni\/files\/2023\/11\/RS182782_433A2482-scr-400x267.jpg 400w, https:\/\/semmelweis.hu\/alumni\/files\/2023\/11\/RS182782_433A2482-scr-1024x683.jpg 1024w, https:\/\/semmelweis.hu\/alumni\/files\/2023\/11\/RS182782_433A2482-scr-768x512.jpg 768w, https:\/\/semmelweis.hu\/alumni\/files\/2023\/11\/RS182782_433A2482-scr-753x502.jpg 753w, https:\/\/semmelweis.hu\/alumni\/files\/2023\/11\/RS182782_433A2482-scr-203x135.jpg 203w, https:\/\/semmelweis.hu\/alumni\/files\/2023\/11\/RS182782_433A2482-scr.jpg 1200w\" ><\/a><\/div>\r\n                    <\/span>\r\n                    <span class=\"gallery-item frame d-none d-md-flex\">\r\n\t\t\t\t\t<div class=\"galeria-small-img mt-0\"><a href=\"https:\/\/semmelweis.hu\/alumni\/files\/2023\/11\/RS182783_433A2485-scr.jpg\"><img src=https:\/\/semmelweis.hu\/alumni\/files\/2023\/11\/RS182783_433A2485-scr.jpg \r\n                                alt=\"\" \r\n                                class=\"attachment-sote-gallery-small size-sote-gallery-small\" \r\n                                srcset=\"https:\/\/semmelweis.hu\/alumni\/files\/2023\/11\/RS182783_433A2485-scr-400x267.jpg 400w, https:\/\/semmelweis.hu\/alumni\/files\/2023\/11\/RS182783_433A2485-scr-1024x683.jpg 1024w, https:\/\/semmelweis.hu\/alumni\/files\/2023\/11\/RS182783_433A2485-scr-768x512.jpg 768w, https:\/\/semmelweis.hu\/alumni\/files\/2023\/11\/RS182783_433A2485-scr-753x502.jpg 753w, https:\/\/semmelweis.hu\/alumni\/files\/2023\/11\/RS182783_433A2485-scr-203x135.jpg 203w, https:\/\/semmelweis.hu\/alumni\/files\/2023\/11\/RS182783_433A2485-scr.jpg 1200w\" ><\/a><\/div>\r\n                    <\/span>\r\n\r\n                <\/div>\r\n\r\n            <\/div>\r\n\r\n            <span class=\"gallery-item\"><div class=\"hidden\"><a href=\"https:\/\/semmelweis.hu\/alumni\/files\/2023\/11\/RS182785_433A2488-scr.jpg\">\r\n        <img src=https:\/\/semmelweis.hu\/alumni\/files\/2023\/11\/RS182785_433A2488-scr.jpg alt=\"\" class=\"attachment-sote-gallery-big size-sote-gallery-big\" srcset=\"https:\/\/semmelweis.hu\/alumni\/files\/2023\/11\/RS182785_433A2488-scr-400x267.jpg 400w, https:\/\/semmelweis.hu\/alumni\/files\/2023\/11\/RS182785_433A2488-scr-1024x683.jpg 1024w, https:\/\/semmelweis.hu\/alumni\/files\/2023\/11\/RS182785_433A2488-scr-768x512.jpg 768w, https:\/\/semmelweis.hu\/alumni\/files\/2023\/11\/RS182785_433A2488-scr-753x502.jpg 753w, https:\/\/semmelweis.hu\/alumni\/files\/2023\/11\/RS182785_433A2488-scr-203x135.jpg 203w, https:\/\/semmelweis.hu\/alumni\/files\/2023\/11\/RS182785_433A2488-scr.jpg 1200w\" >\r\n        <\/a><\/div><\/span><span class=\"gallery-item\"><div class=\"hidden\"><a href=\"https:\/\/semmelweis.hu\/alumni\/files\/2023\/11\/RS182786_433A2489-scr.jpg\">\r\n        <img src=https:\/\/semmelweis.hu\/alumni\/files\/2023\/11\/RS182786_433A2489-scr.jpg alt=\"\" class=\"attachment-sote-gallery-big size-sote-gallery-big\" srcset=\"https:\/\/semmelweis.hu\/alumni\/files\/2023\/11\/RS182786_433A2489-scr-400x267.jpg 400w, https:\/\/semmelweis.hu\/alumni\/files\/2023\/11\/RS182786_433A2489-scr-1024x683.jpg 1024w, https:\/\/semmelweis.hu\/alumni\/files\/2023\/11\/RS182786_433A2489-scr-768x512.jpg 768w, https:\/\/semmelweis.hu\/alumni\/files\/2023\/11\/RS182786_433A2489-scr-753x502.jpg 753w, https:\/\/semmelweis.hu\/alumni\/files\/2023\/11\/RS182786_433A2489-scr-203x135.jpg 203w, https:\/\/semmelweis.hu\/alumni\/files\/2023\/11\/RS182786_433A2489-scr.jpg 1200w\" >\r\n        <\/a><\/div><\/span><span class=\"gallery-item\"><div class=\"hidden\"><a href=\"https:\/\/semmelweis.hu\/alumni\/files\/2023\/11\/RS182788_433A2495-scr.jpg\">\r\n        <img src=https:\/\/semmelweis.hu\/alumni\/files\/2023\/11\/RS182788_433A2495-scr.jpg alt=\"\" class=\"attachment-sote-gallery-big size-sote-gallery-big\" srcset=\"https:\/\/semmelweis.hu\/alumni\/files\/2023\/11\/RS182788_433A2495-scr-400x267.jpg 400w, https:\/\/semmelweis.hu\/alumni\/files\/2023\/11\/RS182788_433A2495-scr-1024x683.jpg 1024w, https:\/\/semmelweis.hu\/alumni\/files\/2023\/11\/RS182788_433A2495-scr-768x512.jpg 768w, https:\/\/semmelweis.hu\/alumni\/files\/2023\/11\/RS182788_433A2495-scr-753x502.jpg 753w, https:\/\/semmelweis.hu\/alumni\/files\/2023\/11\/RS182788_433A2495-scr-203x135.jpg 203w, https:\/\/semmelweis.hu\/alumni\/files\/2023\/11\/RS182788_433A2495-scr.jpg 1200w\" >\r\n        <\/a><\/div><\/span><span class=\"gallery-item\"><div class=\"hidden\"><a href=\"https:\/\/semmelweis.hu\/alumni\/files\/2023\/11\/RS182789_433A2499-scr.jpg\">\r\n        <img src=https:\/\/semmelweis.hu\/alumni\/files\/2023\/11\/RS182789_433A2499-scr.jpg alt=\"\" class=\"attachment-sote-gallery-big size-sote-gallery-big\" srcset=\"https:\/\/semmelweis.hu\/alumni\/files\/2023\/11\/RS182789_433A2499-scr-400x267.jpg 400w, https:\/\/semmelweis.hu\/alumni\/files\/2023\/11\/RS182789_433A2499-scr-1024x683.jpg 1024w, https:\/\/semmelweis.hu\/alumni\/files\/2023\/11\/RS182789_433A2499-scr-768x512.jpg 768w, https:\/\/semmelweis.hu\/alumni\/files\/2023\/11\/RS182789_433A2499-scr-753x502.jpg 753w, https:\/\/semmelweis.hu\/alumni\/files\/2023\/11\/RS182789_433A2499-scr-203x135.jpg 203w, https:\/\/semmelweis.hu\/alumni\/files\/2023\/11\/RS182789_433A2499-scr.jpg 1200w\" >\r\n        <\/a><\/div><\/span><span class=\"gallery-item\"><div class=\"hidden\"><a href=\"https:\/\/semmelweis.hu\/alumni\/files\/2023\/11\/RS182791_433A2506-scr.jpg\">\r\n        <img src=https:\/\/semmelweis.hu\/alumni\/files\/2023\/11\/RS182791_433A2506-scr.jpg alt=\"\" class=\"attachment-sote-gallery-big size-sote-gallery-big\" srcset=\"https:\/\/semmelweis.hu\/alumni\/files\/2023\/11\/RS182791_433A2506-scr-400x267.jpg 400w, https:\/\/semmelweis.hu\/alumni\/files\/2023\/11\/RS182791_433A2506-scr-1024x683.jpg 1024w, https:\/\/semmelweis.hu\/alumni\/files\/2023\/11\/RS182791_433A2506-scr-768x512.jpg 768w, https:\/\/semmelweis.hu\/alumni\/files\/2023\/11\/RS182791_433A2506-scr-753x502.jpg 753w, https:\/\/semmelweis.hu\/alumni\/files\/2023\/11\/RS182791_433A2506-scr-203x135.jpg 203w, https:\/\/semmelweis.hu\/alumni\/files\/2023\/11\/RS182791_433A2506-scr.jpg 1200w\" >\r\n        <\/a><\/div><\/span><span class=\"gallery-item\"><div class=\"hidden\"><a href=\"https:\/\/semmelweis.hu\/alumni\/files\/2023\/11\/RS182792_433A2510-scr.jpg\">\r\n        <img src=https:\/\/semmelweis.hu\/alumni\/files\/2023\/11\/RS182792_433A2510-scr.jpg alt=\"\" class=\"attachment-sote-gallery-big size-sote-gallery-big\" srcset=\"https:\/\/semmelweis.hu\/alumni\/files\/2023\/11\/RS182792_433A2510-scr-400x267.jpg 400w, https:\/\/semmelweis.hu\/alumni\/files\/2023\/11\/RS182792_433A2510-scr-1024x683.jpg 1024w, https:\/\/semmelweis.hu\/alumni\/files\/2023\/11\/RS182792_433A2510-scr-768x512.jpg 768w, https:\/\/semmelweis.hu\/alumni\/files\/2023\/11\/RS182792_433A2510-scr-753x502.jpg 753w, https:\/\/semmelweis.hu\/alumni\/files\/2023\/11\/RS182792_433A2510-scr-203x135.jpg 203w, https:\/\/semmelweis.hu\/alumni\/files\/2023\/11\/RS182792_433A2510-scr.jpg 1200w\" >\r\n        <\/a><\/div><\/span><span class=\"gallery-item\"><div class=\"hidden\"><a href=\"https:\/\/semmelweis.hu\/alumni\/files\/2023\/11\/RS182793_433A2514-scr.jpg\">\r\n        <img src=https:\/\/semmelweis.hu\/alumni\/files\/2023\/11\/RS182793_433A2514-scr.jpg alt=\"\" class=\"attachment-sote-gallery-big size-sote-gallery-big\" srcset=\"https:\/\/semmelweis.hu\/alumni\/files\/2023\/11\/RS182793_433A2514-scr-400x267.jpg 400w, https:\/\/semmelweis.hu\/alumni\/files\/2023\/11\/RS182793_433A2514-scr-1024x683.jpg 1024w, https:\/\/semmelweis.hu\/alumni\/files\/2023\/11\/RS182793_433A2514-scr-768x512.jpg 768w, https:\/\/semmelweis.hu\/alumni\/files\/2023\/11\/RS182793_433A2514-scr-753x502.jpg 753w, https:\/\/semmelweis.hu\/alumni\/files\/2023\/11\/RS182793_433A2514-scr-203x135.jpg 203w, https:\/\/semmelweis.hu\/alumni\/files\/2023\/11\/RS182793_433A2514-scr.jpg 1200w\" >\r\n        <\/a><\/div><\/span><span class=\"gallery-item\"><div class=\"hidden\"><a href=\"https:\/\/semmelweis.hu\/alumni\/files\/2023\/11\/RS182797_433A2522-scr.jpg\">\r\n        <img src=https:\/\/semmelweis.hu\/alumni\/files\/2023\/11\/RS182797_433A2522-scr.jpg alt=\"\" class=\"attachment-sote-gallery-big size-sote-gallery-big\" srcset=\"https:\/\/semmelweis.hu\/alumni\/files\/2023\/11\/RS182797_433A2522-scr-267x400.jpg 267w, https:\/\/semmelweis.hu\/alumni\/files\/2023\/11\/RS182797_433A2522-scr.jpg 600w\" >\r\n        <\/a><\/div><\/span><span class=\"gallery-item\"><div class=\"hidden\"><a href=\"https:\/\/semmelweis.hu\/alumni\/files\/2023\/11\/RS182803_433A2543-scr.jpg\">\r\n        <img src=https:\/\/semmelweis.hu\/alumni\/files\/2023\/11\/RS182803_433A2543-scr.jpg alt=\"\" class=\"attachment-sote-gallery-big size-sote-gallery-big\" srcset=\"https:\/\/semmelweis.hu\/alumni\/files\/2023\/11\/RS182803_433A2543-scr-400x267.jpg 400w, https:\/\/semmelweis.hu\/alumni\/files\/2023\/11\/RS182803_433A2543-scr-1024x683.jpg 1024w, https:\/\/semmelweis.hu\/alumni\/files\/2023\/11\/RS182803_433A2543-scr-768x512.jpg 768w, https:\/\/semmelweis.hu\/alumni\/files\/2023\/11\/RS182803_433A2543-scr-753x502.jpg 753w, https:\/\/semmelweis.hu\/alumni\/files\/2023\/11\/RS182803_433A2543-scr-203x135.jpg 203w, https:\/\/semmelweis.hu\/alumni\/files\/2023\/11\/RS182803_433A2543-scr.jpg 1200w\" >\r\n        <\/a><\/div><\/span><span class=\"gallery-item\"><div class=\"hidden\"><a href=\"https:\/\/semmelweis.hu\/alumni\/files\/2023\/11\/RS182804_433A2547-scr.jpg\">\r\n        <img src=https:\/\/semmelweis.hu\/alumni\/files\/2023\/11\/RS182804_433A2547-scr.jpg alt=\"\" class=\"attachment-sote-gallery-big size-sote-gallery-big\" srcset=\"https:\/\/semmelweis.hu\/alumni\/files\/2023\/11\/RS182804_433A2547-scr-400x267.jpg 400w, https:\/\/semmelweis.hu\/alumni\/files\/2023\/11\/RS182804_433A2547-scr-1024x683.jpg 1024w, https:\/\/semmelweis.hu\/alumni\/files\/2023\/11\/RS182804_433A2547-scr-768x512.jpg 768w, https:\/\/semmelweis.hu\/alumni\/files\/2023\/11\/RS182804_433A2547-scr-753x502.jpg 753w, https:\/\/semmelweis.hu\/alumni\/files\/2023\/11\/RS182804_433A2547-scr-203x135.jpg 203w, https:\/\/semmelweis.hu\/alumni\/files\/2023\/11\/RS182804_433A2547-scr.jpg 1200w\" >\r\n        <\/a><\/div><\/span><span class=\"gallery-item\"><div class=\"hidden\"><a href=\"https:\/\/semmelweis.hu\/alumni\/files\/2023\/11\/RS182807_433A2559-scr.jpg\">\r\n        <img src=https:\/\/semmelweis.hu\/alumni\/files\/2023\/11\/RS182807_433A2559-scr.jpg alt=\"\" class=\"attachment-sote-gallery-big size-sote-gallery-big\" srcset=\"https:\/\/semmelweis.hu\/alumni\/files\/2023\/11\/RS182807_433A2559-scr-400x267.jpg 400w, https:\/\/semmelweis.hu\/alumni\/files\/2023\/11\/RS182807_433A2559-scr-1024x683.jpg 1024w, https:\/\/semmelweis.hu\/alumni\/files\/2023\/11\/RS182807_433A2559-scr-768x512.jpg 768w, https:\/\/semmelweis.hu\/alumni\/files\/2023\/11\/RS182807_433A2559-scr-753x502.jpg 753w, https:\/\/semmelweis.hu\/alumni\/files\/2023\/11\/RS182807_433A2559-scr-203x135.jpg 203w, https:\/\/semmelweis.hu\/alumni\/files\/2023\/11\/RS182807_433A2559-scr.jpg 1200w\" >\r\n        <\/a><\/div><\/span><span class=\"gallery-item\"><div class=\"hidden\"><a href=\"https:\/\/semmelweis.hu\/alumni\/files\/2023\/11\/RS182960_-GV5A4171-scr.jpg\">\r\n        <img src=https:\/\/semmelweis.hu\/alumni\/files\/2023\/11\/RS182960_-GV5A4171-scr.jpg alt=\"\" class=\"attachment-sote-gallery-big size-sote-gallery-big\" srcset=\"https:\/\/semmelweis.hu\/alumni\/files\/2023\/11\/RS182960_-GV5A4171-scr-400x267.jpg 400w, https:\/\/semmelweis.hu\/alumni\/files\/2023\/11\/RS182960_-GV5A4171-scr-1024x683.jpg 1024w, https:\/\/semmelweis.hu\/alumni\/files\/2023\/11\/RS182960_-GV5A4171-scr-768x512.jpg 768w, https:\/\/semmelweis.hu\/alumni\/files\/2023\/11\/RS182960_-GV5A4171-scr-753x502.jpg 753w, https:\/\/semmelweis.hu\/alumni\/files\/2023\/11\/RS182960_-GV5A4171-scr-203x135.jpg 203w, https:\/\/semmelweis.hu\/alumni\/files\/2023\/11\/RS182960_-GV5A4171-scr.jpg 1200w\" >\r\n        <\/a><\/div><\/span><span class=\"gallery-item\"><div class=\"hidden\"><a href=\"https:\/\/semmelweis.hu\/alumni\/files\/2023\/11\/RS182962_-GV5A4177-scr.jpg\">\r\n        <img src=https:\/\/semmelweis.hu\/alumni\/files\/2023\/11\/RS182962_-GV5A4177-scr.jpg alt=\"\" class=\"attachment-sote-gallery-big size-sote-gallery-big\" srcset=\"https:\/\/semmelweis.hu\/alumni\/files\/2023\/11\/RS182962_-GV5A4177-scr-400x267.jpg 400w, https:\/\/semmelweis.hu\/alumni\/files\/2023\/11\/RS182962_-GV5A4177-scr-1024x683.jpg 1024w, https:\/\/semmelweis.hu\/alumni\/files\/2023\/11\/RS182962_-GV5A4177-scr-768x512.jpg 768w, https:\/\/semmelweis.hu\/alumni\/files\/2023\/11\/RS182962_-GV5A4177-scr-753x502.jpg 753w, https:\/\/semmelweis.hu\/alumni\/files\/2023\/11\/RS182962_-GV5A4177-scr-203x135.jpg 203w, https:\/\/semmelweis.hu\/alumni\/files\/2023\/11\/RS182962_-GV5A4177-scr.jpg 1200w\" >\r\n        <\/a><\/div><\/span><span class=\"gallery-item\"><div class=\"hidden\"><a href=\"https:\/\/semmelweis.hu\/alumni\/files\/2023\/11\/RS182963_-GV5A4185-scr.jpg\">\r\n        <img src=https:\/\/semmelweis.hu\/alumni\/files\/2023\/11\/RS182963_-GV5A4185-scr.jpg alt=\"\" class=\"attachment-sote-gallery-big size-sote-gallery-big\" srcset=\"https:\/\/semmelweis.hu\/alumni\/files\/2023\/11\/RS182963_-GV5A4185-scr-400x267.jpg 400w, https:\/\/semmelweis.hu\/alumni\/files\/2023\/11\/RS182963_-GV5A4185-scr-1024x683.jpg 1024w, https:\/\/semmelweis.hu\/alumni\/files\/2023\/11\/RS182963_-GV5A4185-scr-768x512.jpg 768w, https:\/\/semmelweis.hu\/alumni\/files\/2023\/11\/RS182963_-GV5A4185-scr-753x502.jpg 753w, https:\/\/semmelweis.hu\/alumni\/files\/2023\/11\/RS182963_-GV5A4185-scr-203x135.jpg 203w, https:\/\/semmelweis.hu\/alumni\/files\/2023\/11\/RS182963_-GV5A4185-scr.jpg 1200w\" >\r\n        <\/a><\/div><\/span>\r\n            <\/div>\r\n\r\n            [\/slb_exclude]\r\n\t\n<\/div>\n","protected":false},"excerpt":{"rendered":"<p><a href=\"https:\/\/semmelweis.hu\/alumni\/files\/2025\/07\/VI-Karriernap-event-cover.png\"><\/a> A Semmelweis Egyetem 2025. szeptember 12-\u00e9n hatodik alkalommal szervezi meg az Orsz\u00e1gos Eg\u00e9szs\u00e9g\u00fcgyi Karriernap \u00e9s \u00c1ll\u00e1sb\u00f6rze rendezv\u00e9ny\u00e9t az eg\u00e9szs\u00e9g\u00fcgyi k\u00e9pz\u00e9sben tanul\u00f3k, a v\u00e9gz\u00e9shez k\u00f6zeli hallgat\u00f3k, valamint az egy\u00e9b \u00e9rdekl\u0151d\u0151k (pl. rezidensek, munkahelyv\u00e1lt\u00e1son gondolkoz\u00f3k) sz\u00e1m\u00e1ra. A minden eg\u00e9szs\u00e9g\u00fcgyi szakm\u00e1t megsz\u00f3l\u00edt\u00f3 rendezv\u00e9nyen a szakmai el\u0151ad\u00e1sok mellett kiemelt hangs\u00falyt fektetnek a szervez\u0151k a leend\u0151 \u00e1ll\u00e1sad\u00f3k, munk\u00e1ltat\u00f3k szem\u00e9lyes megjelen\u00e9s\u00e9re &hellip;<\/p>\n","protected":false},"author":101495,"featured_media":27495,"parent":1130,"menu_order":0,"comment_status":"closed","ping_status":"closed","template":"","meta":{"_acf_changed":false,"footnotes":""},"categories":[241],"tags":[],"class_list":["post-27494","page","type-page","status-publish","has-post-thumbnail","hentry","category-orszagos-egeszsegugyi-karriernap-es-allasborze"],"acf":[],"publishpress_future_action":{"enabled":false,"date":"1970-01-01 01:00:00","action":"","terms":[],"taxonomy":"","browser_timezone_offset":0},"_links":{"self":[{"href":"https:\/\/semmelweis.hu\/alumni\/wp-json\/wp\/v2\/pages\/27494","targetHints":{"allow":["GET"]}}],"collection":[{"href":"https:\/\/semmelweis.hu\/alumni\/wp-json\/wp\/v2\/pages"}],"about":[{"href":"https:\/\/semmelweis.hu\/alumni\/wp-json\/wp\/v2\/types\/page"}],"author":[{"embeddable":true,"href":"https:\/\/semmelweis.hu\/alumni\/wp-json\/wp\/v2\/users\/101495"}],"replies":[{"embeddable":true,"href":"https:\/\/semmelweis.hu\/alumni\/wp-json\/wp\/v2\/comments?post=27494"}],"version-history":[{"count":10,"href":"https:\/\/semmelweis.hu\/alumni\/wp-json\/wp\/v2\/pages\/27494\/revisions"}],"predecessor-version":[{"id":36840,"href":"https:\/\/semmelweis.hu\/alumni\/wp-json\/wp\/v2\/pages\/27494\/revisions\/36840"}],"up":[{"embeddable":true,"href":"https:\/\/semmelweis.hu\/alumni\/wp-json\/wp\/v2\/pages\/1130"}],"wp:featuredmedia":[{"embeddable":true,"href":"https:\/\/semmelweis.hu\/alumni\/wp-json\/wp\/v2\/media\/27495"}],"wp:attachment":[{"href":"https:\/\/semmelweis.hu\/alumni\/wp-json\/wp\/v2\/media?parent=27494"}],"wp:term":[{"taxonomy":"category","embeddable":true,"href":"https:\/\/semmelweis.hu\/alumni\/wp-json\/wp\/v2\/categories?post=27494"},{"taxonomy":"post_tag","embeddable":true,"href":"https:\/\/semmelweis.hu\/alumni\/wp-json\/wp\/v2\/tags?post=27494"}],"curies":[{"name":"wp","href":"https:\/\/api.w.org\/{rel}","templated":true}]}}