{"id":2490,"date":"2020-04-25T20:20:44","date_gmt":"2020-04-25T18:20:44","guid":{"rendered":"http:\/\/semmelweis.hu\/alumni\/?page_id=2490"},"modified":"2023-02-21T21:10:23","modified_gmt":"2023-02-21T20:10:23","slug":"souvenir-shop","status":"publish","type":"page","link":"https:\/\/semmelweis.hu\/alumni\/en\/merchandise\/souvenir-shop\/","title":{"rendered":"Legendus Shop (NET)"},"content":{"rendered":"<p style=\"text-align: center\">\u00a0<\/p>\n<p style=\"text-align: center\">Gifts watermarked by official emblems of the Semmelweis University are available in our souvenir shop. <br \/>\nFor the prices and more information regarding the products please visit the <strong><a href=\"https:\/\/semmelweis.hu\/alumni\/en\/merchandise\/\">product catalog<\/a><\/strong>.<\/p>\n<p style=\"text-align: center\">Contact us if you have any questions left in mind about the merchandise: <a href=\"mailto:alumni@semmelweis.hu\">alumni@semmelweis.hu<\/a><\/p>\n<table class=\"plain\" style=\"width: 100%\">\n<tbody>\n<tr align=\"center\" valign=\"middle\">\n<td style=\"text-align: center;width: 87%\" valign=\"middle\"><strong><span style=\"font-size: 18pt\">Legendus Shop (NET)<\/span><\/strong><\/td>\n<\/tr>\n<tr valign=\"middle\">\n<td style=\"width: 87%\" valign=\"middle\">\n<p style=\"text-align: center\"><a href=\"https:\/\/semmelweis.hu\/alumni\/files\/2020\/01\/20130426-IMG_8849-NET-kulso-web.jpg\"><img loading=\"lazy\" decoding=\"async\" class=\"alignnone size-medium wp-image-2211\" src=\"https:\/\/semmelweis.hu\/alumni\/files\/2020\/01\/20130426-IMG_8849-NET-kulso-web-400x267.jpg\" alt=\"\" width=\"400\" height=\"267\" srcset=\"https:\/\/semmelweis.hu\/alumni\/files\/2020\/01\/20130426-IMG_8849-NET-kulso-web-400x267.jpg 400w, https:\/\/semmelweis.hu\/alumni\/files\/2020\/01\/20130426-IMG_8849-NET-kulso-web-768x512.jpg 768w, https:\/\/semmelweis.hu\/alumni\/files\/2020\/01\/20130426-IMG_8849-NET-kulso-web-753x502.jpg 753w, https:\/\/semmelweis.hu\/alumni\/files\/2020\/01\/20130426-IMG_8849-NET-kulso-web-203x135.jpg 203w, https:\/\/semmelweis.hu\/alumni\/files\/2020\/01\/20130426-IMG_8849-NET-kulso-web.jpg 900w\" sizes=\"auto, (max-width: 400px) 100vw, 400px\" \/><\/a><\/p>\n<\/td>\n<\/tr>\n<tr valign=\"middle\">\n<td style=\"text-align: center;width: 87%\" valign=\"middle\"><strong>Address: <br \/>\n<\/strong>Nagyv\u00e1rad T\u00e9ri Elm\u00e9leti T\u00f6mb &#8211; ground floor<br \/>\nH-1089 Budapest, Nagyv\u00e1rad t\u00e9r 4.<br \/>\n<strong>Phone: <\/strong>+36 (30) 297 6211 <strong>Fax:\u00a0<\/strong>+36 (1) 215 3218 <strong>E-mail:<\/strong>\u00a0<a href=\"mailto:hapatbt@gmail.com\">hapatbt@gmail.com<\/a> <br \/>\n<strong>Opening hours: <\/strong>Monday-Friday 9 am. &#8211; 5 pm.<\/td>\n<\/tr>\n<tr valign=\"middle\">\n<td style=\"text-align: center;width: 87%\" valign=\"middle\">\n<!-- iframe plugin v.4.9 wordpress.org\/plugins\/iframe\/ -->\n<iframe loading=\"lazy\" src=\"https:\/\/www.google.com\/maps\/embed?pb=!1m14!1m8!1m3!1d21573.058559064186!2d19.091063!3d47.477594!3m2!1i1024!2i768!4f13.1!3m3!1m2!1s0x4741dce663d65943%3A0xf5391fc3337d063b!2zQnVkYXBlc3QsIE5hZ3l2w6FyYWQgdMOpciA0LCAxMDg5!5e0!3m2!1sen!2shu!4v1579861446041!5m2!1sen!2shu\" width=\"100%\" height=\"300\" scrolling=\"yes\" class=\"iframe-class\" frameborder=\"0\"><\/iframe>\n<\/td>\n<\/tr>\n<\/tbody>\n<\/table>\n","protected":false},"excerpt":{"rendered":"<p>\u00a0 Gifts watermarked by official emblems of the Semmelweis University are available in our souvenir shop. For the prices and more information regarding the products please visit the <a href=\"https:\/\/semmelweis.hu\/alumni\/en\/merchandise\/\">product catalog<\/a> . Contact us if you have any questions left in mind about the merchandise: <a href=\"mailto:alumni@semmelweis.hu\">alumni@semmelweis.hu<\/a> Legendus Shop (NET) <a href=\"https:\/\/semmelweis.hu\/alumni\/files\/2020\/01\/20130426-IMG_8849-NET-kulso-web.jpg\"><\/a> Address: Nagyv\u00e1rad T\u00e9ri Elm\u00e9leti T\u00f6mb &#8211; ground floor H-1089 Budapest, &hellip;<\/p>\n","protected":false},"author":101158,"featured_media":0,"parent":2382,"menu_order":2,"comment_status":"closed","ping_status":"closed","template":"template-fullwidth.php","meta":{"_acf_changed":false,"footnotes":""},"categories":[],"tags":[],"class_list":["post-2490","page","type-page","status-publish","hentry"],"acf":[],"publishpress_future_action":{"enabled":false,"date":"1970-01-01 01:00:00","action":"","terms":[],"taxonomy":"","browser_timezone_offset":0},"_links":{"self":[{"href":"https:\/\/semmelweis.hu\/alumni\/wp-json\/wp\/v2\/pages\/2490","targetHints":{"allow":["GET"]}}],"collection":[{"href":"https:\/\/semmelweis.hu\/alumni\/wp-json\/wp\/v2\/pages"}],"about":[{"href":"https:\/\/semmelweis.hu\/alumni\/wp-json\/wp\/v2\/types\/page"}],"author":[{"embeddable":true,"href":"https:\/\/semmelweis.hu\/alumni\/wp-json\/wp\/v2\/users\/101158"}],"replies":[{"embeddable":true,"href":"https:\/\/semmelweis.hu\/alumni\/wp-json\/wp\/v2\/comments?post=2490"}],"version-history":[{"count":10,"href":"https:\/\/semmelweis.hu\/alumni\/wp-json\/wp\/v2\/pages\/2490\/revisions"}],"predecessor-version":[{"id":4961,"href":"https:\/\/semmelweis.hu\/alumni\/wp-json\/wp\/v2\/pages\/2490\/revisions\/4961"}],"up":[{"embeddable":true,"href":"https:\/\/semmelweis.hu\/alumni\/wp-json\/wp\/v2\/pages\/2382"}],"wp:attachment":[{"href":"https:\/\/semmelweis.hu\/alumni\/wp-json\/wp\/v2\/media?parent=2490"}],"wp:term":[{"taxonomy":"category","embeddable":true,"href":"https:\/\/semmelweis.hu\/alumni\/wp-json\/wp\/v2\/categories?post=2490"},{"taxonomy":"post_tag","embeddable":true,"href":"https:\/\/semmelweis.hu\/alumni\/wp-json\/wp\/v2\/tags?post=2490"}],"curies":[{"name":"wp","href":"https:\/\/api.w.org\/{rel}","templated":true}]}}