{"id":2485,"date":"2020-04-25T20:14:55","date_gmt":"2020-04-25T18:14:55","guid":{"rendered":"http:\/\/semmelweis.hu\/alumni\/?page_id=2485"},"modified":"2020-09-12T13:01:28","modified_gmt":"2020-09-12T11:01:28","slug":"patients-rights","status":"publish","type":"page","link":"https:\/\/semmelweis.hu\/alumni\/en\/services\/trainings\/current-trainings\/patients-rights\/","title":{"rendered":"Patients&#8217; rights (HUN)"},"content":{"rendered":"<p style=\"text-align: center\"><strong>THIS TRAINING IS HELD IN HUNGARIAN LANGUAGE<\/strong><br \/><a href=\"https:\/\/semmelweis.hu\/alumni\/szolgaltatasok\/kepzeseink\/jelenlegi-kepzeseink\/50-trukk-hogyan-keruld-el-a-muhibapert\/\"><strong>Visit the Hungarian site &gt;&gt;<\/strong><\/a><\/p>\n<p style=\"text-align: center\"><strong>Patients&#8217; rights course with <span style=\"font-size: 18pt\">Dr. Botond Ungv\u00e1ry<\/span><\/strong><\/p>\n<p><img loading=\"lazy\" decoding=\"async\" class=\" wp-image-313 alignleft\" src=\"https:\/\/semmelweis.hu\/alumni\/files\/2019\/08\/m\u0171hiba-round.png\" alt=\"\" width=\"236\" height=\"209\" srcset=\"https:\/\/semmelweis.hu\/alumni\/files\/2019\/08\/m\u0171hiba-round.png 363w, https:\/\/semmelweis.hu\/alumni\/files\/2019\/08\/m\u0171hiba-round-300x266.png 300w\" sizes=\"auto, (max-width: 236px) 100vw, 236px\" \/><\/p>\n<div dir=\"auto\">How can we prevent the patient to sue us? How to avoid the case escalating into a trial? What kind of rights does the doctor have?<br \/>I will try to answer these sort of questions and provide some useful advices, as well. Our goal has to be that the medical staff could do its job without fear from lawsuits.<\/div>\n<div dir=\"auto\">\u00a0<\/div>\n<div dir=\"auto\">\u00a0<\/div>\n<div dir=\"auto\" style=\"text-align: center\"><strong>Occasions:<\/strong><\/div>\n<div dir=\"auto\">\n<table style=\"border-collapse: collapse;width: 100%;height: 198px\">\n<tbody>\n<tr style=\"height: 33px\">\n<td style=\"width: 100%;text-align: center;height: 33px\">September 22, 2020 6 pm &#8211; 8 pm<\/td>\n<\/tr>\n<tr style=\"height: 33px\">\n<td style=\"width: 100%;text-align: center;height: 33px\">September 29, 2020 6 pm &#8211; 8 pm<\/td>\n<\/tr>\n<tr style=\"height: 33px\">\n<td style=\"width: 100%;text-align: center;height: 33px\">October 6, 2020 6 pm &#8211; 8 pm<\/td>\n<\/tr>\n<tr style=\"height: 33px\">\n<td style=\"width: 100%;text-align: center;height: 33px\">October 20, 2020 6 pm &#8211; 8 pm<\/td>\n<\/tr>\n<tr style=\"height: 33px\">\n<td style=\"width: 100%;text-align: center;height: 33px\">November 3, 2020 6 pm &#8211; 8 pm<\/td>\n<\/tr>\n<\/tbody>\n<\/table>\n<\/div>\n<div dir=\"auto\">\u00a0<\/div>\n<div dir=\"auto\" style=\"text-align: center\"><strong>Location: Nagyv\u00e1rad t\u00e9ri Elm\u00e9leti T\u00f6mb, Alumni training room (or online)<\/strong><\/div>\n<div dir=\"auto\" style=\"text-align: center\"><strong><em>Topics:<\/em> <\/strong><\/div>\n<div dir=\"auto\" style=\"text-align: center\"><span style=\"font-size: 14pt\"><em>1. Rights of the doctor, the nurse and the pharmacist &#8211; defense strategies of lawsuits I.<\/em><\/span><\/div>\n<div dir=\"auto\" style=\"text-align: center\"><span style=\"font-size: 14pt\"><em>2. Rights of the doctor, the nurse and the pharmacist &#8211; defense strategies of lawsuits II.<\/em><\/span><\/div>\n<div dir=\"auto\" style=\"text-align: center\"><em>3. Court stories I.<\/em><\/div>\n<div dir=\"auto\" style=\"text-align: center\"><em>4. Management urgent situations<\/em><\/div>\n<div dir=\"auto\" style=\"text-align: center\"><em>5. Court stories II.<\/em><\/div>\n<div dir=\"auto\" style=\"text-align: center\"><em>6. Health care as a business. Basic business law.<\/em><\/div>\n<div dir=\"auto\" style=\"text-align: center\">\u00a0<\/div>\n<div dir=\"auto\" style=\"text-align: center\">Application deadline: September 20, 2020<\/div>\n","protected":false},"excerpt":{"rendered":"<p>THIS TRAINING IS HELD IN HUNGARIAN LANGUAGE <a href=\"https:\/\/semmelweis.hu\/alumni\/szolgaltatasok\/kepzeseink\/jelenlegi-kepzeseink\/50-trukk-hogyan-keruld-el-a-muhibapert\/\">Visit the Hungarian site &gt;&gt;<\/a> Patients&#8217; rights course with Dr. Botond Ungv\u00e1ry How can we prevent the patient to sue us? How to avoid the case escalating into a trial? What kind of rights does the doctor have?I will try to answer these sort of questions and provide some useful advices, as well. &hellip;<\/p>\n","protected":false},"author":101158,"featured_media":0,"parent":1082,"menu_order":0,"comment_status":"closed","ping_status":"closed","template":"","meta":{"_acf_changed":false,"footnotes":""},"categories":[],"tags":[],"class_list":["post-2485","page","type-page","status-publish","hentry"],"acf":[],"publishpress_future_action":{"enabled":false,"date":"1970-01-01 01:00:00","action":"","terms":[],"taxonomy":"","browser_timezone_offset":0},"_links":{"self":[{"href":"https:\/\/semmelweis.hu\/alumni\/wp-json\/wp\/v2\/pages\/2485","targetHints":{"allow":["GET"]}}],"collection":[{"href":"https:\/\/semmelweis.hu\/alumni\/wp-json\/wp\/v2\/pages"}],"about":[{"href":"https:\/\/semmelweis.hu\/alumni\/wp-json\/wp\/v2\/types\/page"}],"author":[{"embeddable":true,"href":"https:\/\/semmelweis.hu\/alumni\/wp-json\/wp\/v2\/users\/101158"}],"replies":[{"embeddable":true,"href":"https:\/\/semmelweis.hu\/alumni\/wp-json\/wp\/v2\/comments?post=2485"}],"version-history":[{"count":7,"href":"https:\/\/semmelweis.hu\/alumni\/wp-json\/wp\/v2\/pages\/2485\/revisions"}],"predecessor-version":[{"id":3287,"href":"https:\/\/semmelweis.hu\/alumni\/wp-json\/wp\/v2\/pages\/2485\/revisions\/3287"}],"up":[{"embeddable":true,"href":"https:\/\/semmelweis.hu\/alumni\/wp-json\/wp\/v2\/pages\/1082"}],"wp:attachment":[{"href":"https:\/\/semmelweis.hu\/alumni\/wp-json\/wp\/v2\/media?parent=2485"}],"wp:term":[{"taxonomy":"category","embeddable":true,"href":"https:\/\/semmelweis.hu\/alumni\/wp-json\/wp\/v2\/categories?post=2485"},{"taxonomy":"post_tag","embeddable":true,"href":"https:\/\/semmelweis.hu\/alumni\/wp-json\/wp\/v2\/tags?post=2485"}],"curies":[{"name":"wp","href":"https:\/\/api.w.org\/{rel}","templated":true}]}}