{"id":17487,"date":"2024-08-29T10:26:06","date_gmt":"2024-08-29T08:26:06","guid":{"rendered":"https:\/\/semmelweis.hu\/alumni\/?page_id=17487"},"modified":"2026-01-26T09:43:27","modified_gmt":"2026-01-26T08:43:27","slug":"a-halogatas-muveszete-2024-09-28","status":"publish","type":"page","link":"https:\/\/semmelweis.hu\/alumni\/szolgaltatasok\/kepzeseink\/szemelyes-kepzeseink\/a-halogatas-muveszete-2024-09-28\/","title":{"rendered":"A halogat\u00e1s m\u0171v\u00e9szete &#8211; 2026. m\u00e1rcius 28., szombat"},"content":{"rendered":"<h1><strong><img loading=\"lazy\" decoding=\"async\" class=\"alignright\" src=\"https:\/\/semmelweis.hu\/alumni\/files\/2024\/08\/Halogatas.jpg\" alt=\"\" width=\"376\" height=\"231\" \/>A halogat\u00e1s m\u0171v\u00e9szete, avagy hogyan ker\u00fclj\u00fcnk ki a halogat\u00e1s csapd\u00e1j\u00e1b\u00f3l<\/strong><\/h1>\n<p style=\"text-align: justify\">A workshop bemutatja a halogat\u00e1s 9 t\u00edpus\u00e1t, seg\u00edt beazonos\u00edtani, hogy mi melyik halogat\u00f3 csoportba \u00e9s t\u00edpusba tartozunk, mindemellett gyakorlati kiutat mutat a csapd\u00e1b\u00f3l, amibe saj\u00e1t halogat\u00f3 energi\u00e1ink z\u00e1rnak benn\u00fcnket id\u0151r\u0151l-id\u0151re. A tudom\u00e1nyos t\u00e9nyek mellett a workshop helyet ad a szem\u00e9lyes \u00e9s csoportos munk\u00e1ra, melyben a r\u00e9sztvev\u0151k ki is kipr\u00f3b\u00e1lhatj\u00e1k, melyik m\u00f3dszertant tartj\u00e1k \u00f6nmaguk sz\u00e1m\u00e1ra a legmegfelel\u0151bbnek a halogat\u00e1s lek\u00fczd\u00e9s\u00e9re \u00e9s a cselekv\u0151 energi\u00e1k fel\u00e9p\u00edt\u00e9s\u00e9re.<\/p>\n<h3>A tr\u00e9ning jellemz\u0151i:<\/h3>\n<ul>\n<li><span style=\"color: #000000\">A tr\u00e9ning 9:00-t\u00f3l 15:00-ig tart. A tr\u00e9ning tematik\u00e1ja egy \u00edvet k\u00f6vet, ez\u00e9rt annak \u00e9rdemes jelentkezni, aki a teljes id\u0151tartamban jelen tud lenni.<\/span><\/li>\n<li><span style=\"color: #000000\">A tr\u00e9ning maxim\u00e1lis l\u00e9tsz\u00e1ma az interakt\u00edv forma miatt 20 f\u0151<\/span><\/li>\n<li><span style=\"color: #000000\">A r\u00e9szv\u00e9tel a Semmelweis Egyetem b\u00e1rmely v\u00e9gzett hallgat\u00f3ja sz\u00e1m\u00e1ra ingyenes, de regisztr\u00e1ci\u00f3hoz k\u00f6t\u00f6tt.<\/span><\/li>\n<li><span style=\"color: #000000\">Tr\u00e9ner: Ant\u00f3ny Korn\u00e9lia<\/span><\/li>\n<li><span style=\"color: #000000\"><strong>A soron k\u00f6vetkez\u0151 k\u00e9pz\u00e9s id\u0151pontja: 2026. m\u00e1rcius 28., szombat 9:00-15:00<\/strong><\/span><\/li>\n<li><span style=\"color: #000000\">A tanfolyam helysz\u00edne: 1085 Budapest, \u00dcll\u0151i \u00fat 26. K\u00f6zponti Igazgat\u00e1si \u00c9p\u00fclet fsz. 6. terem\u00a0<\/span><\/li>\n<li style=\"text-align: justify\"><span style=\"color: #000000\">Fontos! A k\u00e9pz\u00e9sen az els\u0151 20 jelentkez\u0151 tud majd r\u00e9szt venni, a tov\u00e1bbiakban v\u00e1r\u00f3list\u00e1ra ker\u00fclnek a jelentkez\u0151k, k\u00e9rj\u00fck, hogy a jelentkez\u00e9st kezelj\u00e9k felel\u0151ss\u00e9ggel! Amennyiben a jelentkez\u0151 a k\u00e9pz\u00e9st nem mondja le \u00e9s nem jelenik meg a k\u00e9pz\u00e9sen, akkor ebben a f\u00e9l\u00e9vben az Alumni \u00e1ltal szervezett k\u00e9pz\u00e9seken m\u00e1r nem vehet r\u00e9szt.\u00a0<\/span><\/li>\n<\/ul>\n<p style=\"text-align: center\"><strong><a href=\"https:\/\/outlook.office.com\/book\/Kpzsek@unisemmelweis.onmicrosoft.com\/s\/v22wXYG7yU-ybxFf6G8lxw2?ismsaljsauthenabled\">JELENTKEZ\u00c9S<\/a><\/strong><\/p>\n","protected":false},"excerpt":{"rendered":"<p>A halogat\u00e1s m\u0171v\u00e9szete, avagy hogyan ker\u00fclj\u00fcnk ki a halogat\u00e1s csapd\u00e1j\u00e1b\u00f3l A workshop bemutatja a halogat\u00e1s 9 t\u00edpus\u00e1t, seg\u00edt beazonos\u00edtani, hogy mi melyik halogat\u00f3 csoportba \u00e9s t\u00edpusba tartozunk, mindemellett gyakorlati kiutat mutat a csapd\u00e1b\u00f3l, amibe saj\u00e1t halogat\u00f3 energi\u00e1ink z\u00e1rnak benn\u00fcnket id\u0151r\u0151l-id\u0151re. A tudom\u00e1nyos t\u00e9nyek mellett a workshop helyet ad a szem\u00e9lyes \u00e9s csoportos munk\u00e1ra, melyben a &hellip;<\/p>\n","protected":false},"author":101947,"featured_media":27538,"parent":4874,"menu_order":0,"comment_status":"closed","ping_status":"closed","template":"","meta":{"_acf_changed":false,"footnotes":""},"categories":[336],"tags":[],"class_list":["post-17487","page","type-page","status-publish","has-post-thumbnail","hentry","category-aktualiskepzesek"],"acf":[],"publishpress_future_action":{"enabled":false,"date":"1970-01-01 01:00:00","action":"","terms":[],"taxonomy":"","browser_timezone_offset":0},"_links":{"self":[{"href":"https:\/\/semmelweis.hu\/alumni\/wp-json\/wp\/v2\/pages\/17487","targetHints":{"allow":["GET"]}}],"collection":[{"href":"https:\/\/semmelweis.hu\/alumni\/wp-json\/wp\/v2\/pages"}],"about":[{"href":"https:\/\/semmelweis.hu\/alumni\/wp-json\/wp\/v2\/types\/page"}],"author":[{"embeddable":true,"href":"https:\/\/semmelweis.hu\/alumni\/wp-json\/wp\/v2\/users\/101947"}],"replies":[{"embeddable":true,"href":"https:\/\/semmelweis.hu\/alumni\/wp-json\/wp\/v2\/comments?post=17487"}],"version-history":[{"count":11,"href":"https:\/\/semmelweis.hu\/alumni\/wp-json\/wp\/v2\/pages\/17487\/revisions"}],"predecessor-version":[{"id":39508,"href":"https:\/\/semmelweis.hu\/alumni\/wp-json\/wp\/v2\/pages\/17487\/revisions\/39508"}],"up":[{"embeddable":true,"href":"https:\/\/semmelweis.hu\/alumni\/wp-json\/wp\/v2\/pages\/4874"}],"wp:featuredmedia":[{"embeddable":true,"href":"https:\/\/semmelweis.hu\/alumni\/wp-json\/wp\/v2\/media\/27538"}],"wp:attachment":[{"href":"https:\/\/semmelweis.hu\/alumni\/wp-json\/wp\/v2\/media?parent=17487"}],"wp:term":[{"taxonomy":"category","embeddable":true,"href":"https:\/\/semmelweis.hu\/alumni\/wp-json\/wp\/v2\/categories?post=17487"},{"taxonomy":"post_tag","embeddable":true,"href":"https:\/\/semmelweis.hu\/alumni\/wp-json\/wp\/v2\/tags?post=17487"}],"curies":[{"name":"wp","href":"https:\/\/api.w.org\/{rel}","templated":true}]}}

A halogatás művészete &#8211; 2026. március 28., szombat

<h1><strong><img loading="lazy" decoding="async" class="alignright" src="https://semmelweis.hu/alumni/files/2024/08/Halogatas.jpg" alt="" width="376" height="231" />A halogatás művészete, avagy hogyan kerüljünk ki a halogatás csapdájából</strong></h1>
<p style="text-align: justify">A workshop bemutatja a halogatás 9 típusát, segít beazonosítani, hogy mi melyik halogató csoportba és típusba tartozunk, mindemellett gyakorlati kiutat mutat a csapdából, amibe saját halogató energiáink zárnak bennünket időről-időre. A tudományos tények mellett a workshop helyet ad a személyes és csoportos munkára, melyben a résztvevők ki is kipróbálhatják, melyik módszertant tartják önmaguk számára a legmegfelelőbbnek a halogatás leküzdésére és a cselekvő energiák felépítésére.</p>
<h3>A tréning jellemzői:</h3>
<ul>
<li><span style="color: #000000">A tréning 9:00-tól 15:00-ig tart. A tréning tematikája egy ívet követ, ezért annak érdemes jelentkezni, aki a teljes időtartamban jelen tud lenni.</span></li>
<li><span style="color: #000000">A tréning maximális létszáma az interaktív forma miatt 20 fő</span></li>
<li><span style="color: #000000">A részvétel a Semmelweis Egyetem bármely végzett hallgatója számára ingyenes, de regisztrációhoz kötött.</span></li>
<li><span style="color: #000000">Tréner: Antóny Kornélia</span></li>
<li><span style="color: #000000"><strong>A soron következő képzés időpontja: 2026. március 28., szombat 9:00-15:00</strong></span></li>
<li><span style="color: #000000">A tanfolyam helyszíne: 1085 Budapest, Üllői út 26. Központi Igazgatási Épület fsz. 6. terem </span></li>
<li style="text-align: justify"><span style="color: #000000">Fontos! A képzésen az első 20 jelentkező tud majd részt venni, a továbbiakban várólistára kerülnek a jelentkezők, kérjük, hogy a jelentkezést kezeljék felelősséggel! Amennyiben a jelentkező a képzést nem mondja le és nem jelenik meg a képzésen, akkor ebben a félévben az Alumni által szervezett képzéseken már nem vehet részt. </span></li>
</ul>
<p style="text-align: center"><strong><a href="https://outlook.office.com/book/Kpzsek@unisemmelweis.onmicrosoft.com/s/v22wXYG7yU-ybxFf6G8lxw2?ismsaljsauthenabled">JELENTKEZÉS</a></strong></p>

<p>A halogatás művészete, avagy hogyan kerüljünk ki a halogatás csapdájából A workshop bemutatja a halogatás 9 típusát, segít beazonosítani, hogy mi melyik halogató csoportba és típusba tartozunk, mindemellett gyakorlati kiutat mutat a csapdából, amibe saját halogató energiáink zárnak bennünket időről-időre. A tudományos tények mellett a workshop helyet ad a személyes és csoportos munkára, melyben a &hellip;</p>
