{"id":17173,"date":"2024-08-29T10:11:47","date_gmt":"2024-08-29T08:11:47","guid":{"rendered":"https:\/\/semmelweis.hu\/alumni\/?page_id=17173"},"modified":"2026-03-25T19:16:22","modified_gmt":"2026-03-25T18:16:22","slug":"generacios-problemak-mindig-baj-van-a-z-generacioval-2024-10-24","status":"publish","type":"page","link":"https:\/\/semmelweis.hu\/alumni\/szolgaltatasok\/kepzeseink\/szemelyes-kepzeseink\/generacios-problemak-mindig-baj-van-a-z-generacioval-2024-10-24\/","title":{"rendered":"Gener\u00e1ci\u00f3s elt\u00e9r\u00e9sek 2026. \u00e1prilis 23., cs\u00fct\u00f6rt\u00f6k"},"content":{"rendered":"<h1>Gener\u00e1ci\u00f3s elt\u00e9r\u00e9sek: Hogyan \u00e9rts\u00fck meg egym\u00e1st? H\u00edd a gener\u00e1ci\u00f3k k\u00f6z\u00f6tt<\/h1>\n<p style=\"text-align: justify\">A k\u00fcl\u00f6nb\u00f6z\u0151 gener\u00e1ci\u00f3kkal kapcsolatban meglehet\u0151sen er\u0151s sztereot\u00edpi\u00e1kkal szembes\u00fcl\u00fcnk \u00e9s ezekre a sztereot\u00edpi\u00e1kra, sokszor akad\u00e1lyk\u00e9nt tekint\u00fcnk. Nem jobb vagy rosszabb az egyik, vagy a m\u00e1sik gener\u00e1ci\u00f3, egyszer\u0171en m\u00e1s. B\u00e1r a saj\u00e1t szem\u00fcveg\u00fcnk\u00f6n kereszt\u00fcl neh\u00e9z megl\u00e1tni a m\u00e1sik gener\u00e1ci\u00f3 \u00e9rt\u00e9k\u00e9t. Ezt a \u201em\u00e1ss\u00e1got\u201d ha elfogadjuk \u00e9s kezelj\u00fck sz\u00e1mos el\u0151nyt jelenthet a k\u00e9s\u0151bbiekben. Az el\u0151ad\u00e1s t\u00e9m\u00e1ja kit\u00e9r a\u00a0<\/p>\n<p style=\"text-align: justify\">gener\u00e1ci\u00f3s k\u00fcl\u00f6nbs\u00e9geken kereszt\u00fcl az egyes gener\u00e1ci\u00f3k szempontj\u00e1b\u00f3l oly\u2019 jelent\u0151s vagy \u00e9ppen jelent\u00e9ktelen t\u00e9m\u00e1kra, mint a motiv\u00e1ci\u00f3, motiv\u00e1l\u00e1s k\u00e9rd\u00e9se, jelent\u0151s\u00e9ge, a \u201ehatalom-kult\u00fara\u201d elfogad\u00e1s\u00e1ban rejl\u0151 k\u00fcl\u00f6nbs\u00e9gekre, a lojalit\u00e1s \u00e1talakul\u00e1s\u00e1ra, a szabads\u00e1g v\u00e1gyra \u00e9s annak lehets\u00e9ges form\u00e1ira. Az interakt\u00edv el\u0151ad\u00e1s sor\u00e1n a gener\u00e1ci\u00f3s k\u00fcl\u00f6nbs\u00e9gek ker\u00fclnek a felsz\u00ednre, igyekszem bemutatni az egyes gener\u00e1ci\u00f3k k\u00fcl\u00f6nb\u00f6z\u0151s\u00e9g\u00e9t \u00e9s azt a hidat, ahogy az egyes gener\u00e1ci\u00f3k k\u00e9pesek meg\u00e9rteni a m\u00e1sikat \u2013 m\u00e1r, ha akarat is p\u00e1rosul az ismeretanyaghoz.<\/p>\n<h1><img loading=\"lazy\" decoding=\"async\" class=\"alignright\" src=\"https:\/\/semmelweis.hu\/alumni\/files\/2024\/08\/Generacios.jpeg\" alt=\"\" width=\"496\" height=\"171\" \/><\/h1>\n<h3>A tr\u00e9ning jellemz\u0151i:<\/h3>\n<ul>\n<li><span style=\"color: #000000\">A tr\u00e9ning 17:00-t\u00f3l 20:00-ig tart. A tr\u00e9ning tematik\u00e1ja egy \u00edvet k\u00f6vet, ez\u00e9rt annak \u00e9rdemes jelentkezni, aki a teljes id\u0151tartamban jelen tud lenni.<\/span><\/li>\n<li><span style=\"color: #000000\">A tr\u00e9ning maxim\u00e1lis l\u00e9tsz\u00e1ma az interakt\u00edv forma miatt 20 f\u0151<\/span><\/li>\n<li><span style=\"color: #000000\">A r\u00e9szv\u00e9tel a Semmelweis Egyetem b\u00e1rmely v\u00e9gzett hallgat\u00f3ja sz\u00e1m\u00e1ra ingyenes, de regisztr\u00e1ci\u00f3hoz k\u00f6t\u00f6tt.<\/span><\/li>\n<li><span style=\"color: #000000\">Tr\u00e9ner: Dr. Gyarmathy Mikl\u00f3s<\/span><\/li>\n<li><span style=\"color: #000000\"><strong>A soron k\u00f6vetkez\u0151 k\u00e9pz\u00e9s id\u0151pontja: 2026. \u00e1prilis 23., cs\u00fct\u00f6rt\u00f6k 17:00-20:00<\/strong><\/span><\/li>\n<li><span style=\"color: #000000\">A tanfolyam helysz\u00edne: 1085 Budapest, \u00dcll\u0151i \u00fat 26. K\u00f6zponti Igazgat\u00e1si \u00c9p\u00fclet fsz. 6. terem\u00a0<\/span><\/li>\n<li style=\"text-align: justify\"><span style=\"color: #000000\">Fontos! A k\u00e9pz\u00e9sen az els\u0151 20 jelentkez\u0151 tud majd r\u00e9szt venni, a tov\u00e1bbiakban v\u00e1r\u00f3list\u00e1ra ker\u00fclnek a jelentkez\u0151k, k\u00e9rj\u00fck, hogy a jelentkez\u00e9st kezelj\u00e9k felel\u0151ss\u00e9ggel! Amennyiben a jelentkez\u0151 a k\u00e9pz\u00e9st nem mondja le \u00e9s nem jelenik meg a k\u00e9pz\u00e9sen, akkor ebben a f\u00e9l\u00e9vben az Alumni \u00e1ltal szervezett k\u00e9pz\u00e9seken m\u00e1r nem vehet r\u00e9szt.\u00a0<\/span><\/li>\n<\/ul>\n<p style=\"text-align: center\"><a class=\"button\" href=\"https:\/\/outlook.office.com\/book\/Kpzsek@unisemmelweis.onmicrosoft.com\/s\/gX-Xn7_zU0K27QSbNYa2RQ2?ismsaljsauthenabled\" target=\"_blank\" rel=\"noopener\">JELENTKEZ\u00c9S<\/a><\/p>\n","protected":false},"excerpt":{"rendered":"<p>Gener\u00e1ci\u00f3s elt\u00e9r\u00e9sek: Hogyan \u00e9rts\u00fck meg egym\u00e1st? H\u00edd a gener\u00e1ci\u00f3k k\u00f6z\u00f6tt A k\u00fcl\u00f6nb\u00f6z\u0151 gener\u00e1ci\u00f3kkal kapcsolatban meglehet\u0151sen er\u0151s sztereot\u00edpi\u00e1kkal szembes\u00fcl\u00fcnk \u00e9s ezekre a sztereot\u00edpi\u00e1kra, sokszor akad\u00e1lyk\u00e9nt tekint\u00fcnk. Nem jobb vagy rosszabb az egyik, vagy a m\u00e1sik gener\u00e1ci\u00f3, egyszer\u0171en m\u00e1s. B\u00e1r a saj\u00e1t szem\u00fcveg\u00fcnk\u00f6n kereszt\u00fcl neh\u00e9z megl\u00e1tni a m\u00e1sik gener\u00e1ci\u00f3 \u00e9rt\u00e9k\u00e9t. Ezt a \u201em\u00e1ss\u00e1got\u201d ha elfogadjuk \u00e9s kezelj\u00fck &hellip;<\/p>\n","protected":false},"author":101627,"featured_media":27808,"parent":4874,"menu_order":0,"comment_status":"closed","ping_status":"closed","template":"","meta":{"_acf_changed":false,"footnotes":""},"categories":[336],"tags":[],"class_list":["post-17173","page","type-page","status-publish","has-post-thumbnail","hentry","category-aktualiskepzesek"],"acf":[],"publishpress_future_action":{"enabled":false,"date":"1970-01-01 01:00:00","action":"","terms":[],"taxonomy":"","browser_timezone_offset":0},"_links":{"self":[{"href":"https:\/\/semmelweis.hu\/alumni\/wp-json\/wp\/v2\/pages\/17173","targetHints":{"allow":["GET"]}}],"collection":[{"href":"https:\/\/semmelweis.hu\/alumni\/wp-json\/wp\/v2\/pages"}],"about":[{"href":"https:\/\/semmelweis.hu\/alumni\/wp-json\/wp\/v2\/types\/page"}],"author":[{"embeddable":true,"href":"https:\/\/semmelweis.hu\/alumni\/wp-json\/wp\/v2\/users\/101627"}],"replies":[{"embeddable":true,"href":"https:\/\/semmelweis.hu\/alumni\/wp-json\/wp\/v2\/comments?post=17173"}],"version-history":[{"count":11,"href":"https:\/\/semmelweis.hu\/alumni\/wp-json\/wp\/v2\/pages\/17173\/revisions"}],"predecessor-version":[{"id":41112,"href":"https:\/\/semmelweis.hu\/alumni\/wp-json\/wp\/v2\/pages\/17173\/revisions\/41112"}],"up":[{"embeddable":true,"href":"https:\/\/semmelweis.hu\/alumni\/wp-json\/wp\/v2\/pages\/4874"}],"wp:featuredmedia":[{"embeddable":true,"href":"https:\/\/semmelweis.hu\/alumni\/wp-json\/wp\/v2\/media\/27808"}],"wp:attachment":[{"href":"https:\/\/semmelweis.hu\/alumni\/wp-json\/wp\/v2\/media?parent=17173"}],"wp:term":[{"taxonomy":"category","embeddable":true,"href":"https:\/\/semmelweis.hu\/alumni\/wp-json\/wp\/v2\/categories?post=17173"},{"taxonomy":"post_tag","embeddable":true,"href":"https:\/\/semmelweis.hu\/alumni\/wp-json\/wp\/v2\/tags?post=17173"}],"curies":[{"name":"wp","href":"https:\/\/api.w.org\/{rel}","templated":true}]}}

Generációs eltérések 2026. április 23., csütörtök

<h1>Generációs eltérések: Hogyan értsük meg egymást? Híd a generációk között</h1>
<p style="text-align: justify">A különböző generációkkal kapcsolatban meglehetősen erős sztereotípiákkal szembesülünk és ezekre a sztereotípiákra, sokszor akadályként tekintünk. Nem jobb vagy rosszabb az egyik, vagy a másik generáció, egyszerűen más. Bár a saját szemüvegünkön keresztül nehéz meglátni a másik generáció értékét. Ezt a „másságot” ha elfogadjuk és kezeljük számos előnyt jelenthet a későbbiekben. Az előadás témája kitér a </p>
<p style="text-align: justify">generációs különbségeken keresztül az egyes generációk szempontjából oly’ jelentős vagy éppen jelentéktelen témákra, mint a motiváció, motiválás kérdése, jelentősége, a „hatalom-kultúra” elfogadásában rejlő különbségekre, a lojalitás átalakulására, a szabadság vágyra és annak lehetséges formáira. Az interaktív előadás során a generációs különbségek kerülnek a felszínre, igyekszem bemutatni az egyes generációk különbözőségét és azt a hidat, ahogy az egyes generációk képesek megérteni a másikat – már, ha akarat is párosul az ismeretanyaghoz.</p>
<h1><img loading="lazy" decoding="async" class="alignright" src="https://semmelweis.hu/alumni/files/2024/08/Generacios.jpeg" alt="" width="496" height="171" /></h1>
<h3>A tréning jellemzői:</h3>
<ul>
<li><span style="color: #000000">A tréning 17:00-tól 20:00-ig tart. A tréning tematikája egy ívet követ, ezért annak érdemes jelentkezni, aki a teljes időtartamban jelen tud lenni.</span></li>
<li><span style="color: #000000">A tréning maximális létszáma az interaktív forma miatt 20 fő</span></li>
<li><span style="color: #000000">A részvétel a Semmelweis Egyetem bármely végzett hallgatója számára ingyenes, de regisztrációhoz kötött.</span></li>
<li><span style="color: #000000">Tréner: Dr. Gyarmathy Miklós</span></li>
<li><span style="color: #000000"><strong>A soron következő képzés időpontja: 2026. április 23., csütörtök 17:00-20:00</strong></span></li>
<li><span style="color: #000000">A tanfolyam helyszíne: 1085 Budapest, Üllői út 26. Központi Igazgatási Épület fsz. 6. terem </span></li>
<li style="text-align: justify"><span style="color: #000000">Fontos! A képzésen az első 20 jelentkező tud majd részt venni, a továbbiakban várólistára kerülnek a jelentkezők, kérjük, hogy a jelentkezést kezeljék felelősséggel! Amennyiben a jelentkező a képzést nem mondja le és nem jelenik meg a képzésen, akkor ebben a félévben az Alumni által szervezett képzéseken már nem vehet részt. </span></li>
</ul>
<p style="text-align: center"><a class="button" href="https://outlook.office.com/book/Kpzsek@unisemmelweis.onmicrosoft.com/s/gX-Xn7_zU0K27QSbNYa2RQ2?ismsaljsauthenabled" target="_blank" rel="noopener">JELENTKEZÉS</a></p>

<p>Generációs eltérések: Hogyan értsük meg egymást? Híd a generációk között A különböző generációkkal kapcsolatban meglehetősen erős sztereotípiákkal szembesülünk és ezekre a sztereotípiákra, sokszor akadályként tekintünk. Nem jobb vagy rosszabb az egyik, vagy a másik generáció, egyszerűen más. Bár a saját szemüvegünkön keresztül nehéz meglátni a másik generáció értékét. Ezt a „másságot” ha elfogadjuk és kezeljük &hellip;</p>
