{"id":104,"date":"2019-08-24T16:00:30","date_gmt":"2019-08-24T14:00:30","guid":{"rendered":"http:\/\/semmelweis.hu\/alumni\/?page_id=104"},"modified":"2019-10-27T09:35:16","modified_gmt":"2019-10-27T08:35:16","slug":"karacsonyi-jotekonysagi-koncert","status":"publish","type":"page","link":"https:\/\/semmelweis.hu\/alumni\/rendezvenyek\/karacsonyi-jotekonysagi-koncert\/","title":{"rendered":"Kar\u00e1csonyi J\u00f3t\u00e9konys\u00e1gi Koncert"},"content":{"rendered":"<h2 style=\"text-align: center\"><span class=\"_4n-j _3cht fsl\" data-testid=\"event-permalink-details\">Kar\u00e1csonyi J\u00f3t\u00e9konys\u00e1gi Koncert a Semmelweisen!<\/span><\/h2>\n<p style=\"text-align: center\">Id\u00e9n december 7-\u00e9n a NET d\u00edszterm\u00e9be is k\u00f6lt\u00f6zik egy kis kar\u00e1csonyi szellem a Golgota Gospel K\u00f3rus j\u00f3volt\u00e1b\u00f3l. \u00c9ld \u00e1t te is az \u00e9rzelmekt\u0151l \u00e1tf\u0171t\u00f6tt gospel var\u00e1zs\u00e1t \u00e9s hangol\u00f3dj vel\u00fcnk az \u00fcnnepekre!<\/p>\n<p style=\"text-align: center\">A koncert folyam\u00e1n j\u00f3t\u00e9konys\u00e1gi adom\u00e1nygy\u0171jt\u00e9st szervez\u00fcnk melyb\u0151l befolyt \u00f6sszeget az Alumni \u00d6szt\u00f6nd\u00edj megalap\u00edt\u00e1s\u00e1ra ford\u00edtjuk!<\/p>\n<p style=\"text-align: center\">A koncert ingyenes \u00e1m regisztr\u00e1ci\u00f3hoz k\u00f6t\u00f6tt!<\/p>\n<p><a href=\"https:\/\/semmelweis.hu\/alumni\/files\/2019\/09\/karacsonyikoncert_sote_plakat.jpg\"><img loading=\"lazy\" decoding=\"async\" class=\"aligncenter size-large wp-image-676\" src=\"https:\/\/semmelweis.hu\/alumni\/files\/2019\/09\/karacsonyikoncert_sote_plakat-724x1024.jpg\" alt=\"\" width=\"724\" height=\"1024\" srcset=\"https:\/\/semmelweis.hu\/alumni\/files\/2019\/09\/karacsonyikoncert_sote_plakat-724x1024.jpg 724w, https:\/\/semmelweis.hu\/alumni\/files\/2019\/09\/karacsonyikoncert_sote_plakat-212x300.jpg 212w, https:\/\/semmelweis.hu\/alumni\/files\/2019\/09\/karacsonyikoncert_sote_plakat-768x1086.jpg 768w, https:\/\/semmelweis.hu\/alumni\/files\/2019\/09\/karacsonyikoncert_sote_plakat-753x1065.jpg 753w, https:\/\/semmelweis.hu\/alumni\/files\/2019\/09\/karacsonyikoncert_sote_plakat.jpg 1200w\" sizes=\"auto, (max-width: 724px) 100vw, 724px\" \/><\/a><\/p>\n","protected":false},"excerpt":{"rendered":"<p>Kar\u00e1csonyi J\u00f3t\u00e9konys\u00e1gi Koncert a Semmelweisen! Id\u00e9n december 7-\u00e9n a NET d\u00edszterm\u00e9be is k\u00f6lt\u00f6zik egy kis kar\u00e1csonyi szellem a Golgota Gospel K\u00f3rus j\u00f3volt\u00e1b\u00f3l. \u00c9ld \u00e1t te is az \u00e9rzelmekt\u0151l \u00e1tf\u0171t\u00f6tt gospel var\u00e1zs\u00e1t \u00e9s hangol\u00f3dj vel\u00fcnk az \u00fcnnepekre! A koncert folyam\u00e1n j\u00f3t\u00e9konys\u00e1gi adom\u00e1nygy\u0171jt\u00e9st szervez\u00fcnk melyb\u0151l befolyt \u00f6sszeget az Alumni \u00d6szt\u00f6nd\u00edj megalap\u00edt\u00e1s\u00e1ra ford\u00edtjuk! A koncert ingyenes \u00e1m regisztr\u00e1ci\u00f3hoz &hellip;<\/p>\n","protected":false},"author":101158,"featured_media":0,"parent":1130,"menu_order":0,"comment_status":"closed","ping_status":"closed","template":"","meta":{"_acf_changed":false,"footnotes":""},"categories":[],"tags":[],"class_list":["post-104","page","type-page","status-publish","hentry"],"acf":[],"publishpress_future_action":{"enabled":false,"date":"1970-01-01 01:00:00","action":"","terms":[],"taxonomy":"","browser_timezone_offset":0},"_links":{"self":[{"href":"https:\/\/semmelweis.hu\/alumni\/wp-json\/wp\/v2\/pages\/104","targetHints":{"allow":["GET"]}}],"collection":[{"href":"https:\/\/semmelweis.hu\/alumni\/wp-json\/wp\/v2\/pages"}],"about":[{"href":"https:\/\/semmelweis.hu\/alumni\/wp-json\/wp\/v2\/types\/page"}],"author":[{"embeddable":true,"href":"https:\/\/semmelweis.hu\/alumni\/wp-json\/wp\/v2\/users\/101158"}],"replies":[{"embeddable":true,"href":"https:\/\/semmelweis.hu\/alumni\/wp-json\/wp\/v2\/comments?post=104"}],"version-history":[{"count":2,"href":"https:\/\/semmelweis.hu\/alumni\/wp-json\/wp\/v2\/pages\/104\/revisions"}],"predecessor-version":[{"id":677,"href":"https:\/\/semmelweis.hu\/alumni\/wp-json\/wp\/v2\/pages\/104\/revisions\/677"}],"up":[{"embeddable":true,"href":"https:\/\/semmelweis.hu\/alumni\/wp-json\/wp\/v2\/pages\/1130"}],"wp:attachment":[{"href":"https:\/\/semmelweis.hu\/alumni\/wp-json\/wp\/v2\/media?parent=104"}],"wp:term":[{"taxonomy":"category","embeddable":true,"href":"https:\/\/semmelweis.hu\/alumni\/wp-json\/wp\/v2\/categories?post=104"},{"taxonomy":"post_tag","embeddable":true,"href":"https:\/\/semmelweis.hu\/alumni\/wp-json\/wp\/v2\/tags?post=104"}],"curies":[{"name":"wp","href":"https:\/\/api.w.org\/{rel}","templated":true}]}}