{"id":2,"date":"2012-06-21T09:49:26","date_gmt":"2012-06-21T09:49:26","guid":{"rendered":"http:\/\/semmelweis-egyetem.hu\/allatkiserleti-bizottsag\/?page_id=2"},"modified":"2019-03-26T14:59:50","modified_gmt":"2019-03-26T13:59:50","slug":"ez-egy-minta-oldal","status":"publish","type":"page","link":"https:\/\/semmelweis.hu\/allatjoleti-bizottsag\/","title":{"rendered":"\u00c1ltal\u00e1nos inform\u00e1ci\u00f3"},"content":{"rendered":"<p><strong>A Szen\u00e1tus 2014. november 14-\u00e9n elfogadta Az Egyetemi \u00c1llatk\u00eds\u00e9rleti Bizotts\u00e1g nev\u00e9nek \u00e9s felel\u0151s szem\u00e9ly\u00e9nek m\u00f3dos\u00edt\u00e1s\u00e1r\u00f3l sz\u00f3l\u00f3 szen\u00e1tusi el\u0151terjeszt\u00e9st. A 148\/2014. (XI.14.) sz\u00e1m\u00fa szen\u00e1tusi hat\u00e1rozat szerint a bizotts\u00e1g neve \u201eSemmelweis Egyetem Munkahelyi \u00c1llatj\u00f3l\u00e9ti Bizotts\u00e1g\u201d- ra v\u00e1ltozott. A bizotts\u00e1g \u00e1llatv\u00e9delmi jogszab\u00e1lyok teljes\u00fcl\u00e9s\u00e9t biztos\u00edt\u00f3 felel\u0151s szem\u00e9ly a Semmelweis Egyetem Rektora.<\/strong><\/p>\n<p>Az Egyetemi \u00c1llatj\u00f3l\u00e9ti Bizotts\u00e1g m\u0171k\u00f6d\u00e9s\u00e9t el\u0151\u00edr\u00f3 t\u00f6rv\u00e9ny az 1998. XXVIII. t\u00f6rv\u00e9ny<br \/>\n&#8222;Az \u00e1llatok v\u00e9delm\u00e9r\u0151l \u00e9s k\u00edm\u00e9let\u00e9r\u0151l&#8221;.<\/p>\n<p>A Bizotts\u00e1g feladatai\u00a0 &#8211; a Korm\u00e1ny 40\/2013. (II. 14.) Korm\u00e1ny rendelet 39.\u00a0\u00a7 (1) alapj\u00e1n:<\/p>\n<p style=\"padding-left: 60px;\">a) az int\u00e9zm\u00e9ny \u00e1llatk\u00eds\u00e9rleti szab\u00e1lyzat\u00e1nak elk\u00e9sz\u00edt\u00e9se;<br \/>\nb) az int\u00e9zm\u00e9ny \u00e1llatk\u00eds\u00e9rleti szab\u00e1lyzata v\u00e9grehajt\u00e1s\u00e1nak ellen\u0151rz\u00e9se;<br \/>\nc) az int\u00e9zm\u00e9ny k\u00eds\u00e9rleteinek \u00e1llatj\u00f3l\u00e9ti fel\u00fcgyelete, bele\u00e9rtve azon elemek meghat\u00e1roz\u00e1s\u00e1t, amelyek r\u00e9v\u00e9n tov\u00e1bb fokozhat\u00f3 a helyettes\u00edt\u00e9s, cs\u00f6kkent\u00e9s \u00e9s t\u00f6k\u00e9letes\u00edt\u00e9s k\u00f6vetelm\u00e9ny\u00e9nek val\u00f3 megfelel\u00e9s;<br \/>\nd) az int\u00e9zm\u00e9nyben a k\u00eds\u00e9rlet vezet\u00e9s\u00e9re \u00e9s v\u00e9gz\u00e9s\u00e9re, az \u00e1llatok gondoz\u00e1s\u00e1ra jogosult szem\u00e9lyek oktat\u00e1s\u00e1nak, k\u00e9pz\u00e9s\u00e9nek szervez\u00e9se;<br \/>\ne) a 35. \u00a7 (3) \u00e9s (8) bekezd\u00e9s\u00e9ben eml\u00edtett vizsg\u00e1k lebonyol\u00edt\u00e1sa;<br \/>\nf) a tan\u00e1csad\u00e1s \u00e1llatj\u00f3l\u00e9ti k\u00e9rd\u00e9sekben a szem\u00e9lyzet sz\u00e1m\u00e1ra a k\u00f6vetkez\u0151 t\u00e9m\u00e1kban:<br \/>\nfa) az \u00e1llatok beszerz\u00e9s\u00e9t, elhelyez\u00e9s\u00e9t, gondoz\u00e1s\u00e1t \u00e9s felhaszn\u00e1l\u00e1s\u00e1t \u00e9rint\u0151 \u00e1llatj\u00f3l\u00e9ti k\u00e9rd\u00e9sek,<br \/>\nfb) a helyettes\u00edt\u00e9s, cs\u00f6kkent\u00e9s \u00e9s t\u00f6k\u00e9letes\u00edt\u00e9s k\u00f6vetelm\u00e9ny\u00e9nek alkalmaz\u00e1s\u00e1ra vonatkoz\u00f3 technikai \u00e9s tudom\u00e1nyos fejlem\u00e9nyek,<br \/>\nfc) az \u00e1llatok \u00fajb\u00f3li kihelyez\u00e9s\u00e9t el\u0151seg\u00edt\u0151 rendszerekkel kapcsolatban, bele\u00e9rtve a kihelyezend\u0151 \u00e1llatnak a k\u00f6z\u00f6ss\u00e9gbe val\u00f3 megfelel\u0151 visszailleszked\u00e9s\u00e9t is;<br \/>\ng) a k\u00eds\u00e9rletek 41. \u00a7 (2) bekezd\u00e9se szerinti el\u0151zetes j\u00f3v\u00e1hagy\u00e1sa.<\/p>\n","protected":false},"excerpt":{"rendered":"<p>A Szen\u00e1tus 2014. november 14-\u00e9n elfogadta Az Egyetemi \u00c1llatk\u00eds\u00e9rleti Bizotts\u00e1g nev\u00e9nek \u00e9s felel\u0151s szem\u00e9ly\u00e9nek m\u00f3dos\u00edt\u00e1s\u00e1r\u00f3l sz\u00f3l\u00f3 szen\u00e1tusi el\u0151terjeszt\u00e9st. A 148\/2014. (XI.14.) sz\u00e1m\u00fa szen\u00e1tusi hat\u00e1rozat szerint a bizotts\u00e1g neve \u201eSemmelweis Egyetem Munkahelyi \u00c1llatj\u00f3l\u00e9ti Bizotts\u00e1g\u201d- ra v\u00e1ltozott. A bizotts\u00e1g \u00e1llatv\u00e9delmi jogszab\u00e1lyok teljes\u00fcl\u00e9s\u00e9t biztos\u00edt\u00f3 felel\u0151s szem\u00e9ly a Semmelweis Egyetem Rektora. Az Egyetemi \u00c1llatj\u00f3l\u00e9ti Bizotts\u00e1g m\u0171k\u00f6d\u00e9s\u00e9t el\u0151\u00edr\u00f3 t\u00f6rv\u00e9ny az &hellip;<\/p>\n","protected":false},"author":100,"featured_media":0,"parent":0,"menu_order":0,"comment_status":"open","ping_status":"open","template":"","meta":{"_acf_changed":false,"footnotes":""},"categories":[],"tags":[],"class_list":["post-2","page","type-page","status-publish","hentry"],"acf":[],"_links":{"self":[{"href":"https:\/\/semmelweis.hu\/allatjoleti-bizottsag\/wp-json\/wp\/v2\/pages\/2","targetHints":{"allow":["GET"]}}],"collection":[{"href":"https:\/\/semmelweis.hu\/allatjoleti-bizottsag\/wp-json\/wp\/v2\/pages"}],"about":[{"href":"https:\/\/semmelweis.hu\/allatjoleti-bizottsag\/wp-json\/wp\/v2\/types\/page"}],"author":[{"embeddable":true,"href":"https:\/\/semmelweis.hu\/allatjoleti-bizottsag\/wp-json\/wp\/v2\/users\/100"}],"replies":[{"embeddable":true,"href":"https:\/\/semmelweis.hu\/allatjoleti-bizottsag\/wp-json\/wp\/v2\/comments?post=2"}],"version-history":[{"count":11,"href":"https:\/\/semmelweis.hu\/allatjoleti-bizottsag\/wp-json\/wp\/v2\/pages\/2\/revisions"}],"predecessor-version":[{"id":628,"href":"https:\/\/semmelweis.hu\/allatjoleti-bizottsag\/wp-json\/wp\/v2\/pages\/2\/revisions\/628"}],"wp:attachment":[{"href":"https:\/\/semmelweis.hu\/allatjoleti-bizottsag\/wp-json\/wp\/v2\/media?parent=2"}],"wp:term":[{"taxonomy":"category","embeddable":true,"href":"https:\/\/semmelweis.hu\/allatjoleti-bizottsag\/wp-json\/wp\/v2\/categories?post=2"},{"taxonomy":"post_tag","embeddable":true,"href":"https:\/\/semmelweis.hu\/allatjoleti-bizottsag\/wp-json\/wp\/v2\/tags?post=2"}],"curies":[{"name":"wp","href":"https:\/\/api.w.org\/{rel}","templated":true}]}}

Általános információ

<p><strong>A Szenátus 2014. november 14-én elfogadta Az Egyetemi Állatkísérleti Bizottság nevének és felelős személyének módosításáról szóló szenátusi előterjesztést. A 148/2014. (XI.14.) számú szenátusi határozat szerint a bizottság neve „Semmelweis Egyetem Munkahelyi Állatjóléti Bizottság”- ra változott. A bizottság állatvédelmi jogszabályok teljesülését biztosító felelős személy a Semmelweis Egyetem Rektora.</strong></p>
<p>Az Egyetemi Állatjóléti Bizottság működését előíró törvény az 1998. XXVIII. törvény<br />
&#8222;Az állatok védelméről és kíméletéről&#8221;.</p>
<p>A Bizottság feladatai  &#8211; a Kormány 40/2013. (II. 14.) Kormány rendelet 39. § (1) alapján:</p>
<p style="padding-left: 60px;">a) az intézmény állatkísérleti szabályzatának elkészítése;<br />
b) az intézmény állatkísérleti szabályzata végrehajtásának ellenőrzése;<br />
c) az intézmény kísérleteinek állatjóléti felügyelete, beleértve azon elemek meghatározását, amelyek révén tovább fokozható a helyettesítés, csökkentés és tökéletesítés követelményének való megfelelés;<br />
d) az intézményben a kísérlet vezetésére és végzésére, az állatok gondozására jogosult személyek oktatásának, képzésének szervezése;<br />
e) a 35. § (3) és (8) bekezdésében említett vizsgák lebonyolítása;<br />
f) a tanácsadás állatjóléti kérdésekben a személyzet számára a következő témákban:<br />
fa) az állatok beszerzését, elhelyezését, gondozását és felhasználását érintő állatjóléti kérdések,<br />
fb) a helyettesítés, csökkentés és tökéletesítés követelményének alkalmazására vonatkozó technikai és tudományos fejlemények,<br />
fc) az állatok újbóli kihelyezését elősegítő rendszerekkel kapcsolatban, beleértve a kihelyezendő állatnak a közösségbe való megfelelő visszailleszkedését is;<br />
g) a kísérletek 41. § (2) bekezdése szerinti előzetes jóváhagyása.</p>

<p>A Szenátus 2014. november 14-én elfogadta Az Egyetemi Állatkísérleti Bizottság nevének és felelős személyének módosításáról szóló szenátusi előterjesztést. A 148/2014. (XI.14.) számú szenátusi határozat szerint a bizottság neve „Semmelweis Egyetem Munkahelyi Állatjóléti Bizottság”- ra változott. A bizottság állatvédelmi jogszabályok teljesülését biztosító felelős személy a Semmelweis Egyetem Rektora. Az Egyetemi Állatjóléti Bizottság működését előíró törvény az &hellip;</p>
