{"id":13,"date":"2013-03-19T09:48:37","date_gmt":"2013-03-19T09:48:37","guid":{"rendered":"http:\/\/semmelweis-egyetem.hu\/allatkiserleti-bizottsag\/?page_id=13"},"modified":"2025-10-06T20:24:23","modified_gmt":"2025-10-06T18:24:23","slug":"letoltesek","status":"publish","type":"page","link":"https:\/\/semmelweis.hu\/allatjoleti-bizottsag\/letoltesek\/","title":{"rendered":"Let\u00f6lt\u00e9sek"},"content":{"rendered":"<p>&nbsp;<\/p>\n<p><strong>A 2013. \u00e1prilis 15-\u00e9n \u00e9letbe l\u00e9pett 40\/2013-as Korm\u00e1nyrendelet alapj\u00e1n az \u00e1llatk\u00eds\u00e9rletek enged\u00e9lyez\u00e9s\u00e9hez sz\u00fcks\u00e9ges adatszolg\u00e1ltat\u00e1s megv\u00e1ltozott. K\u00e9rj\u00fck az al\u00e1bbi k\u00e9r\u0151lapok \u00a0k\u00f6z\u00fcl az ig\u00e9ny\u00e9nek megfelel\u0151t t\u00f6ltse le \u00e9s kit\u00f6ltve juttassa el a Munkahelyi \u00c1llatj\u00f3l\u00e9ti Bizotts\u00e1ghoz a <span style=\"color: #ff0000\">mab@semmelweis.hu<\/span> e-mail c\u00edmre!<\/strong><\/p>\n<p>Az \u00c1llatk\u00eds\u00e9rleti Tudom\u00e1nyos Etikai Tan\u00e1cs felh\u00edvta a figyelmet arra, hogy a nem szakmai \u00f6sszefoglal\u00f3t <em><strong>laikusok sz\u00e1m\u00e1ra is \u00e9rthet\u0151 nyelvezettel<\/strong>,<\/em> a jogszab\u00e1lyban el\u0151\u00edrt tartalmi elemeket figyelembe v\u00e9ve kell elk\u00e9sz\u00edteni. (Lsd. 40\/2013 (II.14.) Korm\u00e1nyrendelet 45.\u00a0\u00a7). A k\u00e9rv\u00e9ny meg\u00edr\u00e1sa sor\u00e1n emelj\u00e9k ki a <strong><em>k\u00f6rnyezetgazdag\u00edt\u00e1s<\/em> \u00e9s a <em>3R<\/em> <\/strong>(cs\u00f6kkent\u00e9s, helyettes\u00edt\u00e9s \u00e9s t\u00f6k\u00e9letes\u00edt\u00e9s) teljes\u00edt\u00e9s\u00e9nek m\u00f3dj\u00e1t!<\/p>\n<p>K\u00e9rj\u00fck, hogy az elk\u00e9sz\u00fclt projektk\u00e9rv\u00e9nyeket minden h\u00f3nap 20-ig k\u00fcldj\u00e9k el, hogy a M\u00c1B tagok \u00e1t tudj\u00e1k n\u00e9zni, legyen id\u0151 az esetleges jav\u00edt\u00e1sokra miel\u0151tt tov\u00e1bb\u00edt\u00e1sra ker\u00fcl az \u00c1TET fel\u00e9.<\/p>\n<p>A tov\u00e1bbk\u00e9pz\u0151 kurzuson elhangozott el\u0151ad\u00e1s diasora a projekt enged\u00e9lyk\u00e9r\u00e9s formai \u00e9s tartalmi k\u00f6vetelm\u00e9nyeihez<span style=\"color: #ff0000\"><a href=\"https:\/\/semmelweis.hu\/allatjoleti-bizottsag\/files\/2015\/12\/M\u00c1B-enged\u00e9lyek-formai-\u00e9s-tartalmi-k\u00f6vetelm\u00e9nyei-honlapra.pptx\" target=\"_blank\" rel=\"noopener noreferrer\"> itt <\/a><\/span>t\u00f6lthet\u0151 le.<\/p>\n<p>Az <span style=\"color: #ff0000\"><strong><a href=\"https:\/\/semmelweis.hu\/allatjoleti-bizottsag\/files\/2025\/10\/Egyetemi-urlap-uj-projekthez-2025-2.docx\">\u00faj projektekhez enged\u00e9lyk\u00e9r\u0151 lap <\/a><\/strong><\/span>innen t\u00f6lthet\u0151 le. Figyelem! A k\u00e9rv\u00e9ny form\u00e1tuma 2025. okt\u00f3berben meg\u00fajult. 2021. m\u00e1jus 26-t\u00f3l az <a href=\"https:\/\/semmelweis.hu\/allatjoleti-bizottsag\/files\/2023\/06\/NTS_template_version_UJ-202306-EZ-KELL-KITOLTENI-linkekkel.xlsx\"><span style=\"color: #ff0000\">itt let\u00f6lthet\u0151 excel t\u00e1bl\u00e1zat<\/span><\/a> kit\u00f6lt\u00e9se helyettes\u00edti a kor\u00e1bbi nem szakmai jelleg\u0171 \u00f6sszefoglal\u00f3t. A projektk\u00e9rv\u00e9ny beny\u00fajt\u00e1sakor ne feledj\u00e9k csatolni a kit\u00f6lt\u00f6tt t\u00e1bl\u00e1zatot is. Ha a projektben GMO \u00e1llatok ker\u00fclnek felhaszn\u00e1l\u00e1hoz seg\u00edts\u00e9get ny\u00fajt a: <span style=\"color: #ff0000\"><a href=\"https:\/\/semmelweis.hu\/allatjoleti-bizottsag\/files\/2022\/09\/ATET_GM-utmutato.doc\">&#8222;Seg\u00edts\u00e9g a GMO \u00e1llatok projektben t\u00f6rt\u00e9n\u0151 felhaszn\u00e1l\u00e1s\u00e1hoz&#8221;<\/a> <\/span>dokumentum.\u00a0<\/p>\n<p>A<a href=\"https:\/\/semmelweis.hu\/allatjoleti-bizottsag\/files\/2020\/10\/Egyetemi-\u0171rlap-projekt-m\u00f3dos\u00edt\u00e1s-2020.docx\"><span style=\"color: #ff0000\"> <span style=\"color: #ff0000\">projekt m\u00f3dos\u00edt\u00e1shoz a k\u00e9relem<\/span>\u00a0<\/span><\/a>innen t\u00f6lthet\u0151 le.<\/p>\n<p>A <a href=\"https:\/\/semmelweis.hu\/allatjoleti-bizottsag\/files\/2020\/10\/Egyetemi-\u0171rlap-projekt-hosszabb\u00edt\u00e1s-2020.docx\"><span style=\"color: #ff0000\"><span style=\"color: #ff0000\">projekt meghosszabb\u00edt\u00e1s\u00e1hoz a k\u00e9relem<\/span>\u00a0<\/span><\/a>innen t\u00f6lthet\u0151 le.<\/p>\n<p>A <span style=\"color: #ff0000\"><a href=\"https:\/\/semmelweis.hu\/allatjoleti-bizottsag\/files\/2020\/10\/Egyetemi-\u0171rlap-projekt-meg\u00faj\u00edt\u00e1s-2020.docx\">projekt meg\u00faj\u00edt\u00e1shoz a k\u00e9relem<\/a>\u00a0<\/span>innen t\u00f6lthet\u0151 le.<\/p>\n<p>Ha a projektben visszahat\u00f3 hat\u00e1ly\u00fa \u00e9rt\u00e9kel\u00e9sre is sor ker\u00fcl, akkor egy Eur\u00f3piai Uni\u00f3 el\u0151\u00edr\u00e1sainak megfelel\u0151 t\u00e1bl\u00e1zat kit\u00f6lt\u00e9se sz\u00fcks\u00e9ges. <a href=\"https:\/\/semmelweis.hu\/allatjoleti-bizottsag\/files\/2024\/02\/visszamenoleges-ures.xlsx\"><span style=\"color: #ff0000\">A visszamen\u0151leges \u00e9rt\u00e9kel\u00e9s t\u00e1bl\u00e1zata innen t\u00f6lthet\u0151 le.<\/span><\/a><\/p>\n<p>A nem szakmai jelleg\u0171 \u00f6sszefoglal\u00f3k a N\u00c9BIH honlapj\u00e1n olvashat\u00f3k:<\/p>\n<p>https:\/\/portal.nebih.gov.hu\/-\/allatkiserletek<\/p>\n<p>&nbsp;<\/p>\n","protected":false},"excerpt":{"rendered":"<p>&nbsp; A 2013. \u00e1prilis 15-\u00e9n \u00e9letbe l\u00e9pett 40\/2013-as Korm\u00e1nyrendelet alapj\u00e1n az \u00e1llatk\u00eds\u00e9rletek enged\u00e9lyez\u00e9s\u00e9hez sz\u00fcks\u00e9ges adatszolg\u00e1ltat\u00e1s megv\u00e1ltozott. K\u00e9rj\u00fck az al\u00e1bbi k\u00e9r\u0151lapok \u00a0k\u00f6z\u00fcl az ig\u00e9ny\u00e9nek megfelel\u0151t t\u00f6ltse le \u00e9s kit\u00f6ltve juttassa el a Munkahelyi \u00c1llatj\u00f3l\u00e9ti Bizotts\u00e1ghoz a mab@semmelweis.hu e-mail c\u00edmre! Az \u00c1llatk\u00eds\u00e9rleti Tudom\u00e1nyos Etikai Tan\u00e1cs felh\u00edvta a figyelmet arra, hogy a nem szakmai \u00f6sszefoglal\u00f3t laikusok sz\u00e1m\u00e1ra is &hellip;<\/p>\n","protected":false},"author":12,"featured_media":0,"parent":0,"menu_order":0,"comment_status":"closed","ping_status":"closed","template":"","meta":{"_acf_changed":false,"footnotes":""},"categories":[],"tags":[],"class_list":["post-13","page","type-page","status-publish","hentry"],"acf":[],"_links":{"self":[{"href":"https:\/\/semmelweis.hu\/allatjoleti-bizottsag\/wp-json\/wp\/v2\/pages\/13","targetHints":{"allow":["GET"]}}],"collection":[{"href":"https:\/\/semmelweis.hu\/allatjoleti-bizottsag\/wp-json\/wp\/v2\/pages"}],"about":[{"href":"https:\/\/semmelweis.hu\/allatjoleti-bizottsag\/wp-json\/wp\/v2\/types\/page"}],"author":[{"embeddable":true,"href":"https:\/\/semmelweis.hu\/allatjoleti-bizottsag\/wp-json\/wp\/v2\/users\/12"}],"replies":[{"embeddable":true,"href":"https:\/\/semmelweis.hu\/allatjoleti-bizottsag\/wp-json\/wp\/v2\/comments?post=13"}],"version-history":[{"count":11,"href":"https:\/\/semmelweis.hu\/allatjoleti-bizottsag\/wp-json\/wp\/v2\/pages\/13\/revisions"}],"predecessor-version":[{"id":1069,"href":"https:\/\/semmelweis.hu\/allatjoleti-bizottsag\/wp-json\/wp\/v2\/pages\/13\/revisions\/1069"}],"wp:attachment":[{"href":"https:\/\/semmelweis.hu\/allatjoleti-bizottsag\/wp-json\/wp\/v2\/media?parent=13"}],"wp:term":[{"taxonomy":"category","embeddable":true,"href":"https:\/\/semmelweis.hu\/allatjoleti-bizottsag\/wp-json\/wp\/v2\/categories?post=13"},{"taxonomy":"post_tag","embeddable":true,"href":"https:\/\/semmelweis.hu\/allatjoleti-bizottsag\/wp-json\/wp\/v2\/tags?post=13"}],"curies":[{"name":"wp","href":"https:\/\/api.w.org\/{rel}","templated":true}]}}

Letöltések

<p>&nbsp;</p>
<p><strong>A 2013. április 15-én életbe lépett 40/2013-as Kormányrendelet alapján az állatkísérletek engedélyezéséhez szükséges adatszolgáltatás megváltozott. Kérjük az alábbi kérőlapok  közül az igényének megfelelőt töltse le és kitöltve juttassa el a Munkahelyi Állatjóléti Bizottsághoz a <span style="color: #ff0000">mab@semmelweis.hu</span> e-mail címre!</strong></p>
<p>Az Állatkísérleti Tudományos Etikai Tanács felhívta a figyelmet arra, hogy a nem szakmai összefoglalót <em><strong>laikusok számára is érthető nyelvezettel</strong>,</em> a jogszabályban előírt tartalmi elemeket figyelembe véve kell elkészíteni. (Lsd. 40/2013 (II.14.) Kormányrendelet 45. §). A kérvény megírása során emeljék ki a <strong><em>környezetgazdagítás</em> és a <em>3R</em> </strong>(csökkentés, helyettesítés és tökéletesítés) teljesítésének módját!</p>
<p>Kérjük, hogy az elkészült projektkérvényeket minden hónap 20-ig küldjék el, hogy a MÁB tagok át tudják nézni, legyen idő az esetleges javításokra mielőtt továbbításra kerül az ÁTET felé.</p>
<p>A továbbképző kurzuson elhangozott előadás diasora a projekt engedélykérés formai és tartalmi követelményeihez<span style="color: #ff0000"><a href="https://semmelweis.hu/allatjoleti-bizottsag/files/2015/12/MÁB-engedélyek-formai-és-tartalmi-követelményei-honlapra.pptx" target="_blank" rel="noopener noreferrer"> itt </a></span>tölthető le.</p>
<p>Az <span style="color: #ff0000"><strong><a href="https://semmelweis.hu/allatjoleti-bizottsag/files/2025/10/Egyetemi-urlap-uj-projekthez-2025-2.docx">új projektekhez engedélykérő lap </a></strong></span>innen tölthető le. Figyelem! A kérvény formátuma 2025. októberben megújult. 2021. május 26-tól az <a href="https://semmelweis.hu/allatjoleti-bizottsag/files/2023/06/NTS_template_version_UJ-202306-EZ-KELL-KITOLTENI-linkekkel.xlsx"><span style="color: #ff0000">itt letölthető excel táblázat</span></a> kitöltése helyettesíti a korábbi nem szakmai jellegű összefoglalót. A projektkérvény benyújtásakor ne feledjék csatolni a kitöltött táblázatot is. Ha a projektben GMO állatok kerülnek felhasználához segítséget nyújt a: <span style="color: #ff0000"><a href="https://semmelweis.hu/allatjoleti-bizottsag/files/2022/09/ATET_GM-utmutato.doc">&#8222;Segítség a GMO állatok projektben történő felhasználásához&#8221;</a> </span>dokumentum. </p>
<p>A<a href="https://semmelweis.hu/allatjoleti-bizottsag/files/2020/10/Egyetemi-űrlap-projekt-módosítás-2020.docx"><span style="color: #ff0000"> <span style="color: #ff0000">projekt módosításhoz a kérelem</span> </span></a>innen tölthető le.</p>
<p>A <a href="https://semmelweis.hu/allatjoleti-bizottsag/files/2020/10/Egyetemi-űrlap-projekt-hosszabbítás-2020.docx"><span style="color: #ff0000"><span style="color: #ff0000">projekt meghosszabbításához a kérelem</span> </span></a>innen tölthető le.</p>
<p>A <span style="color: #ff0000"><a href="https://semmelweis.hu/allatjoleti-bizottsag/files/2020/10/Egyetemi-űrlap-projekt-megújítás-2020.docx">projekt megújításhoz a kérelem</a> </span>innen tölthető le.</p>
<p>Ha a projektben visszaható hatályú értékelésre is sor kerül, akkor egy Európiai Unió előírásainak megfelelő táblázat kitöltése szükséges. <a href="https://semmelweis.hu/allatjoleti-bizottsag/files/2024/02/visszamenoleges-ures.xlsx"><span style="color: #ff0000">A visszamenőleges értékelés táblázata innen tölthető le.</span></a></p>
<p>A nem szakmai jellegű összefoglalók a NÉBIH honlapján olvashatók:</p>
<p>https://portal.nebih.gov.hu/-/allatkiserletek</p>
<p>&nbsp;</p>

<p>&nbsp; A 2013. április 15-én életbe lépett 40/2013-as Kormányrendelet alapján az állatkísérletek engedélyezéséhez szükséges adatszolgáltatás megváltozott. Kérjük az alábbi kérőlapok  közül az igényének megfelelőt töltse le és kitöltve juttassa el a Munkahelyi Állatjóléti Bizottsághoz a mab@semmelweis.hu e-mail címre! Az Állatkísérleti Tudományos Etikai Tanács felhívta a figyelmet arra, hogy a nem szakmai összefoglalót laikusok számára is &hellip;</p>
