{"id":500,"date":"2022-10-14T13:19:18","date_gmt":"2022-10-14T11:19:18","guid":{"rendered":"https:\/\/semmelweis.hu\/alkalmazottitanacs\/?page_id=500"},"modified":"2025-03-27T15:27:51","modified_gmt":"2025-03-27T14:27:51","slug":"tagok-tisztsegviselok","status":"publish","type":"page","link":"https:\/\/semmelweis.hu\/alkalmazottitanacs\/mi-az-alkalmazotti-tanacs\/tagok-tisztsegviselok\/","title":{"rendered":"Tagok, tiszts\u00e9gvisel\u0151k"},"content":{"rendered":"\n<table id=\"tablepress-9\" class=\"tablepress tablepress-id-9\">\n<thead>\n<tr class=\"row-1\">\n\t<th class=\"column-1\">N\u00c9V<\/th><th class=\"column-2\">TISZTS\u00c9GEK<\/th><th class=\"column-3\">E-MAIL C\u00cdM<\/th>\n<\/tr>\n<\/thead>\n<tbody class=\"row-striping row-hover\">\n<tr class=\"row-2\">\n\t<td class=\"column-1\">Dr. \u00c9l\u0151 G\u00e1bor <\/td><td class=\"column-2\">Eln\u00f6k<\/td><td class=\"column-3\">elo.gabor@semmelweis.hu<\/td>\n<\/tr>\n<tr class=\"row-3\">\n\t<td class=\"column-1\">Arany Zolt\u00e1nn\u00e9<\/td><td class=\"column-2\">aleln\u00f6k<\/td><td class=\"column-3\">arany.zoltanne@semmelweis.hu<\/td>\n<\/tr>\n<tr class=\"row-4\">\n\t<td class=\"column-1\">Dr. Berki Zolt\u00e1n<\/td><td class=\"column-2\">aleln\u00f6k<\/td><td class=\"column-3\">berki.zoltan@semmelweis.hu<\/td>\n<\/tr>\n<tr class=\"row-5\">\n\t<td class=\"column-1\">Horv\u00e1th Bal\u00e1zs <\/td><td class=\"column-2\">tag<\/td><td class=\"column-3\">horvath.balazs@semmelweis.hu<\/td>\n<\/tr>\n<tr class=\"row-6\">\n\t<td class=\"column-1\">Dr. Kiss S\u00e1ndor <\/td><td class=\"column-2\">tag<\/td><td class=\"column-3\">kiss.sandor@semmelweis.hu<\/td>\n<\/tr>\n<tr class=\"row-7\">\n\t<td class=\"column-1\">Dr. Lotz G\u00e1bor<\/td><td class=\"column-2\">tag<\/td><td class=\"column-3\">lotz.gabor@semmelweis.hu<\/td>\n<\/tr>\n<tr class=\"row-8\">\n\t<td class=\"column-1\">Dr. P\u00e1pai Tibor<\/td><td class=\"column-2\">tag<\/td><td class=\"column-3\">papai.tibor@semmelweis.hu<\/td>\n<\/tr>\n<tr class=\"row-9\">\n\t<td class=\"column-1\">Dr. Szili Bal\u00e1zs <\/td><td class=\"column-2\">tag <\/td><td class=\"column-3\">szili.balazs@semmelweis.hu<\/td>\n<\/tr>\n<tr class=\"row-10\">\n\t<td class=\"column-1\">Dr. Szirmai \u00c1gnes <\/td><td class=\"column-2\">tag<\/td><td class=\"column-3\">szirmai.agnes@semmelweis.hu<\/td>\n<\/tr>\n<tr class=\"row-11\">\n\t<td class=\"column-1\">T\u00f3dorn\u00e9 Bogn\u00e1r Krisztina<\/td><td class=\"column-2\">tag<\/td><td class=\"column-3\">bognar.krisztina@semmelweis.hu<\/td>\n<\/tr>\n<tr class=\"row-12\">\n\t<td class=\"column-1\">Dr. T\u00f3thn\u00e9 K\u00f3nya Korn\u00e9lia<\/td><td class=\"column-2\">tag<\/td><td class=\"column-3\">konya.kornelia@semmelweis.hu<\/td>\n<\/tr>\n<tr class=\"row-13\">\n\t<td class=\"column-1\">Valyon Beatrix<\/td><td class=\"column-2\">titk\u00e1r<\/td><td class=\"column-3\">valyon.beatrix@semmelweis.hu<\/td>\n<\/tr>\n<tr class=\"row-14\">\n\t<td class=\"column-1\">Dr. Weltner J\u00e1nos <\/td><td class=\"column-2\">tag<\/td><td class=\"column-3\">weltner.janos@semmelweis.hu<\/td>\n<\/tr>\n<tr class=\"row-15\">\n\t<td class=\"column-1\">Brinza Be\u00e1ta<\/td><td class=\"column-2\">p\u00f3ttag <\/td><td class=\"column-3\">brinza.beata@semmelweis.hu<\/td>\n<\/tr>\n<tr class=\"row-16\">\n\t<td class=\"column-1\">Horv\u00e1thn\u00e9 Oszwald Erzs\u00e9bet <\/td><td class=\"column-2\">p\u00f3ttag<\/td><td class=\"column-3\">oszwald.erzsebet@semmelweis.hu<\/td>\n<\/tr>\n<tr class=\"row-17\">\n\t<td class=\"column-1\">Leszt\u00e1k \u00c9va <\/td><td class=\"column-2\">p\u00f3ttag<\/td><td class=\"column-3\">lesztak.eva@semmelweis.hu<\/td>\n<\/tr>\n<\/tbody>\n<\/table>\n<!-- #tablepress-9 from cache -->\n","protected":false},"excerpt":{"rendered":"","protected":false},"author":8,"featured_media":0,"parent":597,"menu_order":0,"comment_status":"closed","ping_status":"closed","template":"template-fullwidth.php","meta":{"_acf_changed":false,"footnotes":""},"categories":[],"tags":[],"class_list":["post-500","page","type-page","status-publish","hentry"],"acf":[],"_links":{"self":[{"href":"https:\/\/semmelweis.hu\/alkalmazottitanacs\/wp-json\/wp\/v2\/pages\/500","targetHints":{"allow":["GET"]}}],"collection":[{"href":"https:\/\/semmelweis.hu\/alkalmazottitanacs\/wp-json\/wp\/v2\/pages"}],"about":[{"href":"https:\/\/semmelweis.hu\/alkalmazottitanacs\/wp-json\/wp\/v2\/types\/page"}],"author":[{"embeddable":true,"href":"https:\/\/semmelweis.hu\/alkalmazottitanacs\/wp-json\/wp\/v2\/users\/8"}],"replies":[{"embeddable":true,"href":"https:\/\/semmelweis.hu\/alkalmazottitanacs\/wp-json\/wp\/v2\/comments?post=500"}],"version-history":[{"count":3,"href":"https:\/\/semmelweis.hu\/alkalmazottitanacs\/wp-json\/wp\/v2\/pages\/500\/revisions"}],"predecessor-version":[{"id":613,"href":"https:\/\/semmelweis.hu\/alkalmazottitanacs\/wp-json\/wp\/v2\/pages\/500\/revisions\/613"}],"up":[{"embeddable":true,"href":"https:\/\/semmelweis.hu\/alkalmazottitanacs\/wp-json\/wp\/v2\/pages\/597"}],"wp:attachment":[{"href":"https:\/\/semmelweis.hu\/alkalmazottitanacs\/wp-json\/wp\/v2\/media?parent=500"}],"wp:term":[{"taxonomy":"category","embeddable":true,"href":"https:\/\/semmelweis.hu\/alkalmazottitanacs\/wp-json\/wp\/v2\/categories?post=500"},{"taxonomy":"post_tag","embeddable":true,"href":"https:\/\/semmelweis.hu\/alkalmazottitanacs\/wp-json\/wp\/v2\/tags?post=500"}],"curies":[{"name":"wp","href":"https:\/\/api.w.org\/{rel}","templated":true}]}}