{"id":498,"date":"2022-10-14T13:17:13","date_gmt":"2022-10-14T11:17:13","guid":{"rendered":"https:\/\/semmelweis.hu\/alkalmazottitanacs\/?page_id=498"},"modified":"2025-03-27T14:53:59","modified_gmt":"2025-03-27T13:53:59","slug":"delegaltak","status":"publish","type":"page","link":"https:\/\/semmelweis.hu\/alkalmazottitanacs\/mi-az-alkalmazotti-tanacs\/delegaltak\/","title":{"rendered":"Deleg\u00e1ltak"},"content":{"rendered":"<p><strong>Bizotts\u00e1g: <\/strong>Min\u0151s\u00e9gfejleszt\u00e9si \u00e9s Min\u0151s\u00e9g\u00e9rt\u00e9kel\u0151 Bizotts\u00e1g<br \/>\n<strong>AT deleg\u00e1lt: <\/strong>Dr. \u00c9l\u0151 G\u00e1bor<\/p>\n<hr \/>\n<p><strong>Bizotts\u00e1g: <\/strong>K\u00fcls\u0151 Kutat\u00e1si Munk\u00e1kat V\u00e9lem\u00e9nyez\u0151 Bizotts\u00e1g<br \/>\n<strong>AT deleg\u00e1lt: <\/strong>T\u00f3dorn\u00e9 Bogn\u00e1r Krisztina<\/p>\n<hr \/>\n<p><strong>Bizotts\u00e1g: <\/strong>Egyetemi Es\u00e9lyegyenl\u0151s\u00e9gi Bizotts\u00e1g<br \/>\n<strong>AT deleg\u00e1lt: <\/strong>Dr. Weltner J\u00e1nos<\/p>\n<hr \/>\n<p><strong>Bizotts\u00e1g: <\/strong>Klinikai K\u00f6zpont Tan\u00e1cs<br \/>\n<strong>AT deleg\u00e1lt: <\/strong>T\u00f3dorn\u00e9 Bogn\u00e1r Krisztina<\/p>\n<hr \/>\n<p><strong>Bizotts\u00e1g: <\/strong>SE Munkahelyi \u00c1llatj\u00f3l\u00e9ti Bizotts\u00e1g<br \/>\n<strong>AT deleg\u00e1lt: <\/strong>Horv\u00e1th Bal\u00e1zs<\/p>\n<hr \/>\n<p><strong>Bizotts\u00e1g: <\/strong>SE Etikai Bizotts\u00e1g<br \/>\n<strong>AT deleg\u00e1lt: <\/strong>Dr. Weltner J\u00e1nos<\/p>\n<hr \/>\n<p><strong>Bizotts\u00e1g: <\/strong>Szoci\u00e1lis Kr\u00edzisalap Bizotts\u00e1g<strong><br \/>\n<\/strong><strong>AT deleg\u00e1lt: <\/strong>Horv\u00e1th Bal\u00e1zs<\/p>\n<hr \/>\n<p><strong>Bizotts\u00e1g: <\/strong>Lak\u00e1st\u00e1mogat\u00e1s Bizotts\u00e1g<strong><br \/>\n<\/strong><strong>AT deleg\u00e1lt: <\/strong>T\u00f3dorn\u00e9 Bogn\u00e1r Krisztina<\/p>\n<hr \/>\n<h2>Kari Tan\u00e1csok<\/h2>\n<p>\u00c1OK Kari Tan\u00e1cs<br \/>\n<strong>AT deleg\u00e1lt: <\/strong>Dr. Lotz G\u00e1bor<\/p>\n<hr \/>\n<p>EKK Kari Tan\u00e1cs<br \/>\n<strong>AT deleg\u00e1lt: <\/strong>Dr. Berki Zolt\u00e1n<\/p>\n<hr \/>\n<p>ETK Kari Tan\u00e1cs<br \/>\n<strong>AT deleg\u00e1lt: <\/strong>Dr. P\u00e1pai Tibor<\/p>\n<hr \/>\n<p>FOK Kari Tan\u00e1cs<br \/>\n<strong>AT deleg\u00e1lt: <\/strong>Valyon Beatrix<\/p>\n<hr \/>\n<p>GYTK Kari Tan\u00e1cs<br \/>\n<strong>AT deleg\u00e1lt: <\/strong>Valyon Beatrix<\/p>\n<hr \/>\n<p>PAK Kari Tan\u00e1cs<br \/>\n<strong>AT deleg\u00e1lt: <\/strong>Horv\u00e1th Bal\u00e1zs<\/p>\n","protected":false},"excerpt":{"rendered":"<p>Bizotts\u00e1g: Min\u0151s\u00e9gfejleszt\u00e9si \u00e9s Min\u0151s\u00e9g\u00e9rt\u00e9kel\u0151 Bizotts\u00e1g AT deleg\u00e1lt: Dr. \u00c9l\u0151 G\u00e1bor Bizotts\u00e1g: K\u00fcls\u0151 Kutat\u00e1si Munk\u00e1kat V\u00e9lem\u00e9nyez\u0151 Bizotts\u00e1g AT deleg\u00e1lt: T\u00f3dorn\u00e9 Bogn\u00e1r Krisztina Bizotts\u00e1g: Egyetemi Es\u00e9lyegyenl\u0151s\u00e9gi Bizotts\u00e1g AT deleg\u00e1lt: Dr. Weltner J\u00e1nos Bizotts\u00e1g: Klinikai K\u00f6zpont Tan\u00e1cs AT deleg\u00e1lt: T\u00f3dorn\u00e9 Bogn\u00e1r Krisztina Bizotts\u00e1g: SE Munkahelyi \u00c1llatj\u00f3l\u00e9ti Bizotts\u00e1g AT deleg\u00e1lt: Horv\u00e1th Bal\u00e1zs Bizotts\u00e1g: SE Etikai Bizotts\u00e1g AT deleg\u00e1lt: Dr. &hellip;<\/p>\n","protected":false},"author":8,"featured_media":0,"parent":597,"menu_order":1,"comment_status":"closed","ping_status":"closed","template":"","meta":{"_acf_changed":false,"footnotes":""},"categories":[],"tags":[],"class_list":["post-498","page","type-page","status-publish","hentry"],"acf":[],"_links":{"self":[{"href":"https:\/\/semmelweis.hu\/alkalmazottitanacs\/wp-json\/wp\/v2\/pages\/498","targetHints":{"allow":["GET"]}}],"collection":[{"href":"https:\/\/semmelweis.hu\/alkalmazottitanacs\/wp-json\/wp\/v2\/pages"}],"about":[{"href":"https:\/\/semmelweis.hu\/alkalmazottitanacs\/wp-json\/wp\/v2\/types\/page"}],"author":[{"embeddable":true,"href":"https:\/\/semmelweis.hu\/alkalmazottitanacs\/wp-json\/wp\/v2\/users\/8"}],"replies":[{"embeddable":true,"href":"https:\/\/semmelweis.hu\/alkalmazottitanacs\/wp-json\/wp\/v2\/comments?post=498"}],"version-history":[{"count":12,"href":"https:\/\/semmelweis.hu\/alkalmazottitanacs\/wp-json\/wp\/v2\/pages\/498\/revisions"}],"predecessor-version":[{"id":880,"href":"https:\/\/semmelweis.hu\/alkalmazottitanacs\/wp-json\/wp\/v2\/pages\/498\/revisions\/880"}],"up":[{"embeddable":true,"href":"https:\/\/semmelweis.hu\/alkalmazottitanacs\/wp-json\/wp\/v2\/pages\/597"}],"wp:attachment":[{"href":"https:\/\/semmelweis.hu\/alkalmazottitanacs\/wp-json\/wp\/v2\/media?parent=498"}],"wp:term":[{"taxonomy":"category","embeddable":true,"href":"https:\/\/semmelweis.hu\/alkalmazottitanacs\/wp-json\/wp\/v2\/categories?post=498"},{"taxonomy":"post_tag","embeddable":true,"href":"https:\/\/semmelweis.hu\/alkalmazottitanacs\/wp-json\/wp\/v2\/tags?post=498"}],"curies":[{"name":"wp","href":"https:\/\/api.w.org\/{rel}","templated":true}]}}