{"id":472,"date":"2022-01-17T16:10:38","date_gmt":"2022-01-17T15:10:38","guid":{"rendered":"https:\/\/semmelweis.hu\/alkalmazottitanacs\/?page_id=472"},"modified":"2022-11-07T13:49:28","modified_gmt":"2022-11-07T12:49:28","slug":"alkalmazotti-tanacs-valasztas-kiiras","status":"publish","type":"page","link":"https:\/\/semmelweis.hu\/alkalmazottitanacs\/at-valasztas-2021\/alkalmazotti-tanacs-valasztas-kiiras\/","title":{"rendered":"Alkalmazotti Tan\u00e1cs v\u00e1laszt\u00e1s ki\u00edr\u00e1s"},"content":{"rendered":"<p style=\"text-align: center\"><strong>Tisztelt Semmelweis Polg\u00e1r!<\/strong><\/p>\n<p>&nbsp;<\/p>\n<p>A Semmelweis Egyetemen <strong>2021. november 29 \u00e9s december 03. k\u00f6z\u00f6tt<\/strong> <strong>Alkalmazotti Tan\u00e1cs \u00e9s munkav\u00e9delmi k\u00e9pvisel\u0151 v\u00e1laszt\u00e1st tartunk.<\/strong><\/p>\n<p>&nbsp;<\/p>\n<p><strong>Az Alkalmazotti Tan\u00e1cs feladata:<\/strong><\/p>\n<p>Az <strong>Alkalmazotti Tan\u00e1cs <\/strong>(AT) c\u00e9lja a munkav\u00e1llal\u00f3k szoci\u00e1lis \u00e9s gazdas\u00e1gi \u00e9rdekeinek v\u00e9delme. Tagjait az egyetem munkav\u00e1llal\u00f3i maguk k\u00f6z\u00fcl v\u00e1lasztj\u00e1k.<\/p>\n<p>&nbsp;<\/p>\n<p><strong>Ki v\u00e1laszthat\u00f3 az Alkalmazott Tan\u00e1cs tagj\u00e1v\u00e1?<\/strong><\/p>\n<p>AT tagg\u00e1 az az <strong>egyetemi munkav\u00e1llal\u00f3 <\/strong>v\u00e1laszthat\u00f3, aki cselekv\u0151k\u00e9pes \u00e9s <strong>legal\u00e1bb hat h\u00f3napja<\/strong> az egyetem munkav\u00e1llal\u00f3ja. Jel\u00f6ltet \u00e1ll\u00edthat legal\u00e1bb \u00f6tven munkav\u00e1llal\u00f3 vagy az egyetemen k\u00e9pviselettel rendelkez\u0151 szakszervezet.<\/p>\n<p><strong>A jel\u00f6lt\u00e1ll\u00edt\u00e1s hat\u00e1rideje: 2021. okt\u00f3ber 30.<\/strong><\/p>\n<p><strong>\u00a0<\/strong><\/p>\n<p><strong>A munkav\u00e9delmi k\u00e9pvisel\u0151 feladata:<\/strong><\/p>\n<p>A <strong>munkav\u00e9delmi k\u00e9pvisel\u0151k<\/strong> feladata a munkav\u00e1llal\u00f3k eg\u00e9szs\u00e9get nem vesz\u00e9lyeztet\u0151 \u00e9s biztons\u00e1gos munkav\u00e9gz\u00e9ssel \u00f6sszef\u00fcgg\u0151 jogai \u00e9s \u00e9rdekei k\u00e9pviselete.<\/p>\n<p>A Munkav\u00e9delmi k\u00e9pvisel\u0151t feladatai ell\u00e1t\u00e1s\u00e1hoz, megb\u00edzat\u00e1sa alatt <strong>munkaid\u0151 kedvezm\u00e9ny \u00e9s munkajogi v\u00e9delem <\/strong>illeti meg!<\/p>\n<p>&nbsp;<\/p>\n<p><strong>Ki v\u00e1laszthat\u00f3 munkav\u00e9delmi k\u00e9pvisel\u0151v\u00e9?<\/strong><\/p>\n<p>Munkav\u00e9delmi k\u00e9pvisel\u0151v\u00e9 v\u00e1laszthat\u00f3, aki cselekv\u0151k\u00e9pes, <strong>legal\u00e1bb hat h\u00f3napja az egyetem munkav\u00e1llal\u00f3ja<\/strong>. <span style=\"font-size: 1rem\">Jel\u00f6ltet \u00e1ll\u00edthat a szervezeti egys\u00e9gben dolgoz\u00f3 <\/span><strong style=\"font-size: 1rem\">munkav\u00e1llal\u00f3k t\u00edz sz\u00e1zal\u00e9ka<\/strong> vagy az <strong>egyetemen k\u00e9pviselettel rendelkez\u0151 szakszervezet.<\/strong><\/p>\n<p><strong>A jel\u00f6lt\u00e1ll\u00edt\u00e1s hat\u00e1rideje: 2021. okt\u00f3ber 30.<\/strong><\/p>\n<p>&nbsp;<\/p>\n<p><strong>A v\u00e1laszt\u00e1sokr\u00f3l b\u0151vebb inform\u00e1ci\u00f3t, \u00e9s a jel\u00f6lt\u00e1ll\u00edt\u00e1shoz sz\u00fcks\u00e9ges dokumentumokat a <a href=\"https:\/\/semmelweis.hu\/alkalmazottitanacs\/valasztasi-dokumentumok\/\">V\u00e1laszt\u00e1si dokumentumok<\/a> oldalon tal\u00e1l.<\/strong><\/p>\n<p>&nbsp;<\/p>\n<p>Budapest, 2021. okt\u00f3ber 07.<\/p>\n<p>&nbsp;<\/p>\n<p>V\u00e1laszt\u00e1si Bizotts\u00e1g<\/p>\n<p>&nbsp;<\/p>\n","protected":false},"excerpt":{"rendered":"<p>Tisztelt Semmelweis Polg\u00e1r! &nbsp; A Semmelweis Egyetemen 2021. november 29 \u00e9s december 03. k\u00f6z\u00f6tt Alkalmazotti Tan\u00e1cs \u00e9s munkav\u00e9delmi k\u00e9pvisel\u0151 v\u00e1laszt\u00e1st tartunk. &nbsp; Az Alkalmazotti Tan\u00e1cs feladata: Az Alkalmazotti Tan\u00e1cs (AT) c\u00e9lja a munkav\u00e1llal\u00f3k szoci\u00e1lis \u00e9s gazdas\u00e1gi \u00e9rdekeinek v\u00e9delme. Tagjait az egyetem munkav\u00e1llal\u00f3i maguk k\u00f6z\u00fcl v\u00e1lasztj\u00e1k. &nbsp; Ki v\u00e1laszthat\u00f3 az Alkalmazott Tan\u00e1cs tagj\u00e1v\u00e1? AT tagg\u00e1 az &hellip;<\/p>\n","protected":false},"author":8,"featured_media":0,"parent":437,"menu_order":1,"comment_status":"closed","ping_status":"closed","template":"","meta":{"_acf_changed":false,"footnotes":""},"categories":[],"tags":[],"class_list":["post-472","page","type-page","status-publish","hentry"],"acf":[],"_links":{"self":[{"href":"https:\/\/semmelweis.hu\/alkalmazottitanacs\/wp-json\/wp\/v2\/pages\/472","targetHints":{"allow":["GET"]}}],"collection":[{"href":"https:\/\/semmelweis.hu\/alkalmazottitanacs\/wp-json\/wp\/v2\/pages"}],"about":[{"href":"https:\/\/semmelweis.hu\/alkalmazottitanacs\/wp-json\/wp\/v2\/types\/page"}],"author":[{"embeddable":true,"href":"https:\/\/semmelweis.hu\/alkalmazottitanacs\/wp-json\/wp\/v2\/users\/8"}],"replies":[{"embeddable":true,"href":"https:\/\/semmelweis.hu\/alkalmazottitanacs\/wp-json\/wp\/v2\/comments?post=472"}],"version-history":[{"count":1,"href":"https:\/\/semmelweis.hu\/alkalmazottitanacs\/wp-json\/wp\/v2\/pages\/472\/revisions"}],"predecessor-version":[{"id":473,"href":"https:\/\/semmelweis.hu\/alkalmazottitanacs\/wp-json\/wp\/v2\/pages\/472\/revisions\/473"}],"up":[{"embeddable":true,"href":"https:\/\/semmelweis.hu\/alkalmazottitanacs\/wp-json\/wp\/v2\/pages\/437"}],"wp:attachment":[{"href":"https:\/\/semmelweis.hu\/alkalmazottitanacs\/wp-json\/wp\/v2\/media?parent=472"}],"wp:term":[{"taxonomy":"category","embeddable":true,"href":"https:\/\/semmelweis.hu\/alkalmazottitanacs\/wp-json\/wp\/v2\/categories?post=472"},{"taxonomy":"post_tag","embeddable":true,"href":"https:\/\/semmelweis.hu\/alkalmazottitanacs\/wp-json\/wp\/v2\/tags?post=472"}],"curies":[{"name":"wp","href":"https:\/\/api.w.org\/{rel}","templated":true}]}}