{"id":14937,"date":"2024-06-14T08:24:16","date_gmt":"2024-06-14T06:24:16","guid":{"rendered":"https:\/\/semmelweis.hu\/alapitvany\/?page_id=14937"},"modified":"2024-06-14T08:24:16","modified_gmt":"2024-06-14T06:24:16","slug":"etikai-kodex","status":"publish","type":"page","link":"https:\/\/semmelweis.hu\/alapitvany\/az-alapitvanyrol\/alapitvanyi-dokumentumok\/etikai-kodex\/","title":{"rendered":"Etikai k\u00f3dex"},"content":{"rendered":"<p><strong>A dokumentum az al\u00e1bbi linkr\u0151l is let\u00f6lthet\u0151:<\/strong> https:\/\/semmelweis.hu\/alapitvany\/files\/2024\/06\/Etikai-kodex-SEA.pdf<\/p>\n<p><embed src=\"https:\/\/semmelweis.hu\/alapitvany\/files\/2024\/06\/Etikai-kodex-SEA.pdf\" width=\"100%\" height=\"900\"><\/embed><\/p>\n","protected":false},"excerpt":{"rendered":"<p>A dokumentum az al\u00e1bbi linkr\u0151l is let\u00f6lthet\u0151: https:\/\/semmelweis.hu\/alapitvany\/files\/2024\/06\/Etikai-kodex-SEA.pdf<\/p>\n","protected":false},"author":101255,"featured_media":0,"parent":11709,"menu_order":6,"comment_status":"closed","ping_status":"closed","template":"","meta":{"_acf_changed":false,"give_campaign_id":0,"footnotes":""},"categories":[],"tags":[],"class_list":["post-14937","page","type-page","status-publish","hentry"],"acf":[],"campaignId":"","_links":{"self":[{"href":"https:\/\/semmelweis.hu\/alapitvany\/wp-json\/wp\/v2\/pages\/14937","targetHints":{"allow":["GET"]}}],"collection":[{"href":"https:\/\/semmelweis.hu\/alapitvany\/wp-json\/wp\/v2\/pages"}],"about":[{"href":"https:\/\/semmelweis.hu\/alapitvany\/wp-json\/wp\/v2\/types\/page"}],"author":[{"embeddable":true,"href":"https:\/\/semmelweis.hu\/alapitvany\/wp-json\/wp\/v2\/users\/101255"}],"replies":[{"embeddable":true,"href":"https:\/\/semmelweis.hu\/alapitvany\/wp-json\/wp\/v2\/comments?post=14937"}],"version-history":[{"count":1,"href":"https:\/\/semmelweis.hu\/alapitvany\/wp-json\/wp\/v2\/pages\/14937\/revisions"}],"predecessor-version":[{"id":14939,"href":"https:\/\/semmelweis.hu\/alapitvany\/wp-json\/wp\/v2\/pages\/14937\/revisions\/14939"}],"up":[{"embeddable":true,"href":"https:\/\/semmelweis.hu\/alapitvany\/wp-json\/wp\/v2\/pages\/11709"}],"wp:attachment":[{"href":"https:\/\/semmelweis.hu\/alapitvany\/wp-json\/wp\/v2\/media?parent=14937"}],"wp:term":[{"taxonomy":"category","embeddable":true,"href":"https:\/\/semmelweis.hu\/alapitvany\/wp-json\/wp\/v2\/categories?post=14937"},{"taxonomy":"post_tag","embeddable":true,"href":"https:\/\/semmelweis.hu\/alapitvany\/wp-json\/wp\/v2\/tags?post=14937"}],"curies":[{"name":"wp","href":"https:\/\/api.w.org\/{rel}","templated":true}]}}