{"id":10329,"date":"2021-12-15T12:34:43","date_gmt":"2021-12-15T11:34:43","guid":{"rendered":"https:\/\/semmelweis.hu\/alapitvany\/az-adomanyozas-sikertelen\/"},"modified":"2023-10-12T12:47:21","modified_gmt":"2023-10-12T10:47:21","slug":"az-adomanyozas-sikertelen","status":"publish","type":"page","link":"https:\/\/semmelweis.hu\/alapitvany\/az-adomanyozas-sikertelen\/","title":{"rendered":"Az adom\u00e1nyoz\u00e1s sikertelen"},"content":{"rendered":"<p>Sajn\u00e1ljuk, adom\u00e1nya, nem siker\u00fclt. K\u00e9rem pr\u00f3b\u00e1lja \u00fajra vagy lepjen kapcsoltba az \u00fcgyf\u00e9lszolg\u00e1latunkkal.<\/p>\n","protected":false},"excerpt":{"rendered":"<p>Sajn\u00e1ljuk, adom\u00e1nya, nem siker\u00fclt. K\u00e9rem pr\u00f3b\u00e1lja \u00fajra vagy lepjen kapcsoltba az \u00fcgyf\u00e9lszolg\u00e1latunkkal.<\/p>\n","protected":false},"author":1,"featured_media":0,"parent":0,"menu_order":11,"comment_status":"closed","ping_status":"closed","template":"","meta":{"_acf_changed":false,"give_campaign_id":0,"footnotes":""},"categories":[],"tags":[],"class_list":["post-10329","page","type-page","status-publish","hentry"],"acf":[],"campaignId":"","_links":{"self":[{"href":"https:\/\/semmelweis.hu\/alapitvany\/wp-json\/wp\/v2\/pages\/10329","targetHints":{"allow":["GET"]}}],"collection":[{"href":"https:\/\/semmelweis.hu\/alapitvany\/wp-json\/wp\/v2\/pages"}],"about":[{"href":"https:\/\/semmelweis.hu\/alapitvany\/wp-json\/wp\/v2\/types\/page"}],"author":[{"embeddable":true,"href":"https:\/\/semmelweis.hu\/alapitvany\/wp-json\/wp\/v2\/users\/1"}],"replies":[{"embeddable":true,"href":"https:\/\/semmelweis.hu\/alapitvany\/wp-json\/wp\/v2\/comments?post=10329"}],"version-history":[{"count":3,"href":"https:\/\/semmelweis.hu\/alapitvany\/wp-json\/wp\/v2\/pages\/10329\/revisions"}],"predecessor-version":[{"id":10361,"href":"https:\/\/semmelweis.hu\/alapitvany\/wp-json\/wp\/v2\/pages\/10329\/revisions\/10361"}],"wp:attachment":[{"href":"https:\/\/semmelweis.hu\/alapitvany\/wp-json\/wp\/v2\/media?parent=10329"}],"wp:term":[{"taxonomy":"category","embeddable":true,"href":"https:\/\/semmelweis.hu\/alapitvany\/wp-json\/wp\/v2\/categories?post=10329"},{"taxonomy":"post_tag","embeddable":true,"href":"https:\/\/semmelweis.hu\/alapitvany\/wp-json\/wp\/v2\/tags?post=10329"}],"curies":[{"name":"wp","href":"https:\/\/api.w.org\/{rel}","templated":true}]}}