{"id":60,"date":"2026-03-04T12:23:32","date_gmt":"2026-03-04T11:23:32","guid":{"rendered":"https:\/\/semmelweis.hu\/addiktologia\/?page_id=60"},"modified":"2026-03-10T15:20:00","modified_gmt":"2026-03-10T14:20:00","slug":"espad-adatbazis-es-kerdoiv","status":"publish","type":"page","link":"https:\/\/semmelweis.hu\/addiktologia\/espad\/espad-adatbazis-es-kerdoiv\/","title":{"rendered":"ESPAD Trend Adatb\u00e1zis"},"content":{"rendered":"<p>Az ESPAD (European School Survey Project on Alcohol and other Drugs) hazai adatfelv\u00e9teli hull\u00e1maib\u00f3l (1995-2019) l\u00e9trehoztunk egy \u00f6sszes\u00edtett Trend Adatb\u00e1zist. Az adatb\u00e1zis l\u00e9trehoz\u00e1sa sor\u00e1n azokat a v\u00e1ltoz\u00f3kat vett\u00fck figyelembe, amelyek t\u00f6bb adatfelv\u00e9teli hull\u00e1mban is el\u0151fordultak, illetve nagyr\u00e9szt v\u00e1ltozatlan m\u00f3don voltak lek\u00e9rdezve. A kisebb id\u0151beni v\u00e1ltoz\u00e1sokat harmoniz\u00e1ltuk, kik\u00fcsz\u00f6b\u00f6lt\u00fck az \u00f6sszekapcsol\u00e1s sor\u00e1n.<\/p>\n<p>A Trend Adatb\u00e1zis kutat\u00e1si c\u00e9lra szabadon hozz\u00e1f\u00e9rhet\u0151, ehhez az al\u00e1bbiakban let\u00f6lthet\u0151 Trend Adatb\u00e1zis Ig\u00e9nyl\u0151lapot k\u00fcldje el kit\u00f6ltve az ESPAD hazai kutat\u00e1svezet\u0151nek, Arnold Petr\u00e1nak: <a href=\"mailto:arnold.petra@semmelweis.hu\">arnold.petra@semmelweis.hu<\/a>\u00a0\u00a0<br \/>\nAmennyiben a Nemzetk\u00f6zi Trend Adatb\u00e1zist szeretn\u00e9 k\u00e9rv\u00e9nyezni, amely az \u00f6sszes orsz\u00e1g, \u00f6sszes adatfelv\u00e9teli hull\u00e1m adat\u00e1t tartalmazza, l\u00e1togasson el az\u00a0<a href=\"http:\/\/www.espad.org\/databases\" target=\"_blank\" rel=\"noopener\">ESPAD honlapj\u00e1ra<\/a>, ahol a k\u00e9rv\u00e9nyt be tudja ny\u00fajtani.<\/p>\n<p><a href=\"https:\/\/semmelweis.hu\/addiktologia\/files\/2026\/03\/ESPAD_kutatasok_modszertana.pdf\" target=\"_blank\" rel=\"noopener\">ESPAD Kutat\u00e1sok M\u00f3dszertana<\/a><br \/>\n<a href=\"https:\/\/semmelweis.hu\/addiktologia\/files\/2026\/03\/ESPAD-adatbazis-igenylolap_fin.docx\" target=\"_blank\" rel=\"noopener\">ESPAD Adatb\u00e1zis Ig\u00e9nyl\u0151lap<\/a><\/p>\n","protected":false},"excerpt":{"rendered":"<p>Az ESPAD (European School Survey Project on Alcohol and other Drugs) hazai adatfelv\u00e9teli hull\u00e1maib\u00f3l (1995-2019) l\u00e9trehoztunk egy \u00f6sszes\u00edtett Trend Adatb\u00e1zist. Az adatb\u00e1zis l\u00e9trehoz\u00e1sa sor\u00e1n azokat a v\u00e1ltoz\u00f3kat vett\u00fck figyelembe, amelyek t\u00f6bb adatfelv\u00e9teli hull\u00e1mban is el\u0151fordultak, illetve nagyr\u00e9szt v\u00e1ltozatlan m\u00f3don voltak lek\u00e9rdezve. A kisebb id\u0151beni v\u00e1ltoz\u00e1sokat harmoniz\u00e1ltuk, kik\u00fcsz\u00f6b\u00f6lt\u00fck az \u00f6sszekapcsol\u00e1s sor\u00e1n. A Trend Adatb\u00e1zis kutat\u00e1si c\u00e9lra &hellip;<\/p>\n","protected":false},"author":102597,"featured_media":0,"parent":49,"menu_order":3,"comment_status":"closed","ping_status":"closed","template":"","meta":{"_acf_changed":false,"footnotes":""},"categories":[],"tags":[],"class_list":["post-60","page","type-page","status-publish","hentry"],"acf":[],"_links":{"self":[{"href":"https:\/\/semmelweis.hu\/addiktologia\/wp-json\/wp\/v2\/pages\/60","targetHints":{"allow":["GET"]}}],"collection":[{"href":"https:\/\/semmelweis.hu\/addiktologia\/wp-json\/wp\/v2\/pages"}],"about":[{"href":"https:\/\/semmelweis.hu\/addiktologia\/wp-json\/wp\/v2\/types\/page"}],"author":[{"embeddable":true,"href":"https:\/\/semmelweis.hu\/addiktologia\/wp-json\/wp\/v2\/users\/102597"}],"replies":[{"embeddable":true,"href":"https:\/\/semmelweis.hu\/addiktologia\/wp-json\/wp\/v2\/comments?post=60"}],"version-history":[{"count":5,"href":"https:\/\/semmelweis.hu\/addiktologia\/wp-json\/wp\/v2\/pages\/60\/revisions"}],"predecessor-version":[{"id":117,"href":"https:\/\/semmelweis.hu\/addiktologia\/wp-json\/wp\/v2\/pages\/60\/revisions\/117"}],"up":[{"embeddable":true,"href":"https:\/\/semmelweis.hu\/addiktologia\/wp-json\/wp\/v2\/pages\/49"}],"wp:attachment":[{"href":"https:\/\/semmelweis.hu\/addiktologia\/wp-json\/wp\/v2\/media?parent=60"}],"wp:term":[{"taxonomy":"category","embeddable":true,"href":"https:\/\/semmelweis.hu\/addiktologia\/wp-json\/wp\/v2\/categories?post=60"},{"taxonomy":"post_tag","embeddable":true,"href":"https:\/\/semmelweis.hu\/addiktologia\/wp-json\/wp\/v2\/tags?post=60"}],"curies":[{"name":"wp","href":"https:\/\/api.w.org\/{rel}","templated":true}]}}