{"id":49,"date":"2026-03-04T12:19:56","date_gmt":"2026-03-04T11:19:56","guid":{"rendered":"https:\/\/semmelweis.hu\/addiktologia\/?page_id=49"},"modified":"2026-03-11T09:53:34","modified_gmt":"2026-03-11T08:53:34","slug":"espad","status":"publish","type":"page","link":"https:\/\/semmelweis.hu\/addiktologia\/espad\/","title":{"rendered":"ESPAD"},"content":{"rendered":"<p>Az Eur\u00f3pai iskolavizsg\u00e1lat az alkohol- \u00e9s egy\u00e9b drogfogyaszt\u00e1sr\u00f3l (ESPAD \u2013 European School Survey Project on Alcohol and other Drugs) nemzetk\u00f6zi kutat\u00e1ssorozat 1995 \u00f3ta n\u00e9gy\u00e9vente monitorozza a k\u00f6z\u00e9piskol\u00e1sok rizik\u00f3magatart\u00e1s\u00e1t itthon \u00e9s Eur\u00f3pa orsz\u00e1gaiban. 2024-ben ker\u00fclt sor a nyolcadik adatfelv\u00e9teli hull\u00e1mra 37 eur\u00f3pai orsz\u00e1gban, t\u00f6bb mint 100 ezer iskol\u00e1ban tanul\u00f3 16 \u00e9ves fiatal r\u00e9szv\u00e9tel\u00e9vel. A kor\u00e1bbi adatfelv\u00e9telekhez hasonl\u00f3an a kutat\u00e1s c\u00e9lja egyr\u00e9szt, hogy id\u0151ben \u00e9s nemzetk\u00f6zileg \u00f6sszehasonl\u00edthat\u00f3 adatokat gy\u0171jts\u00f6n Eur\u00f3pa fiataljainak doh\u00e1nyz\u00e1s\u00e1r\u00f3l, alkohol- \u00e9s egy\u00e9b drogfogyaszt\u00e1si szok\u00e1sair\u00f3l, viselked\u00e9si f\u00fcgg\u0151s\u00e9gekr\u0151l, ment\u00e1lis \u00e1llapotr\u00f3l, m\u00e1sr\u00e9szt c\u00e9lja a k\u00fcl\u00f6nb\u00f6z\u0151, rizik\u00f3magatart\u00e1sok, addikt\u00edv viselked\u00e9sek h\u00e1tter\u00e9ben megh\u00faz\u00f3d\u00f3 szociodemogr\u00e1fiai, pszichoszoci\u00e1lis kock\u00e1zati t\u00e9nyez\u0151k felt\u00e1r\u00e1sa.<\/p>\n<p>Az ESPAD kutat\u00e1s kezdetben a doh\u00e1nyz\u00e1st, az alkohol- \u00e9s drogfogyaszt\u00e1st vizsg\u00e1lta, azonban alkalmazkodva a t\u00e1rsadalmi v\u00e1ltoz\u00e1sokhoz, a kutat\u00e1s f\u00f3kusza id\u0151k\u00f6zben kib\u0151v\u00fclt, \u00e9s \u00faj ter\u00fcletek ker\u00fcltek az elemz\u00e9s k\u00f6z\u00e9ppontj\u00e1ba, a klasszikus szerek mellett az alternat\u00edv doh\u00e1nyterm\u00e9kek, az \u00fajfajta pszichoakt\u00edv szerek (\u00daPSZ) \u00e9s a k\u00fcl\u00f6nb\u00f6z\u0151 viselked\u00e9si f\u00fcgg\u0151s\u00e9gek (vide\u00f3j\u00e1t\u00e9k, szerencsej\u00e1t\u00e9k, k\u00f6z\u00f6ss\u00e9gi m\u00e9dia, okostelefon).<\/p>\n<p>Az ESPAD magyarorsz\u00e1gi adatfelv\u00e9tel\u00e9be Elekes Zsuzsanna 1995-ben kapcsol\u00f3dott be, \u00e9s 2025\u2011ig a kutat\u00e1s vezet\u0151je (Principal Investigator) volt a Budapesti Corvinus Egyetem Szociol\u00f3gia Tansz\u00e9kkel, mint befogad\u00f3 int\u00e9zm\u00e9nnyel a h\u00e1tt\u00e9rben. 2025-t\u0151l a kutat\u00e1svezet\u0151i szerepet Arnold Petra vette \u00e1t, a befogad\u00f3 int\u00e9zm\u00e9ny pedig a Semmelweis Egyetem Eg\u00e9szs\u00e9gtudom\u00e1nyi Kar Addiktol\u00f3giai Tansz\u00e9k lett.<\/p>\n<p>A kor\u00e1bbi ESPAD-kutat\u00e1sok a The Swedish Council for Information on Alcohol and Other Drugs (CAN) szervez\u00e9s\u00e9ben, az Eur\u00f3pa Tan\u00e1cs Pompidou Csoportja, valamint a European Union Drug Agency (EUDA, kor\u00e1bbi elnevez\u00e9ssel European Monitoring Centre for Drugs and Drug Addiction EMCDDA) eszmei t\u00e1mogat\u00e1s\u00e1val k\u00e9sz\u00fcltek. A 2017-t\u0151l az ESPAD-program koordin\u00e1tora Sabrina Molinaro CNR-Pisa (Consiglio Nazionale delle Ricerche) az EUDA-t pedig 2020-t\u00f3l Jo\u00e3o Matias k\u00e9pviseli. A szakmai koordin\u00e1l\u00e1sban r\u00e9szt vesz egy operat\u00edv bizotts\u00e1g is, amely tagjait a r\u00e9sztvev\u0151 orsz\u00e1gok vezet\u0151 kutat\u00f3i maguk k\u00f6z\u00fcl v\u00e1lasztj\u00e1k. Az ESPAD-program a r\u00e9sztvev\u0151 kutat\u00f3k k\u00f6z\u00f6s szellemi term\u00e9ke. Az adatfelv\u00e9telekkel kapcsolatos minden l\u00e9nyegi d\u00f6nt\u00e9s a r\u00e9sztvev\u0151 kutat\u00f3k programmegbesz\u00e9l\u00e9sein, t\u00f6bbs\u00e9gi szavaz\u00e1ssal t\u00f6rt\u00e9nik.<\/p>\n<p>&nbsp;<\/p>\n","protected":false},"excerpt":{"rendered":"<p>Az Eur\u00f3pai iskolavizsg\u00e1lat az alkohol- \u00e9s egy\u00e9b drogfogyaszt\u00e1sr\u00f3l (ESPAD \u2013 European School Survey Project on Alcohol and other Drugs) nemzetk\u00f6zi kutat\u00e1ssorozat 1995 \u00f3ta n\u00e9gy\u00e9vente monitorozza a k\u00f6z\u00e9piskol\u00e1sok rizik\u00f3magatart\u00e1s\u00e1t itthon \u00e9s Eur\u00f3pa orsz\u00e1gaiban. 2024-ben ker\u00fclt sor a nyolcadik adatfelv\u00e9teli hull\u00e1mra 37 eur\u00f3pai orsz\u00e1gban, t\u00f6bb mint 100 ezer iskol\u00e1ban tanul\u00f3 16 \u00e9ves fiatal r\u00e9szv\u00e9tel\u00e9vel. A kor\u00e1bbi adatfelv\u00e9telekhez &hellip;<\/p>\n","protected":false},"author":102597,"featured_media":0,"parent":0,"menu_order":5,"comment_status":"closed","ping_status":"closed","template":"","meta":{"_acf_changed":false,"footnotes":""},"categories":[],"tags":[],"class_list":["post-49","page","type-page","status-publish","hentry"],"acf":[],"_links":{"self":[{"href":"https:\/\/semmelweis.hu\/addiktologia\/wp-json\/wp\/v2\/pages\/49","targetHints":{"allow":["GET"]}}],"collection":[{"href":"https:\/\/semmelweis.hu\/addiktologia\/wp-json\/wp\/v2\/pages"}],"about":[{"href":"https:\/\/semmelweis.hu\/addiktologia\/wp-json\/wp\/v2\/types\/page"}],"author":[{"embeddable":true,"href":"https:\/\/semmelweis.hu\/addiktologia\/wp-json\/wp\/v2\/users\/102597"}],"replies":[{"embeddable":true,"href":"https:\/\/semmelweis.hu\/addiktologia\/wp-json\/wp\/v2\/comments?post=49"}],"version-history":[{"count":2,"href":"https:\/\/semmelweis.hu\/addiktologia\/wp-json\/wp\/v2\/pages\/49\/revisions"}],"predecessor-version":[{"id":135,"href":"https:\/\/semmelweis.hu\/addiktologia\/wp-json\/wp\/v2\/pages\/49\/revisions\/135"}],"wp:attachment":[{"href":"https:\/\/semmelweis.hu\/addiktologia\/wp-json\/wp\/v2\/media?parent=49"}],"wp:term":[{"taxonomy":"category","embeddable":true,"href":"https:\/\/semmelweis.hu\/addiktologia\/wp-json\/wp\/v2\/categories?post=49"},{"taxonomy":"post_tag","embeddable":true,"href":"https:\/\/semmelweis.hu\/addiktologia\/wp-json\/wp\/v2\/tags?post=49"}],"curies":[{"name":"wp","href":"https:\/\/api.w.org\/{rel}","templated":true}]}}