{"id":2955,"date":"2020-03-05T08:42:32","date_gmt":"2020-03-05T07:42:32","guid":{"rendered":"http:\/\/semmelweis.hu\/250\/?page_id=2955"},"modified":"2021-12-14T14:07:08","modified_gmt":"2021-12-14T13:07:08","slug":"semmelweis-250-international-medic-orchestra-tour","status":"publish","type":"page","link":"https:\/\/semmelweis.hu\/250\/en\/semmelweis-250-international-medic-orchestra-tour\/","title":{"rendered":"Semmelweis 250 International Medic Orchestra Tour"},"content":{"rendered":"<p><a href=\"https:\/\/semmelweis.hu\/250\/files\/2020\/02\/MEDIC-orchestra-753x220-1.jpg\"><img loading=\"lazy\" decoding=\"async\" class=\"alignnone size-full wp-image-3111\" src=\"https:\/\/semmelweis.hu\/250\/files\/2020\/02\/MEDIC-orchestra-753x220-1.jpg\" alt=\"\" width=\"753\" height=\"220\" srcset=\"https:\/\/semmelweis.hu\/250\/files\/2020\/02\/MEDIC-orchestra-753x220-1.jpg 753w, https:\/\/semmelweis.hu\/250\/files\/2020\/02\/MEDIC-orchestra-753x220-1-400x117.jpg 400w\" sizes=\"auto, (max-width: 753px) 100vw, 753px\" \/><\/a><\/p>\n<div id=\"GroupWiseSection_1631786127000_dekan.zita@semmelweis-univ.hu_A0608181192A000098AC000000000000_\" class=\"GroupWiseMessageBody active\">\n<div>\n<div id=\"GroupWiseSection_1631786127000_dekan.zita@semmelweis-univ.hu_A0608181192A000098AC000000000000_\" class=\"GroupWiseMessageBody active\">\n<div id=\"GroupWiseSection_1631786127000_dekan.zita@semmelweis-univ.hu_A0608181192A000098AC000000000000_\" class=\"GroupWiseMessageBody active\">\n<h5 style=\"text-align: justify\"><span style=\"color: #000000\">The grand finale of Semmelweis University&#8217;s 250th anniversary year celebrations is a unique series of concerts spanning the Visegrad Countries (Hungary, Czech Republic, Poland, and Slovakia). Four concerts are organized by Semmelweis University&#8217;s International <a href=\"https:\/\/medikuszenekar.hu\/en\/\">Medic Orchestra<\/a>, dedicating the events to all health care workers for their unrestricted commitment to fighting the coronavirus. The concert series is supported by the Visegrad Fund.<\/span><\/h5>\n<div style=\"text-align: justify\"><span style=\"color: #000000\">The ensemble, led by Gergely Dub\u00f3czky, conductor and artistic director, is made up of students of Semmelweis University and other Hungarian universities, who are joined by the students of Semmelweis University&#8217;s international partner institutions. <\/span><span style=\"font-size: 1rem\">There is longstanding cooperation between the participating universities including student and staff mobility and several research projects. The concert series symbolizes the strong cohesion and the harmonious relationship between the four universities. The one-of-a-kind cooperation arches over professions, cultures, and borders, bringing together medicine, art, music, and people from all over the V4 countries.<\/span><\/div>\n<\/div>\n<\/div>\n<div>\u00a0<\/div>\n<div id=\"GroupWiseSection_1631786127000_dekan.zita@semmelweis-univ.hu_A0608181192A000098AC000000000000_\" class=\"GroupWiseMessageBody active\">\n<div id=\"GroupWiseSection_1631786127000_dekan.zita@semmelweis-univ.hu_A0608181192A000098AC000000000000_\" class=\"GroupWiseMessageBody active\">\n<div dir=\"auto\">\n<div class=\"gmail_quote\">\n<div dir=\"ltr\">\n<div><em style=\"text-align: justify;font-size: 1rem\">The first event of the jubilee concert series took place in Budapest in March 2020 with great success. Due to the coronavirus pandemic, further concerts were postponed to autumn 2021.<\/em><\/div>\n<div>\u00a0<\/div>\n<\/div>\n<\/div>\n<\/div>\n<\/div>\n<\/div>\n<\/div>\n<div>\n<p style=\"text-align: justify\"><strong><span style=\"color: #000000;font-size: 14pt\">Registration is required! (please see registration link below, at the given event)<\/span><\/strong><\/p>\n<p>Listen to this short video to get a feel of the wonderful and captivating experience Semmelweis University&#8217;s Medic Orchestra has to offer! The film has been recorded recently, at the ensemble&#8217;s concert in honor of healthcare workers in September 2021 at the Palace of Arts, Budapest<span lang=\"en-US\">.<\/span><\/p>\n<p><iframe loading=\"lazy\" title=\"Medikus Zenekar promo\" width=\"753\" height=\"424\" src=\"https:\/\/www.youtube.com\/embed\/D12JmIlZ3wk?feature=oembed\" frameborder=\"0\" allow=\"accelerometer; autoplay; clipboard-write; encrypted-media; gyroscope; picture-in-picture\" allowfullscreen><\/iframe><\/p>\n<hr \/>\n<h5 style=\"text-align: left\"><strong style=\"font-size: 18pt;color: #1e2326;font-family: 'PT serif', serif;text-align: left\">PROGRAM OF THE SEMMELWEIS 250 INTERNATIONAL MEDIC ORCHESTRA TOUR<\/strong><\/h5>\n<\/div>\n<\/div>\n<div id=\"GroupWiseSection_1631786127000_dekan.zita@semmelweis-univ.hu_A0608181192A000098AC000000000000_\" class=\"GroupWiseMessageBody active keretes w-100\">Ludwig van Beethoven \u2013 King Stephen Overture<br \/>\nGustav Mahler \u2013 Symphony No. 1. in D major &#8222;Titan&#8221;<\/div>\n<p>&nbsp;<\/p>\n<hr \/>\n<p><span style=\"font-size: 18pt\"><strong>CONCERTS:<\/strong><\/span><\/p>\n<p>&nbsp;<\/p>\n<h5><strong>TRNAVA &#8211; <\/strong>2<sup>th<\/sup> October 2021, 7 pm<\/h5>\n<p>Dom kult\u00fary Trnava, <span class=\"LrzXr\">Troji\u010dn\u00e9 n\u00e1mestie 140, 917 01 Trnava, Slovakia<\/span><\/p>\n<hr \/>\n<h5><strong>PRAGUE &#8211;<\/strong>\u00a024<sup>th\u00a0<\/sup>September 2021, 7 pm<\/h5>\n<p>Smetana Hall of the Municipal House \/ <span class=\"JsGRdQ\">Obecn\u00ed d\u016fm &#8211; Smetanova s\u00ed\u0148:\u00a0<\/span>n\u00e1m. Republiky 5, 111 21 Star\u00e9 M\u011bsto, Prague, Czech Republic<\/p>\n<hr \/>\n<h5><strong>KRAKOW<\/strong> &#8211; 26<sup>th <\/sup>September 2021, 7 pm<\/h5>\n<p><span style=\"font-size: 1rem\">Teatr w Krakowie, plac \u015awi\u0119tego Ducha 1, Krakow, Poland<\/span><\/p>\n<hr \/>\n<h5><strong>BUDAPEST<\/strong> &#8211; 10<sup>th <\/sup>\u00a0March 2021, 7 pm<\/h5>\n<p><span style=\"font-size: 1rem\">Palace of Arts, Komor Marcel u. 1, 1095 Budapest, Hungary<\/span><\/p>\n<hr \/>\n<p>&nbsp;<\/p>\n<p><span style=\"font-size: 18pt\"><strong>PARTNER UNIVERSITIES<\/strong><\/span><\/p>\n<table class=\"no-border\" style=\"width: 100%\">\n<tbody>\n<tr>\n<td style=\"width: 25%;text-align: center\"><a href=\"https:\/\/semmelweis.hu\/english\/\" target=\"_blank\" rel=\"noopener noreferrer\"><img loading=\"lazy\" decoding=\"async\" class=\"size-thumbnail wp-image-3119 alignnone\" src=\"https:\/\/semmelweis.hu\/250\/files\/2020\/02\/250-es-logo-150x150.jpg\" alt=\"\" width=\"150\" height=\"150\" \/><\/a><br \/>\n<span style=\"font-size: 14pt\"><a href=\"https:\/\/semmelweis.hu\/english\/\" target=\"_blank\" rel=\"noopener noreferrer\"><strong>Semmelweis University<\/strong><\/a><\/span><\/td>\n<td style=\"width: 25%;text-align: center\"><a href=\"https:\/\/cuni.cz\/uken-1.html\" target=\"_blank\" rel=\"noopener noreferrer\"><img loading=\"lazy\" decoding=\"async\" class=\"size-thumbnail wp-image-3113 alignnone\" src=\"https:\/\/semmelweis.hu\/250\/files\/2020\/02\/Charles-uni1-150x150.png\" alt=\"\" width=\"150\" height=\"150\" srcset=\"https:\/\/semmelweis.hu\/250\/files\/2020\/02\/Charles-uni1-150x150.png 150w, https:\/\/semmelweis.hu\/250\/files\/2020\/02\/Charles-uni1.png 200w\" sizes=\"auto, (max-width: 150px) 100vw, 150px\" \/><\/a><br \/>\n<span style=\"font-size: 14pt\"><a href=\"https:\/\/cuni.cz\/uken-1.html\" target=\"_blank\" rel=\"noopener noreferrer\"><strong>Charles University<\/strong><\/a><\/span><\/td>\n<td style=\"width: 25%;text-align: center\"><a href=\"https:\/\/en.uj.edu.pl\/en_GB\/start\" target=\"_blank\" rel=\"noopener noreferrer\"><img loading=\"lazy\" decoding=\"async\" class=\"size-thumbnail wp-image-3124 alignnone\" src=\"https:\/\/semmelweis.hu\/250\/files\/2020\/02\/POL_Jagiellonian_University_logo--150x150.png\" alt=\"\" width=\"150\" height=\"150\" srcset=\"https:\/\/semmelweis.hu\/250\/files\/2020\/02\/POL_Jagiellonian_University_logo--150x150.png 150w, https:\/\/semmelweis.hu\/250\/files\/2020\/02\/POL_Jagiellonian_University_logo-.png 179w\" sizes=\"auto, (max-width: 150px) 100vw, 150px\" \/><\/a><br \/>\n<span style=\"font-size: 14pt\"><a href=\"https:\/\/en.uj.edu.pl\/en_GB\/start\" target=\"_blank\" rel=\"noopener noreferrer\"><strong>Jagiellonian University<\/strong><\/a><\/span><\/td>\n<td style=\"width: 25%;text-align: center\"><a href=\"https:\/\/www.truni.sk\/en\" target=\"_blank\" rel=\"noopener noreferrer\"><img loading=\"lazy\" decoding=\"async\" class=\"size-thumbnail wp-image-3125 alignnone\" src=\"https:\/\/semmelweis.hu\/250\/files\/2020\/02\/tranva-uni-150x150.jpg\" alt=\"\" width=\"150\" height=\"150\" srcset=\"https:\/\/semmelweis.hu\/250\/files\/2020\/02\/tranva-uni-150x150.jpg 150w, https:\/\/semmelweis.hu\/250\/files\/2020\/02\/tranva-uni.jpg 200w\" sizes=\"auto, (max-width: 150px) 100vw, 150px\" \/><\/a><br \/>\n<span style=\"font-size: 14pt\"><a href=\"https:\/\/www.truni.sk\/en\" target=\"_blank\" rel=\"noopener noreferrer\"><strong>Trnava University<\/strong><\/a><\/span><\/td>\n<\/tr>\n<\/tbody>\n<\/table>\n<p>&nbsp;<\/p>\n<p><a href=\"https:\/\/www.visegradfund.org\/\" target=\"_blank\" rel=\"noopener noreferrer\"><img loading=\"lazy\" decoding=\"async\" class=\"wp-image-3131 alignleft\" src=\"https:\/\/semmelweis.hu\/250\/files\/2020\/02\/visegrad-logo-400x203.png\" alt=\"\" width=\"172\" height=\"87\" srcset=\"https:\/\/semmelweis.hu\/250\/files\/2020\/02\/visegrad-logo-400x203.png 400w, https:\/\/semmelweis.hu\/250\/files\/2020\/02\/visegrad-logo-1024x520.png 1024w, https:\/\/semmelweis.hu\/250\/files\/2020\/02\/visegrad-logo-768x390.png 768w, https:\/\/semmelweis.hu\/250\/files\/2020\/02\/visegrad-logo-753x383.png 753w, https:\/\/semmelweis.hu\/250\/files\/2020\/02\/visegrad-logo.png 1240w\" sizes=\"auto, (max-width: 172px) 100vw, 172px\" \/><\/a><\/p>\n<p>&nbsp;<\/p>\n<p><strong>The concert series is supported by the Visegrad Fund.\u00a0<a href=\"https:\/\/www.visegradfund.org\/\" target=\"_blank\" rel=\"noopener noreferrer\">https:\/\/www.visegradfund.org\/<\/a><\/strong><\/p>\n","protected":false},"excerpt":{"rendered":"<p><a href=\"https:\/\/semmelweis.hu\/250\/files\/2020\/02\/MEDIC-orchestra-753x220-1.jpg\"><\/a> The grand finale of Semmelweis University&#8217;s 250th anniversary year celebrations is a unique series of concerts spanning the Visegrad Countries (Hungary, Czech Republic, Poland, and Slovakia). Four concerts are organized by Semmelweis University&#8217;s International <a href=\"https:\/\/medikuszenekar.hu\/en\/\">Medic Orchestra<\/a> , dedicating the events to all health care workers for their unrestricted commitment to fighting the coronavirus. The concert series is &hellip;<\/p>\n","protected":false},"author":362,"featured_media":0,"parent":0,"menu_order":4,"comment_status":"closed","ping_status":"closed","template":"","meta":{"_acf_changed":false,"footnotes":""},"categories":[],"tags":[],"class_list":["post-2955","page","type-page","status-publish","hentry"],"acf":[],"_links":{"self":[{"href":"https:\/\/semmelweis.hu\/250\/wp-json\/wp\/v2\/pages\/2955","targetHints":{"allow":["GET"]}}],"collection":[{"href":"https:\/\/semmelweis.hu\/250\/wp-json\/wp\/v2\/pages"}],"about":[{"href":"https:\/\/semmelweis.hu\/250\/wp-json\/wp\/v2\/types\/page"}],"author":[{"embeddable":true,"href":"https:\/\/semmelweis.hu\/250\/wp-json\/wp\/v2\/users\/362"}],"replies":[{"embeddable":true,"href":"https:\/\/semmelweis.hu\/250\/wp-json\/wp\/v2\/comments?post=2955"}],"version-history":[{"count":11,"href":"https:\/\/semmelweis.hu\/250\/wp-json\/wp\/v2\/pages\/2955\/revisions"}],"predecessor-version":[{"id":3876,"href":"https:\/\/semmelweis.hu\/250\/wp-json\/wp\/v2\/pages\/2955\/revisions\/3876"}],"wp:attachment":[{"href":"https:\/\/semmelweis.hu\/250\/wp-json\/wp\/v2\/media?parent=2955"}],"wp:term":[{"taxonomy":"category","embeddable":true,"href":"https:\/\/semmelweis.hu\/250\/wp-json\/wp\/v2\/categories?post=2955"},{"taxonomy":"post_tag","embeddable":true,"href":"https:\/\/semmelweis.hu\/250\/wp-json\/wp\/v2\/tags?post=2955"}],"curies":[{"name":"wp","href":"https:\/\/api.w.org\/{rel}","templated":true}]}}