{"id":2460,"date":"2019-09-02T13:04:54","date_gmt":"2019-09-02T11:04:54","guid":{"rendered":"http:\/\/semmelweis.hu\/250\/?page_id=2460"},"modified":"2019-09-02T13:27:57","modified_gmt":"2019-09-02T11:27:57","slug":"ignac-semmelweis-memorial-hikes","status":"publish","type":"page","link":"https:\/\/semmelweis.hu\/250\/en\/ignac-semmelweis-memorial-hikes\/","title":{"rendered":"Ign\u00e1c Semmelweis Memorial Hikes"},"content":{"rendered":"<p>In honour of the 250<sup>th<\/sup> anniversary of the foundation of Semmelweis University, the Centre for Physical Education and Sports organises a series of hikes, commemorating the work and life of Ign\u00e1c Semmelweis. Current and former students and staff of the University can join in for a total distance of 250 km broken down into five 2-day excursions and a leg of 100 km to be covered in four day trips. However, individual hikes can also be completed without having to join in for the total distance.<\/p>\n<p>The individual hikes take us through different parts of the country, including various mountain ranges and regions of Hungary. The <strong>250 km-long hike and the 100 km-long hike are completed in five and four legs respectively <\/strong>over the course of the academic year. The treks partially overlap the National Blue Trail.<\/p>\n<p>Participants completing the memorial hikes are awarded the following certificates:<\/p>\n<p><strong>Gold level <\/strong>for completing 250 km or more<br \/>\n<strong>Silver level <\/strong>for completing 125 km <br \/>\n<strong>Bronze level <\/strong>for participating in at least one hike<\/p>\n<p>The starting and end points of the hikes are train stations or bus stops. Participants use public transport, tickets are purchased individually.<\/p>\n<p><strong>Dates and locations of the 2-day-long hikes (2\u00d725 km\/weekend):<\/strong><\/p>\n<ol>\n<li><strong>14-15 September Bakony <\/strong>(V\u00e1rosl\u0151d \u2013 Bakonyb\u00e9l \u2013 Zirc) <br \/>\n<em>application by 31 May<\/em><\/li>\n<li><strong>19-20 October<\/strong> <strong>M\u00e1tra <\/strong>(Sirok \u2013 M\u00e1trah\u00e1za \u2013 M\u00e1travereb\u00e9ly) <br \/>\n<em>application by 10 September<\/em><\/li>\n<li><strong>1-2 February<\/strong> <strong>V\u00e9rtes <\/strong>(Oroszl\u00e1ny \u2013 G\u00e1nt \u2013 Sz\u00e1rliget) <br \/>\n<em>application by 30 November<\/em><\/li>\n<li><strong>4-5 April B\u00f6rzs\u00f6ny <\/strong>(N\u00f3gr\u00e1d \u2013 Nagyhideghegy \u2013 Nagymaros) <br \/>\n<em>application by 29 February<\/em><\/li>\n<li><strong>1-2 May Pilis <\/strong>Piliscsaba \u2013 H\u00e1rmashat\u00e1rhegy \u2013 Tab\u00e1n) <br \/>\n<em>application by 31March<\/em><\/li>\n<\/ol>\n<p><strong>Accommodation:<\/strong> the first night of the 2-day-long hikes (on Saturdays) in mid-range guesthouses<br \/>\n<strong>Meals:<\/strong> self-catering <em>(it is possible to pre-order meals in restaurants along the routes of the hikes)<\/em><\/p>\n<p><strong>Registration is necessary for every leg of the hike and deadlines should be respected. Participants registering after the deadline need to book accommodation individually.<\/strong><\/p>\n<p><strong>The expected costs of the 2-day-long hikes:\u00a0 <\/strong><\/p>\n<ul>\n<li>Transport on hikes 1 and 2: approx. 4\u20135000 Ft, on hikes 3 and 4: approx. 3000 Ft, on hike 5: approx. 1000 Ft.<\/li>\n<li>The cost of accommodation is approx. 2500 \u2013 3000 Ft, which is to be paid upon registration or by the deadline the latest.<\/li>\n<\/ul>\n<p><strong>Dates and locations of the day trips<\/strong><\/p>\n<ol>\n<li><strong>12 October<\/strong> Nyerges\u00fajfalu \u2013 Dorog\u00a0\u00a0\u00a0\u00a0\u00a0\u00a0\u00a0\u00a0\u00a0\u00a0<\/li>\n<li><strong>16 November<\/strong> H\u00e9reg \u2013 Nyerges\u00fajfalu\u00a0\u00a0\u00a0\u00a0\u00a0\u00a0\u00a0\u00a0\u00a0\u00a0<\/li>\n<li><strong>15 February<\/strong> Di\u00f3sjen\u0151 \u2013 Kemence \u2013 Cs\u00f3v\u00e1nyos \u2013 Di\u00f3sjen\u0151<\/li>\n<li><strong>21 March <\/strong>Esztergom \u2013 Pilisszentl\u00e1szl\u00f3 \u2013 Dobog\u00f3k\u0151 \u2013 Pilisv\u00f6r\u00f6sv\u00e1r<\/li>\n<\/ol>\n<p><strong>There is only a transportation fee in case of day trips.<\/strong><\/p>\n<p>Registration and further information: L\u00e1szl\u00f3 Katona (06-70\/612-7700; katona.lszl@gmail.com)<\/p>\n<p>The memorial hikes end in Tab\u00e1n, at the house where Ign\u00e1c Semmelweis was born, and where the participants will lay a wreath.\u00a0<\/p>\n<table width=\"100%\">\n<tbody>\n<tr>\n<td style=\"text-align: center;\" width=\"50%\">\n<p>L\u00e1szl\u00f3 Katona<br \/>\ntour guide<\/p>\n<\/td>\n<td style=\"text-align: center;\" width=\"50%\">\n<p>Korn\u00e9lia V\u00e1rszegi<br \/>\nDirector of the Centre for Physical <br \/>\nEducation and Sports<\/p>\n<\/td>\n<\/tr>\n<\/tbody>\n<\/table>\n","protected":false},"excerpt":{"rendered":"<p>In honour of the 250th anniversary of the foundation of Semmelweis University, the Centre for Physical Education and Sports organises a series of hikes, commemorating the work and life of Ign\u00e1c Semmelweis. Current and former students and staff of the University can join in for a total distance of 250 km broken down into five &hellip;<\/p>\n","protected":false},"author":12,"featured_media":0,"parent":0,"menu_order":2,"comment_status":"closed","ping_status":"closed","template":"","meta":{"_acf_changed":false,"footnotes":""},"categories":[],"tags":[],"class_list":["post-2460","page","type-page","status-publish","hentry"],"acf":[],"_links":{"self":[{"href":"https:\/\/semmelweis.hu\/250\/wp-json\/wp\/v2\/pages\/2460","targetHints":{"allow":["GET"]}}],"collection":[{"href":"https:\/\/semmelweis.hu\/250\/wp-json\/wp\/v2\/pages"}],"about":[{"href":"https:\/\/semmelweis.hu\/250\/wp-json\/wp\/v2\/types\/page"}],"author":[{"embeddable":true,"href":"https:\/\/semmelweis.hu\/250\/wp-json\/wp\/v2\/users\/12"}],"replies":[{"embeddable":true,"href":"https:\/\/semmelweis.hu\/250\/wp-json\/wp\/v2\/comments?post=2460"}],"version-history":[{"count":3,"href":"https:\/\/semmelweis.hu\/250\/wp-json\/wp\/v2\/pages\/2460\/revisions"}],"predecessor-version":[{"id":2467,"href":"https:\/\/semmelweis.hu\/250\/wp-json\/wp\/v2\/pages\/2460\/revisions\/2467"}],"wp:attachment":[{"href":"https:\/\/semmelweis.hu\/250\/wp-json\/wp\/v2\/media?parent=2460"}],"wp:term":[{"taxonomy":"category","embeddable":true,"href":"https:\/\/semmelweis.hu\/250\/wp-json\/wp\/v2\/categories?post=2460"},{"taxonomy":"post_tag","embeddable":true,"href":"https:\/\/semmelweis.hu\/250\/wp-json\/wp\/v2\/tags?post=2460"}],"curies":[{"name":"wp","href":"https:\/\/api.w.org\/{rel}","templated":true}]}}